{"id":47612,"date":"2019-11-08T16:40:13","date_gmt":"2019-11-08T15:40:13","guid":{"rendered":"https:\/\/rijeka2020.eu\/o-epk-projektu\/obnova-zgrada\/"},"modified":"2020-01-22T23:07:16","modified_gmt":"2020-01-22T22:07:16","slug":"riqualificazione-dei-palazzi","status":"publish","type":"page","link":"https:\/\/ri2020.eu\/it\/il-progetto\/riqualificazione-dei-palazzi\/","title":{"rendered":"Riqualificazione dei palazzi"},"content":{"rendered":"<p>Nel complesso dell\u2019ex fabbrica Rikard Ben\u010di\u0107, in via Kre\u0161imir, vengono sottoposti a interventi di riqualificazione tre edifici del patrimonio industriale fiumano che verranno adibiti ad uso culturale, ossia ospiteranno il Museo della Citt\u00e0 di Fiume, la Biblioteca cittadina e la Casa dell\u2019infanzia, prima di questo tipo in Croazia, che sar\u00e0 rivolta completamente allo sviluppo della creativit\u00e0 infantile.<\/p>\n<p>Il Museo d\u2019Arte moderna e contemporanea \u00e8 stata la prima istituzione a trasferirsi nei vani del Ben\u010di\u0107, che entrer\u00e0 nella sua piena funzionalit\u00e0, con tutti i suoi contenuti, quando sar\u00e0 ultimata la seconda fase d&#8217;allargamento dell&#8217;istituzione. Verr\u00e0 ristrutturata pure la nave Galeb che diventer\u00e0 un museo galleggiante e un&#8217;attrazione turistico-culturale della citt\u00e0. Per questi interventi la Citt\u00e0 di Fiume ha ottenuto un finanziamento a fondo perduto dai Fondi europei per un importo di quasi 140 milioni di kune. La conclusione dei lavori e l&#8217;inaugurazione degli edifici e della nave dovrebbero avvenire nel corso del 2020 e in parte nel 2021.<\/p>\n<p>A Fiume sono stati ristrutturati anche gli spazi del RiHub, in via Grohovac, che sono diventati il centro informativo della Capitale europea della cultura, luogo d&#8217;incontro dei cittadini, di lavoro e di svolgimento di vari workshop. Nel 2020 il RiHub sar\u00e0 adibito a centro stampa del progetto\u00a0 CEC e accoglier\u00e0 giornalisti da tutto il mondo.<\/p>\n<p>Tutti questi interventi di rigenerazione e rivitalizzazione del retaggio culturale vengono portati avanti dal Dipartimento per la cultura della Citt\u00e0 di Fiume.<\/p>\n<p>In collaborazione con l&#8217;Autorit\u00e0 portuale si sta provvedendo alla riqualificazione pure degli ex magazzini dell&#8217;Exportdrvo in Delta, ossia del grande capannone industriale che nel 2020 ospiter\u00e0 una parte importante del programma CEC.<\/p>\n<p>Pure il programma culturale della Capitale europea della cultura, nell&#8217;ambito dell&#8217;indirizzo programmatico <em>Dolce&amp;Salato, <\/em>prevede il rinnovo e la rivitalizzazione di alcuni edifici e strutture lungo la costa (salato) e sulle sponde della Rje\u010dina (dolce). Una nuova attrattiva rotta turistico-culturale quarnerina nascer\u00e0, inoltre, grazie all\u2019indirizzo programmatico <em>Lungomare art<\/em>, nell\u2019ambito del quale artisti di fama mondiale e nazionale realizzeranno e installeranno in varie location della costa e sulle isole delle opere d\u2019arte permanenti.<\/p>\n<p>\u00c8 in fase di realizzazione anche il percorso turistico-culturale <em>Sui sentieri dei Francopani<\/em> che prevede il restauro di 17 castelli dei Francopani e tre siti sacri ubicati sul territorio della Regione litoraneo-montana. L\u2019opera di restauro viene portata avanti dalla Regione litoraneo-montana nell\u2019ambito del progetto europeo Sui sentieri dei francopani.<\/p>\n","protected":false},"excerpt":{"rendered":"<p>Che cosa viene rinnovato, costruito e rimesso a posto nell\u2019ambito del progetto Fiume 2020 \u2013 CEC?<\/p>\n","protected":false},"author":72,"featured_media":34853,"parent":35927,"menu_order":2,"comment_status":"closed","ping_status":"closed","template":"template-page-next.php","meta":{"_acf_changed":false,"footnotes":""},"class_list":["post-47612","page","type-page","status-publish","has-post-thumbnail","hentry"],"acf":[],"yoast_head":"<!-- This site is optimized with the Yoast SEO plugin v26.8 - https:\/\/yoast.com\/product\/yoast-seo-wordpress\/ -->\n<title>Riqualificazione dei palazzi &#8226; Rijeka 2020<\/title>\n<meta name=\"robots\" content=\"index, follow, max-snippet:-1, max-image-preview:large, max-video-preview:-1\" \/>\n<link rel=\"canonical\" href=\"https:\/\/ri2020.eu\/it\/il-progetto\/riqualificazione-dei-palazzi\/\" \/>\n<meta property=\"og:locale\" content=\"it_IT\" \/>\n<meta property=\"og:type\" content=\"article\" \/>\n<meta property=\"og:title\" content=\"Riqualificazione dei palazzi &#8226; Rijeka 2020\" \/>\n<meta property=\"og:description\" content=\"Che cosa viene rinnovato, costruito e rimesso a posto nell\u2019ambito del progetto Fiume 2020 \u2013 CEC?\" \/>\n<meta property=\"og:url\" content=\"https:\/\/ri2020.eu\/it\/il-progetto\/riqualificazione-dei-palazzi\/\" \/>\n<meta property=\"og:site_name\" content=\"Rijeka 2020\" \/>\n<meta property=\"article:publisher\" content=\"https:\/\/www.facebook.com\/rijeka2020\" \/>\n<meta property=\"article:modified_time\" content=\"2020-01-22T22:07:16+00:00\" \/>\n<meta property=\"og:image\" content=\"https:\/\/ri2020.eu\/wp-content\/uploads\/2019\/11\/Dje\u010dja-ku\u0107a-rijeka.hr_-1.jpg\" \/>\n\t<meta property=\"og:image:width\" content=\"1200\" \/>\n\t<meta property=\"og:image:height\" content=\"800\" \/>\n\t<meta property=\"og:image:type\" content=\"image\/jpeg\" \/>\n<meta name=\"twitter:card\" content=\"summary_large_image\" \/>\n<meta name=\"twitter:site\" content=\"@Rijeka2020\" \/>\n<meta name=\"twitter:label1\" content=\"Est. reading time\" \/>\n\t<meta name=\"twitter:data1\" content=\"2 minutes\" \/>\n<script type=\"application\/ld+json\" class=\"yoast-schema-graph\">{\"@context\":\"https:\/\/schema.org\",\"@graph\":[{\"@type\":\"WebPage\",\"@id\":\"https:\/\/ri2020.eu\/it\/il-progetto\/riqualificazione-dei-palazzi\/\",\"url\":\"https:\/\/ri2020.eu\/it\/il-progetto\/riqualificazione-dei-palazzi\/\",\"name\":\"Riqualificazione dei palazzi &#8226; Rijeka 2020\",\"isPartOf\":{\"@id\":\"https:\/\/ri2020.eu\/it\/#website\"},\"primaryImageOfPage\":{\"@id\":\"https:\/\/ri2020.eu\/it\/il-progetto\/riqualificazione-dei-palazzi\/#primaryimage\"},\"image\":{\"@id\":\"https:\/\/ri2020.eu\/it\/il-progetto\/riqualificazione-dei-palazzi\/#primaryimage\"},\"thumbnailUrl\":\"https:\/\/ri2020.eu\/wp-content\/uploads\/2019\/11\/Dje\u010dja-ku\u0107a-rijeka.hr_-1.jpg\",\"datePublished\":\"2019-11-08T15:40:13+00:00\",\"dateModified\":\"2020-01-22T22:07:16+00:00\",\"breadcrumb\":{\"@id\":\"https:\/\/ri2020.eu\/it\/il-progetto\/riqualificazione-dei-palazzi\/#breadcrumb\"},\"inLanguage\":\"it-IT\",\"potentialAction\":[{\"@type\":\"ReadAction\",\"target\":[\"https:\/\/ri2020.eu\/it\/il-progetto\/riqualificazione-dei-palazzi\/\"]}]},{\"@type\":\"ImageObject\",\"inLanguage\":\"it-IT\",\"@id\":\"https:\/\/ri2020.eu\/it\/il-progetto\/riqualificazione-dei-palazzi\/#primaryimage\",\"url\":\"https:\/\/ri2020.eu\/wp-content\/uploads\/2019\/11\/Dje\u010dja-ku\u0107a-rijeka.hr_-1.jpg\",\"contentUrl\":\"https:\/\/ri2020.eu\/wp-content\/uploads\/2019\/11\/Dje\u010dja-ku\u0107a-rijeka.hr_-1.jpg\",\"width\":1200,\"height\":800},{\"@type\":\"BreadcrumbList\",\"@id\":\"https:\/\/ri2020.eu\/it\/il-progetto\/riqualificazione-dei-palazzi\/#breadcrumb\",\"itemListElement\":[{\"@type\":\"ListItem\",\"position\":1,\"name\":\"Home\",\"item\":\"https:\/\/ri2020.eu\/it\/\"},{\"@type\":\"ListItem\",\"position\":2,\"name\":\"Il progetto\",\"item\":\"https:\/\/ri2020.eu\/it\/il-progetto\/\"},{\"@type\":\"ListItem\",\"position\":3,\"name\":\"Riqualificazione dei palazzi\"}]},{\"@type\":\"WebSite\",\"@id\":\"https:\/\/ri2020.eu\/it\/#website\",\"url\":\"https:\/\/ri2020.eu\/it\/\",\"name\":\"Rijeka 2020\",\"description\":\"Europska prijestolnica kulture\",\"publisher\":{\"@id\":\"https:\/\/ri2020.eu\/it\/#organization\"},\"potentialAction\":[{\"@type\":\"SearchAction\",\"target\":{\"@type\":\"EntryPoint\",\"urlTemplate\":\"https:\/\/ri2020.eu\/it\/?s={search_term_string}\"},\"query-input\":{\"@type\":\"PropertyValueSpecification\",\"valueRequired\":true,\"valueName\":\"search_term_string\"}}],\"inLanguage\":\"it-IT\"},{\"@type\":\"Organization\",\"@id\":\"https:\/\/ri2020.eu\/it\/#organization\",\"name\":\"Rijeka 2020 d.o.o.\",\"url\":\"https:\/\/ri2020.eu\/it\/\",\"logo\":{\"@type\":\"ImageObject\",\"inLanguage\":\"it-IT\",\"@id\":\"https:\/\/ri2020.eu\/it\/#\/schema\/logo\/image\/\",\"url\":\"https:\/\/rijeka2020.eu\/wp-content\/uploads\/2018\/07\/Ri2020-logo.png\",\"contentUrl\":\"https:\/\/rijeka2020.eu\/wp-content\/uploads\/2018\/07\/Ri2020-logo.png\",\"width\":407,\"height\":175,\"caption\":\"Rijeka 2020 d.o.o.\"},\"image\":{\"@id\":\"https:\/\/ri2020.eu\/it\/#\/schema\/logo\/image\/\"},\"sameAs\":[\"https:\/\/www.facebook.com\/rijeka2020\",\"https:\/\/x.com\/Rijeka2020\",\"https:\/\/www.instagram.com\/rijeka2020\/\",\"https:\/\/www.youtube.com\/user\/riepk2020\"]}]}<\/script>\n<!-- \/ Yoast SEO plugin. -->","yoast_head_json":{"title":"Riqualificazione dei palazzi &#8226; Rijeka 2020","robots":{"index":"index","follow":"follow","max-snippet":"max-snippet:-1","max-image-preview":"max-image-preview:large","max-video-preview":"max-video-preview:-1"},"canonical":"https:\/\/ri2020.eu\/it\/il-progetto\/riqualificazione-dei-palazzi\/","og_locale":"it_IT","og_type":"article","og_title":"Riqualificazione dei palazzi &#8226; Rijeka 2020","og_description":"Che cosa viene rinnovato, costruito e rimesso a posto nell\u2019ambito del progetto Fiume 2020 \u2013 CEC?","og_url":"https:\/\/ri2020.eu\/it\/il-progetto\/riqualificazione-dei-palazzi\/","og_site_name":"Rijeka 2020","article_publisher":"https:\/\/www.facebook.com\/rijeka2020","article_modified_time":"2020-01-22T22:07:16+00:00","og_image":[{"width":1200,"height":800,"url":"https:\/\/ri2020.eu\/wp-content\/uploads\/2019\/11\/Dje\u010dja-ku\u0107a-rijeka.hr_-1.jpg","type":"image\/jpeg"}],"twitter_card":"summary_large_image","twitter_site":"@Rijeka2020","twitter_misc":{"Est. reading time":"2 minutes"},"schema":{"@context":"https:\/\/schema.org","@graph":[{"@type":"WebPage","@id":"https:\/\/ri2020.eu\/it\/il-progetto\/riqualificazione-dei-palazzi\/","url":"https:\/\/ri2020.eu\/it\/il-progetto\/riqualificazione-dei-palazzi\/","name":"Riqualificazione dei palazzi &#8226; Rijeka 2020","isPartOf":{"@id":"https:\/\/ri2020.eu\/it\/#website"},"primaryImageOfPage":{"@id":"https:\/\/ri2020.eu\/it\/il-progetto\/riqualificazione-dei-palazzi\/#primaryimage"},"image":{"@id":"https:\/\/ri2020.eu\/it\/il-progetto\/riqualificazione-dei-palazzi\/#primaryimage"},"thumbnailUrl":"https:\/\/ri2020.eu\/wp-content\/uploads\/2019\/11\/Dje\u010dja-ku\u0107a-rijeka.hr_-1.jpg","datePublished":"2019-11-08T15:40:13+00:00","dateModified":"2020-01-22T22:07:16+00:00","breadcrumb":{"@id":"https:\/\/ri2020.eu\/it\/il-progetto\/riqualificazione-dei-palazzi\/#breadcrumb"},"inLanguage":"it-IT","potentialAction":[{"@type":"ReadAction","target":["https:\/\/ri2020.eu\/it\/il-progetto\/riqualificazione-dei-palazzi\/"]}]},{"@type":"ImageObject","inLanguage":"it-IT","@id":"https:\/\/ri2020.eu\/it\/il-progetto\/riqualificazione-dei-palazzi\/#primaryimage","url":"https:\/\/ri2020.eu\/wp-content\/uploads\/2019\/11\/Dje\u010dja-ku\u0107a-rijeka.hr_-1.jpg","contentUrl":"https:\/\/ri2020.eu\/wp-content\/uploads\/2019\/11\/Dje\u010dja-ku\u0107a-rijeka.hr_-1.jpg","width":1200,"height":800},{"@type":"BreadcrumbList","@id":"https:\/\/ri2020.eu\/it\/il-progetto\/riqualificazione-dei-palazzi\/#breadcrumb","itemListElement":[{"@type":"ListItem","position":1,"name":"Home","item":"https:\/\/ri2020.eu\/it\/"},{"@type":"ListItem","position":2,"name":"Il progetto","item":"https:\/\/ri2020.eu\/it\/il-progetto\/"},{"@type":"ListItem","position":3,"name":"Riqualificazione dei palazzi"}]},{"@type":"WebSite","@id":"https:\/\/ri2020.eu\/it\/#website","url":"https:\/\/ri2020.eu\/it\/","name":"Rijeka 2020","description":"Europska prijestolnica kulture","publisher":{"@id":"https:\/\/ri2020.eu\/it\/#organization"},"potentialAction":[{"@type":"SearchAction","target":{"@type":"EntryPoint","urlTemplate":"https:\/\/ri2020.eu\/it\/?s={search_term_string}"},"query-input":{"@type":"PropertyValueSpecification","valueRequired":true,"valueName":"search_term_string"}}],"inLanguage":"it-IT"},{"@type":"Organization","@id":"https:\/\/ri2020.eu\/it\/#organization","name":"Rijeka 2020 d.o.o.","url":"https:\/\/ri2020.eu\/it\/","logo":{"@type":"ImageObject","inLanguage":"it-IT","@id":"https:\/\/ri2020.eu\/it\/#\/schema\/logo\/image\/","url":"https:\/\/rijeka2020.eu\/wp-content\/uploads\/2018\/07\/Ri2020-logo.png","contentUrl":"https:\/\/rijeka2020.eu\/wp-content\/uploads\/2018\/07\/Ri2020-logo.png","width":407,"height":175,"caption":"Rijeka 2020 d.o.o."},"image":{"@id":"https:\/\/ri2020.eu\/it\/#\/schema\/logo\/image\/"},"sameAs":["https:\/\/www.facebook.com\/rijeka2020","https:\/\/x.com\/Rijeka2020","https:\/\/www.instagram.com\/rijeka2020\/","https:\/\/www.youtube.com\/user\/riepk2020"]}]}},"_links":{"self":[{"href":"https:\/\/ri2020.eu\/it\/wp-json\/wp\/v2\/pages\/47612","targetHints":{"allow":["GET"]}}],"collection":[{"href":"https:\/\/ri2020.eu\/it\/wp-json\/wp\/v2\/pages"}],"about":[{"href":"https:\/\/ri2020.eu\/it\/wp-json\/wp\/v2\/types\/page"}],"author":[{"embeddable":true,"href":"https:\/\/ri2020.eu\/it\/wp-json\/wp\/v2\/users\/72"}],"replies":[{"embeddable":true,"href":"https:\/\/ri2020.eu\/it\/wp-json\/wp\/v2\/comments?post=47612"}],"version-history":[{"count":3,"href":"https:\/\/ri2020.eu\/it\/wp-json\/wp\/v2\/pages\/47612\/revisions"}],"predecessor-version":[{"id":47615,"href":"https:\/\/ri2020.eu\/it\/wp-json\/wp\/v2\/pages\/47612\/revisions\/47615"}],"up":[{"embeddable":true,"href":"https:\/\/ri2020.eu\/it\/wp-json\/wp\/v2\/pages\/35927"}],"wp:featuredmedia":[{"embeddable":true,"href":"https:\/\/ri2020.eu\/it\/wp-json\/wp\/v2\/media\/34853"}],"wp:attachment":[{"href":"https:\/\/ri2020.eu\/it\/wp-json\/wp\/v2\/media?parent=47612"}],"curies":[{"name":"wp","href":"https:\/\/api.w.org\/{rel}","templated":true}]}}

<p>Nel complesso dell’ex fabbrica Rikard Benčić, in via Krešimir, vengono sottoposti a interventi di riqualificazione tre edifici del patrimonio industriale fiumano che verranno adibiti ad uso culturale, ossia ospiteranno il Museo della Città di Fiume, la Biblioteca cittadina e la Casa dell’infanzia, prima di questo tipo in Croazia, che sarà rivolta completamente allo sviluppo della creatività infantile.</p>
<p>Il Museo d’Arte moderna e contemporanea è stata la prima istituzione a trasferirsi nei vani del Benčić, che entrerà nella sua piena funzionalità, con tutti i suoi contenuti, quando sarà ultimata la seconda fase d&#8217;allargamento dell&#8217;istituzione. Verrà ristrutturata pure la nave Galeb che diventerà un museo galleggiante e un&#8217;attrazione turistico-culturale della città. Per questi interventi la Città di Fiume ha ottenuto un finanziamento a fondo perduto dai Fondi europei per un importo di quasi 140 milioni di kune. La conclusione dei lavori e l&#8217;inaugurazione degli edifici e della nave dovrebbero avvenire nel corso del 2020 e in parte nel 2021.</p>
<p>A Fiume sono stati ristrutturati anche gli spazi del RiHub, in via Grohovac, che sono diventati il centro informativo della Capitale europea della cultura, luogo d&#8217;incontro dei cittadini, di lavoro e di svolgimento di vari workshop. Nel 2020 il RiHub sarà adibito a centro stampa del progetto  CEC e accoglierà giornalisti da tutto il mondo.</p>
<p>Tutti questi interventi di rigenerazione e rivitalizzazione del retaggio culturale vengono portati avanti dal Dipartimento per la cultura della Città di Fiume.</p>
<p>In collaborazione con l&#8217;Autorità portuale si sta provvedendo alla riqualificazione pure degli ex magazzini dell&#8217;Exportdrvo in Delta, ossia del grande capannone industriale che nel 2020 ospiterà una parte importante del programma CEC.</p>
<p>Pure il programma culturale della Capitale europea della cultura, nell&#8217;ambito dell&#8217;indirizzo programmatico <em>Dolce&amp;Salato, </em>prevede il rinnovo e la rivitalizzazione di alcuni edifici e strutture lungo la costa (salato) e sulle sponde della Rječina (dolce). Una nuova attrattiva rotta turistico-culturale quarnerina nascerà, inoltre, grazie all’indirizzo programmatico <em>Lungomare art</em>, nell’ambito del quale artisti di fama mondiale e nazionale realizzeranno e installeranno in varie location della costa e sulle isole delle opere d’arte permanenti.</p>
<p>È in fase di realizzazione anche il percorso turistico-culturale <em>Sui sentieri dei Francopani</em> che prevede il restauro di 17 castelli dei Francopani e tre siti sacri ubicati sul territorio della Regione litoraneo-montana. L’opera di restauro viene portata avanti dalla Regione litoraneo-montana nell’ambito del progetto europeo Sui sentieri dei francopani.</p>

<!-- This site is optimized with the Yoast SEO plugin v26.8 - https://yoast.com/product/yoast-seo-wordpress/ -->
<title>Riqualificazione dei palazzi &#8226; Rijeka 2020</title>
<meta name="robots" content="index, follow, max-snippet:-1, max-image-preview:large, max-video-preview:-1" />
<link rel="canonical" href="https://ri2020.eu/it/il-progetto/riqualificazione-dei-palazzi/" />
<meta property="og:locale" content="it_IT" />
<meta property="og:type" content="article" />
<meta property="og:title" content="Riqualificazione dei palazzi &#8226; Rijeka 2020" />
<meta property="og:description" content="Che cosa viene rinnovato, costruito e rimesso a posto nell’ambito del progetto Fiume 2020 – CEC?" />
<meta property="og:url" content="https://ri2020.eu/it/il-progetto/riqualificazione-dei-palazzi/" />
<meta property="og:site_name" content="Rijeka 2020" />
<meta property="article:publisher" content="https://www.facebook.com/rijeka2020" />
<meta property="article:modified_time" content="2020-01-22T22:07:16+00:00" />
<meta property="og:image" content="https://ri2020.eu/wp-content/uploads/2019/11/Dječja-kuća-rijeka.hr_-1.jpg" />
	<meta property="og:image:width" content="1200" />
	<meta property="og:image:height" content="800" />
	<meta property="og:image:type" content="image/jpeg" />
<meta name="twitter:card" content="summary_large_image" />
<meta name="twitter:site" content="@Rijeka2020" />
<meta name="twitter:label1" content="Est. reading time" />
	<meta name="twitter:data1" content="2 minutes" />
<script type="application/ld+json" class="yoast-schema-graph">{"@context":"https://schema.org","@graph":[{"@type":"WebPage","@id":"https://ri2020.eu/it/il-progetto/riqualificazione-dei-palazzi/","url":"https://ri2020.eu/it/il-progetto/riqualificazione-dei-palazzi/","name":"Riqualificazione dei palazzi &#8226; Rijeka 2020","isPartOf":{"@id":"https://ri2020.eu/it/#website"},"primaryImageOfPage":{"@id":"https://ri2020.eu/it/il-progetto/riqualificazione-dei-palazzi/#primaryimage"},"image":{"@id":"https://ri2020.eu/it/il-progetto/riqualificazione-dei-palazzi/#primaryimage"},"thumbnailUrl":"https://ri2020.eu/wp-content/uploads/2019/11/Dječja-kuća-rijeka.hr_-1.jpg","datePublished":"2019-11-08T15:40:13+00:00","dateModified":"2020-01-22T22:07:16+00:00","breadcrumb":{"@id":"https://ri2020.eu/it/il-progetto/riqualificazione-dei-palazzi/#breadcrumb"},"inLanguage":"it-IT","potentialAction":[{"@type":"ReadAction","target":["https://ri2020.eu/it/il-progetto/riqualificazione-dei-palazzi/"]}]},{"@type":"ImageObject","inLanguage":"it-IT","@id":"https://ri2020.eu/it/il-progetto/riqualificazione-dei-palazzi/#primaryimage","url":"https://ri2020.eu/wp-content/uploads/2019/11/Dječja-kuća-rijeka.hr_-1.jpg","contentUrl":"https://ri2020.eu/wp-content/uploads/2019/11/Dječja-kuća-rijeka.hr_-1.jpg","width":1200,"height":800},{"@type":"BreadcrumbList","@id":"https://ri2020.eu/it/il-progetto/riqualificazione-dei-palazzi/#breadcrumb","itemListElement":[{"@type":"ListItem","position":1,"name":"Home","item":"https://ri2020.eu/it/"},{"@type":"ListItem","position":2,"name":"Il progetto","item":"https://ri2020.eu/it/il-progetto/"},{"@type":"ListItem","position":3,"name":"Riqualificazione dei palazzi"}]},{"@type":"WebSite","@id":"https://ri2020.eu/it/#website","url":"https://ri2020.eu/it/","name":"Rijeka 2020","description":"Europska prijestolnica kulture","publisher":{"@id":"https://ri2020.eu/it/#organization"},"potentialAction":[{"@type":"SearchAction","target":{"@type":"EntryPoint","urlTemplate":"https://ri2020.eu/it/?s={search_term_string}"},"query-input":{"@type":"PropertyValueSpecification","valueRequired":true,"valueName":"search_term_string"}}],"inLanguage":"it-IT"},{"@type":"Organization","@id":"https://ri2020.eu/it/#organization","name":"Rijeka 2020 d.o.o.","url":"https://ri2020.eu/it/","logo":{"@type":"ImageObject","inLanguage":"it-IT","@id":"https://ri2020.eu/it/#/schema/logo/image/","url":"https://rijeka2020.eu/wp-content/uploads/2018/07/Ri2020-logo.png","contentUrl":"https://rijeka2020.eu/wp-content/uploads/2018/07/Ri2020-logo.png","width":407,"height":175,"caption":"Rijeka 2020 d.o.o."},"image":{"@id":"https://ri2020.eu/it/#/schema/logo/image/"},"sameAs":["https://www.facebook.com/rijeka2020","https://x.com/Rijeka2020","https://www.instagram.com/rijeka2020/","https://www.youtube.com/user/riepk2020"]}]}</script>
<!-- / Yoast SEO plugin. -->

https://ri2020.eu/wp-content/uploads/2019/11/Dječja-kuća-rijeka.hr_-1.jpg
