{"id":35932,"date":"2019-11-10T23:20:27","date_gmt":"2019-11-10T22:20:27","guid":{"rendered":"https:\/\/staging.rijeka2020.eu\/o-epk-projektu\/program\/glavne-teme\/"},"modified":"2020-02-05T12:21:02","modified_gmt":"2020-02-05T11:21:02","slug":"principali-temi","status":"publish","type":"page","link":"https:\/\/ri2020.eu\/it\/il-progetto\/programma-culturale\/principali-temi\/","title":{"rendered":"Principali temi"},"content":{"rendered":"<p>Questi temi emergono nel programma nei modi pi\u00f9 svariati \u2013 nelle mostre, spettacoli, opere, conferenze, concerti e festival; nella presenza di artisti internazionali e croati, nei progetti delle associazioni locali, nella riqualificazione degli edifici, nella presentazione di libri e negli incontri dei cittadini di Fiume, della regione, della Croazia e d\u2019Europa.<\/p>\n<h3>L&#8217;acqua<\/h3>\n<p>L&#8217;acqua \u00e8 la caratteristica principale di Fiume, chiamata anche la \u201ccitt\u00e0 che scorre\u201c. Chi una volta assaggia l&#8217;acqua fiumana direttamente dal rubinetto si accorger\u00e0 che ha un ottimo sapore e di certo ritorner\u00e0 a visitare la citt\u00e0. A Fiume, inoltre, l&#8217;acqua viene gi\u00f9 abbondante dal cielo. Non di rado siamo tra le localit\u00e0 pi\u00f9 piovose al mondo. Nel programma Fiume 2020 \u2013 Capitale europea della cultura, l&#8217;acqua fa riferimento anche alla biodiversit\u00e0 e alle questioni ambientali. Come viviamo sull&#8217;acqua e vicino al mare? Cosa dobbiamo cambiare per preservare il nostro ambiente naturale per il futuro? Quali nuove tecnologie si stanno sviluppando nel mare e attorno ad esso? Qual \u00e8 oggi il significato di turismo sostenibile?<\/p>\n<h3>Il lavoro<\/h3>\n<p>Il lavoro \u00e8 un diritto umano fondamentale. Nuove forme di lavoro in un era di nuove tecnologie e industrie sono questioni molto importanti per il futuro dell&#8217;Europa. Che cos&#8217;\u00e8 il lavoro postindustriale e quali sono le prospettive di lavoro in futuro? Lavoreremo avanti otto ore al giorno per cinque ore alla settimana o \u00e8 arrivata l&#8217;ora di cambiare visto le tecnologie di cui disponiamo? Quali nuove forme di lavoro producono le nuove economie globali? Che cos&#8217;\u00e8 il lavoro immateriale e come \u00e8 presente nelle industrie culturali e creative? Dove sono i confini tra il lavoro umano e il sempre pi\u00f9 presente lavoro dei robot e dell&#8217;intelligenza artificiale? A beneficio di chi?<\/p>\n<h3>Le migrazioni<\/h3>\n<p>In un contesto storico e attuale, con il termine migrazioni ci riferiamo s\u00ec alle grandi migrazioni della popolazione, ma anche alla mobilit\u00e0 in generale, al nomadismo e allo scambio e alle collaborazioni globali. Fiume \u00e8 una citt\u00e0 di migrazione. Una citt\u00e0 di arrivi e partenze. Una citt\u00e0 di culture intrecciate e una citt\u00e0 di tolleranza. Sia l&#8217;Europa che Fiume stanno vivendo un enorme cambiamento nella popolazione dovuto a una maggiore mobilit\u00e0 e alla necessit\u00e0 di cambiare l&#8217;ambiente in cui viviamo per vari motivi. Ma quanto siamo veramente disposti ad accettare gli altri, i diversi? Come ci comportiamo e come viviamo identit\u00e0 diverse? Siamo davvero in grado di apprezzare la ricchezza della diversit\u00e0?<\/p>\n","protected":false},"excerpt":{"rendered":"<p>Sono tre i temi programmatici scelti quali simbolo dell\u2019intreccio dell\u2019identit\u00e0 fiumana e dell\u2019Europa contemporanea: l\u2019acqua, il lavoro e le migrazioni. <\/p>\n","protected":false},"author":72,"featured_media":44050,"parent":35930,"menu_order":0,"comment_status":"closed","ping_status":"closed","template":"template-page-next.php","meta":{"_acf_changed":false,"footnotes":""},"class_list":["post-35932","page","type-page","status-publish","has-post-thumbnail","hentry"],"acf":[],"yoast_head":"<!-- This site is optimized with the Yoast SEO plugin v26.8 - https:\/\/yoast.com\/product\/yoast-seo-wordpress\/ -->\n<title>Principali temi &#8226; Rijeka 2020<\/title>\n<meta name=\"robots\" content=\"index, follow, max-snippet:-1, max-image-preview:large, max-video-preview:-1\" \/>\n<link rel=\"canonical\" href=\"https:\/\/ri2020.eu\/it\/il-progetto\/programma-culturale\/principali-temi\/\" \/>\n<meta property=\"og:locale\" content=\"it_IT\" \/>\n<meta property=\"og:type\" content=\"article\" \/>\n<meta property=\"og:title\" content=\"Principali temi &#8226; Rijeka 2020\" \/>\n<meta property=\"og:description\" content=\"Sono tre i temi programmatici scelti quali simbolo dell\u2019intreccio dell\u2019identit\u00e0 fiumana e dell\u2019Europa contemporanea: l\u2019acqua, il lavoro e le migrazioni.\" \/>\n<meta property=\"og:url\" content=\"https:\/\/ri2020.eu\/it\/il-progetto\/programma-culturale\/principali-temi\/\" \/>\n<meta property=\"og:site_name\" content=\"Rijeka 2020\" \/>\n<meta property=\"article:publisher\" content=\"https:\/\/www.facebook.com\/rijeka2020\" \/>\n<meta property=\"article:modified_time\" content=\"2020-02-05T11:21:02+00:00\" \/>\n<meta property=\"og:image\" content=\"https:\/\/ri2020.eu\/wp-content\/uploads\/2019\/12\/40A7393.jpg\" \/>\n\t<meta property=\"og:image:width\" content=\"2048\" \/>\n\t<meta property=\"og:image:height\" content=\"1365\" \/>\n\t<meta property=\"og:image:type\" content=\"image\/jpeg\" \/>\n<meta name=\"twitter:card\" content=\"summary_large_image\" \/>\n<meta name=\"twitter:site\" content=\"@Rijeka2020\" \/>\n<meta name=\"twitter:label1\" content=\"Est. reading time\" \/>\n\t<meta name=\"twitter:data1\" content=\"2 minutes\" \/>\n<script type=\"application\/ld+json\" class=\"yoast-schema-graph\">{\"@context\":\"https:\/\/schema.org\",\"@graph\":[{\"@type\":\"WebPage\",\"@id\":\"https:\/\/ri2020.eu\/it\/il-progetto\/programma-culturale\/principali-temi\/\",\"url\":\"https:\/\/ri2020.eu\/it\/il-progetto\/programma-culturale\/principali-temi\/\",\"name\":\"Principali temi &#8226; Rijeka 2020\",\"isPartOf\":{\"@id\":\"https:\/\/ri2020.eu\/it\/#website\"},\"primaryImageOfPage\":{\"@id\":\"https:\/\/ri2020.eu\/it\/il-progetto\/programma-culturale\/principali-temi\/#primaryimage\"},\"image\":{\"@id\":\"https:\/\/ri2020.eu\/it\/il-progetto\/programma-culturale\/principali-temi\/#primaryimage\"},\"thumbnailUrl\":\"https:\/\/ri2020.eu\/wp-content\/uploads\/2019\/12\/40A7393.jpg\",\"datePublished\":\"2019-11-10T22:20:27+00:00\",\"dateModified\":\"2020-02-05T11:21:02+00:00\",\"breadcrumb\":{\"@id\":\"https:\/\/ri2020.eu\/it\/il-progetto\/programma-culturale\/principali-temi\/#breadcrumb\"},\"inLanguage\":\"it-IT\",\"potentialAction\":[{\"@type\":\"ReadAction\",\"target\":[\"https:\/\/ri2020.eu\/it\/il-progetto\/programma-culturale\/principali-temi\/\"]}]},{\"@type\":\"ImageObject\",\"inLanguage\":\"it-IT\",\"@id\":\"https:\/\/ri2020.eu\/it\/il-progetto\/programma-culturale\/principali-temi\/#primaryimage\",\"url\":\"https:\/\/ri2020.eu\/wp-content\/uploads\/2019\/12\/40A7393.jpg\",\"contentUrl\":\"https:\/\/ri2020.eu\/wp-content\/uploads\/2019\/12\/40A7393.jpg\",\"width\":2048,\"height\":1365},{\"@type\":\"BreadcrumbList\",\"@id\":\"https:\/\/ri2020.eu\/it\/il-progetto\/programma-culturale\/principali-temi\/#breadcrumb\",\"itemListElement\":[{\"@type\":\"ListItem\",\"position\":1,\"name\":\"Home\",\"item\":\"https:\/\/ri2020.eu\/it\/\"},{\"@type\":\"ListItem\",\"position\":2,\"name\":\"Il progetto\",\"item\":\"https:\/\/ri2020.eu\/it\/il-progetto\/\"},{\"@type\":\"ListItem\",\"position\":3,\"name\":\"Programma culturale\",\"item\":\"https:\/\/ri2020.eu\/it\/il-progetto\/programma-culturale\/\"},{\"@type\":\"ListItem\",\"position\":4,\"name\":\"Principali temi\"}]},{\"@type\":\"WebSite\",\"@id\":\"https:\/\/ri2020.eu\/it\/#website\",\"url\":\"https:\/\/ri2020.eu\/it\/\",\"name\":\"Rijeka 2020\",\"description\":\"Europska prijestolnica kulture\",\"publisher\":{\"@id\":\"https:\/\/ri2020.eu\/it\/#organization\"},\"potentialAction\":[{\"@type\":\"SearchAction\",\"target\":{\"@type\":\"EntryPoint\",\"urlTemplate\":\"https:\/\/ri2020.eu\/it\/?s={search_term_string}\"},\"query-input\":{\"@type\":\"PropertyValueSpecification\",\"valueRequired\":true,\"valueName\":\"search_term_string\"}}],\"inLanguage\":\"it-IT\"},{\"@type\":\"Organization\",\"@id\":\"https:\/\/ri2020.eu\/it\/#organization\",\"name\":\"Rijeka 2020 d.o.o.\",\"url\":\"https:\/\/ri2020.eu\/it\/\",\"logo\":{\"@type\":\"ImageObject\",\"inLanguage\":\"it-IT\",\"@id\":\"https:\/\/ri2020.eu\/it\/#\/schema\/logo\/image\/\",\"url\":\"https:\/\/rijeka2020.eu\/wp-content\/uploads\/2018\/07\/Ri2020-logo.png\",\"contentUrl\":\"https:\/\/rijeka2020.eu\/wp-content\/uploads\/2018\/07\/Ri2020-logo.png\",\"width\":407,\"height\":175,\"caption\":\"Rijeka 2020 d.o.o.\"},\"image\":{\"@id\":\"https:\/\/ri2020.eu\/it\/#\/schema\/logo\/image\/\"},\"sameAs\":[\"https:\/\/www.facebook.com\/rijeka2020\",\"https:\/\/x.com\/Rijeka2020\",\"https:\/\/www.instagram.com\/rijeka2020\/\",\"https:\/\/www.youtube.com\/user\/riepk2020\"]}]}<\/script>\n<!-- \/ Yoast SEO plugin. -->","yoast_head_json":{"title":"Principali temi &#8226; Rijeka 2020","robots":{"index":"index","follow":"follow","max-snippet":"max-snippet:-1","max-image-preview":"max-image-preview:large","max-video-preview":"max-video-preview:-1"},"canonical":"https:\/\/ri2020.eu\/it\/il-progetto\/programma-culturale\/principali-temi\/","og_locale":"it_IT","og_type":"article","og_title":"Principali temi &#8226; Rijeka 2020","og_description":"Sono tre i temi programmatici scelti quali simbolo dell\u2019intreccio dell\u2019identit\u00e0 fiumana e dell\u2019Europa contemporanea: l\u2019acqua, il lavoro e le migrazioni.","og_url":"https:\/\/ri2020.eu\/it\/il-progetto\/programma-culturale\/principali-temi\/","og_site_name":"Rijeka 2020","article_publisher":"https:\/\/www.facebook.com\/rijeka2020","article_modified_time":"2020-02-05T11:21:02+00:00","og_image":[{"width":2048,"height":1365,"url":"https:\/\/ri2020.eu\/wp-content\/uploads\/2019\/12\/40A7393.jpg","type":"image\/jpeg"}],"twitter_card":"summary_large_image","twitter_site":"@Rijeka2020","twitter_misc":{"Est. reading time":"2 minutes"},"schema":{"@context":"https:\/\/schema.org","@graph":[{"@type":"WebPage","@id":"https:\/\/ri2020.eu\/it\/il-progetto\/programma-culturale\/principali-temi\/","url":"https:\/\/ri2020.eu\/it\/il-progetto\/programma-culturale\/principali-temi\/","name":"Principali temi &#8226; Rijeka 2020","isPartOf":{"@id":"https:\/\/ri2020.eu\/it\/#website"},"primaryImageOfPage":{"@id":"https:\/\/ri2020.eu\/it\/il-progetto\/programma-culturale\/principali-temi\/#primaryimage"},"image":{"@id":"https:\/\/ri2020.eu\/it\/il-progetto\/programma-culturale\/principali-temi\/#primaryimage"},"thumbnailUrl":"https:\/\/ri2020.eu\/wp-content\/uploads\/2019\/12\/40A7393.jpg","datePublished":"2019-11-10T22:20:27+00:00","dateModified":"2020-02-05T11:21:02+00:00","breadcrumb":{"@id":"https:\/\/ri2020.eu\/it\/il-progetto\/programma-culturale\/principali-temi\/#breadcrumb"},"inLanguage":"it-IT","potentialAction":[{"@type":"ReadAction","target":["https:\/\/ri2020.eu\/it\/il-progetto\/programma-culturale\/principali-temi\/"]}]},{"@type":"ImageObject","inLanguage":"it-IT","@id":"https:\/\/ri2020.eu\/it\/il-progetto\/programma-culturale\/principali-temi\/#primaryimage","url":"https:\/\/ri2020.eu\/wp-content\/uploads\/2019\/12\/40A7393.jpg","contentUrl":"https:\/\/ri2020.eu\/wp-content\/uploads\/2019\/12\/40A7393.jpg","width":2048,"height":1365},{"@type":"BreadcrumbList","@id":"https:\/\/ri2020.eu\/it\/il-progetto\/programma-culturale\/principali-temi\/#breadcrumb","itemListElement":[{"@type":"ListItem","position":1,"name":"Home","item":"https:\/\/ri2020.eu\/it\/"},{"@type":"ListItem","position":2,"name":"Il progetto","item":"https:\/\/ri2020.eu\/it\/il-progetto\/"},{"@type":"ListItem","position":3,"name":"Programma culturale","item":"https:\/\/ri2020.eu\/it\/il-progetto\/programma-culturale\/"},{"@type":"ListItem","position":4,"name":"Principali temi"}]},{"@type":"WebSite","@id":"https:\/\/ri2020.eu\/it\/#website","url":"https:\/\/ri2020.eu\/it\/","name":"Rijeka 2020","description":"Europska prijestolnica kulture","publisher":{"@id":"https:\/\/ri2020.eu\/it\/#organization"},"potentialAction":[{"@type":"SearchAction","target":{"@type":"EntryPoint","urlTemplate":"https:\/\/ri2020.eu\/it\/?s={search_term_string}"},"query-input":{"@type":"PropertyValueSpecification","valueRequired":true,"valueName":"search_term_string"}}],"inLanguage":"it-IT"},{"@type":"Organization","@id":"https:\/\/ri2020.eu\/it\/#organization","name":"Rijeka 2020 d.o.o.","url":"https:\/\/ri2020.eu\/it\/","logo":{"@type":"ImageObject","inLanguage":"it-IT","@id":"https:\/\/ri2020.eu\/it\/#\/schema\/logo\/image\/","url":"https:\/\/rijeka2020.eu\/wp-content\/uploads\/2018\/07\/Ri2020-logo.png","contentUrl":"https:\/\/rijeka2020.eu\/wp-content\/uploads\/2018\/07\/Ri2020-logo.png","width":407,"height":175,"caption":"Rijeka 2020 d.o.o."},"image":{"@id":"https:\/\/ri2020.eu\/it\/#\/schema\/logo\/image\/"},"sameAs":["https:\/\/www.facebook.com\/rijeka2020","https:\/\/x.com\/Rijeka2020","https:\/\/www.instagram.com\/rijeka2020\/","https:\/\/www.youtube.com\/user\/riepk2020"]}]}},"_links":{"self":[{"href":"https:\/\/ri2020.eu\/it\/wp-json\/wp\/v2\/pages\/35932","targetHints":{"allow":["GET"]}}],"collection":[{"href":"https:\/\/ri2020.eu\/it\/wp-json\/wp\/v2\/pages"}],"about":[{"href":"https:\/\/ri2020.eu\/it\/wp-json\/wp\/v2\/types\/page"}],"author":[{"embeddable":true,"href":"https:\/\/ri2020.eu\/it\/wp-json\/wp\/v2\/users\/72"}],"replies":[{"embeddable":true,"href":"https:\/\/ri2020.eu\/it\/wp-json\/wp\/v2\/comments?post=35932"}],"version-history":[{"count":5,"href":"https:\/\/ri2020.eu\/it\/wp-json\/wp\/v2\/pages\/35932\/revisions"}],"predecessor-version":[{"id":49250,"href":"https:\/\/ri2020.eu\/it\/wp-json\/wp\/v2\/pages\/35932\/revisions\/49250"}],"up":[{"embeddable":true,"href":"https:\/\/ri2020.eu\/it\/wp-json\/wp\/v2\/pages\/35930"}],"wp:featuredmedia":[{"embeddable":true,"href":"https:\/\/ri2020.eu\/it\/wp-json\/wp\/v2\/media\/44050"}],"wp:attachment":[{"href":"https:\/\/ri2020.eu\/it\/wp-json\/wp\/v2\/media?parent=35932"}],"curies":[{"name":"wp","href":"https:\/\/api.w.org\/{rel}","templated":true}]}}

<p>Questi temi emergono nel programma nei modi più svariati – nelle mostre, spettacoli, opere, conferenze, concerti e festival; nella presenza di artisti internazionali e croati, nei progetti delle associazioni locali, nella riqualificazione degli edifici, nella presentazione di libri e negli incontri dei cittadini di Fiume, della regione, della Croazia e d’Europa.</p>
<h3>L&#8217;acqua</h3>
<p>L&#8217;acqua è la caratteristica principale di Fiume, chiamata anche la “città che scorre“. Chi una volta assaggia l&#8217;acqua fiumana direttamente dal rubinetto si accorgerà che ha un ottimo sapore e di certo ritornerà a visitare la città. A Fiume, inoltre, l&#8217;acqua viene giù abbondante dal cielo. Non di rado siamo tra le località più piovose al mondo. Nel programma Fiume 2020 – Capitale europea della cultura, l&#8217;acqua fa riferimento anche alla biodiversità e alle questioni ambientali. Come viviamo sull&#8217;acqua e vicino al mare? Cosa dobbiamo cambiare per preservare il nostro ambiente naturale per il futuro? Quali nuove tecnologie si stanno sviluppando nel mare e attorno ad esso? Qual è oggi il significato di turismo sostenibile?</p>
<h3>Il lavoro</h3>
<p>Il lavoro è un diritto umano fondamentale. Nuove forme di lavoro in un era di nuove tecnologie e industrie sono questioni molto importanti per il futuro dell&#8217;Europa. Che cos&#8217;è il lavoro postindustriale e quali sono le prospettive di lavoro in futuro? Lavoreremo avanti otto ore al giorno per cinque ore alla settimana o è arrivata l&#8217;ora di cambiare visto le tecnologie di cui disponiamo? Quali nuove forme di lavoro producono le nuove economie globali? Che cos&#8217;è il lavoro immateriale e come è presente nelle industrie culturali e creative? Dove sono i confini tra il lavoro umano e il sempre più presente lavoro dei robot e dell&#8217;intelligenza artificiale? A beneficio di chi?</p>
<h3>Le migrazioni</h3>
<p>In un contesto storico e attuale, con il termine migrazioni ci riferiamo sì alle grandi migrazioni della popolazione, ma anche alla mobilità in generale, al nomadismo e allo scambio e alle collaborazioni globali. Fiume è una città di migrazione. Una città di arrivi e partenze. Una città di culture intrecciate e una città di tolleranza. Sia l&#8217;Europa che Fiume stanno vivendo un enorme cambiamento nella popolazione dovuto a una maggiore mobilità e alla necessità di cambiare l&#8217;ambiente in cui viviamo per vari motivi. Ma quanto siamo veramente disposti ad accettare gli altri, i diversi? Come ci comportiamo e come viviamo identità diverse? Siamo davvero in grado di apprezzare la ricchezza della diversità?</p>

<p>Sono tre i temi programmatici scelti quali simbolo dell’intreccio dell’identità fiumana e dell’Europa contemporanea: l’acqua, il lavoro e le migrazioni. </p>

<!-- This site is optimized with the Yoast SEO plugin v26.8 - https://yoast.com/product/yoast-seo-wordpress/ -->
<title>Principali temi &#8226; Rijeka 2020</title>
<meta name="robots" content="index, follow, max-snippet:-1, max-image-preview:large, max-video-preview:-1" />
<link rel="canonical" href="https://ri2020.eu/it/il-progetto/programma-culturale/principali-temi/" />
<meta property="og:locale" content="it_IT" />
<meta property="og:type" content="article" />
<meta property="og:title" content="Principali temi &#8226; Rijeka 2020" />
<meta property="og:description" content="Sono tre i temi programmatici scelti quali simbolo dell’intreccio dell’identità fiumana e dell’Europa contemporanea: l’acqua, il lavoro e le migrazioni." />
<meta property="og:url" content="https://ri2020.eu/it/il-progetto/programma-culturale/principali-temi/" />
<meta property="og:site_name" content="Rijeka 2020" />
<meta property="article:publisher" content="https://www.facebook.com/rijeka2020" />
<meta property="article:modified_time" content="2020-02-05T11:21:02+00:00" />
<meta property="og:image" content="https://ri2020.eu/wp-content/uploads/2019/12/40A7393.jpg" />
	<meta property="og:image:width" content="2048" />
	<meta property="og:image:height" content="1365" />
	<meta property="og:image:type" content="image/jpeg" />
<meta name="twitter:card" content="summary_large_image" />
<meta name="twitter:site" content="@Rijeka2020" />
<meta name="twitter:label1" content="Est. reading time" />
	<meta name="twitter:data1" content="2 minutes" />
<script type="application/ld+json" class="yoast-schema-graph">{"@context":"https://schema.org","@graph":[{"@type":"WebPage","@id":"https://ri2020.eu/it/il-progetto/programma-culturale/principali-temi/","url":"https://ri2020.eu/it/il-progetto/programma-culturale/principali-temi/","name":"Principali temi &#8226; Rijeka 2020","isPartOf":{"@id":"https://ri2020.eu/it/#website"},"primaryImageOfPage":{"@id":"https://ri2020.eu/it/il-progetto/programma-culturale/principali-temi/#primaryimage"},"image":{"@id":"https://ri2020.eu/it/il-progetto/programma-culturale/principali-temi/#primaryimage"},"thumbnailUrl":"https://ri2020.eu/wp-content/uploads/2019/12/40A7393.jpg","datePublished":"2019-11-10T22:20:27+00:00","dateModified":"2020-02-05T11:21:02+00:00","breadcrumb":{"@id":"https://ri2020.eu/it/il-progetto/programma-culturale/principali-temi/#breadcrumb"},"inLanguage":"it-IT","potentialAction":[{"@type":"ReadAction","target":["https://ri2020.eu/it/il-progetto/programma-culturale/principali-temi/"]}]},{"@type":"ImageObject","inLanguage":"it-IT","@id":"https://ri2020.eu/it/il-progetto/programma-culturale/principali-temi/#primaryimage","url":"https://ri2020.eu/wp-content/uploads/2019/12/40A7393.jpg","contentUrl":"https://ri2020.eu/wp-content/uploads/2019/12/40A7393.jpg","width":2048,"height":1365},{"@type":"BreadcrumbList","@id":"https://ri2020.eu/it/il-progetto/programma-culturale/principali-temi/#breadcrumb","itemListElement":[{"@type":"ListItem","position":1,"name":"Home","item":"https://ri2020.eu/it/"},{"@type":"ListItem","position":2,"name":"Il progetto","item":"https://ri2020.eu/it/il-progetto/"},{"@type":"ListItem","position":3,"name":"Programma culturale","item":"https://ri2020.eu/it/il-progetto/programma-culturale/"},{"@type":"ListItem","position":4,"name":"Principali temi"}]},{"@type":"WebSite","@id":"https://ri2020.eu/it/#website","url":"https://ri2020.eu/it/","name":"Rijeka 2020","description":"Europska prijestolnica kulture","publisher":{"@id":"https://ri2020.eu/it/#organization"},"potentialAction":[{"@type":"SearchAction","target":{"@type":"EntryPoint","urlTemplate":"https://ri2020.eu/it/?s={search_term_string}"},"query-input":{"@type":"PropertyValueSpecification","valueRequired":true,"valueName":"search_term_string"}}],"inLanguage":"it-IT"},{"@type":"Organization","@id":"https://ri2020.eu/it/#organization","name":"Rijeka 2020 d.o.o.","url":"https://ri2020.eu/it/","logo":{"@type":"ImageObject","inLanguage":"it-IT","@id":"https://ri2020.eu/it/#/schema/logo/image/","url":"https://rijeka2020.eu/wp-content/uploads/2018/07/Ri2020-logo.png","contentUrl":"https://rijeka2020.eu/wp-content/uploads/2018/07/Ri2020-logo.png","width":407,"height":175,"caption":"Rijeka 2020 d.o.o."},"image":{"@id":"https://ri2020.eu/it/#/schema/logo/image/"},"sameAs":["https://www.facebook.com/rijeka2020","https://x.com/Rijeka2020","https://www.instagram.com/rijeka2020/","https://www.youtube.com/user/riepk2020"]}]}</script>
<!-- / Yoast SEO plugin. -->

Sono tre i temi programmatici scelti quali simbolo dell’intreccio dell’identità fiumana e dell’Europa contemporanea: l’acqua, il lavoro e le migrazioni.
