{"id":35930,"date":"2019-11-08T16:41:05","date_gmt":"2019-11-08T15:41:05","guid":{"rendered":"https:\/\/staging.rijeka2020.eu\/o-epk-projektu\/program\/"},"modified":"2020-02-05T12:18:49","modified_gmt":"2020-02-05T11:18:49","slug":"programma-culturale","status":"publish","type":"page","link":"https:\/\/ri2020.eu\/it\/il-progetto\/programma-culturale\/","title":{"rendered":"Programma culturale"},"content":{"rendered":"<p>Nel 2020 il programma culturale presenta all\u2019Europa la citt\u00e0 di Fiume con tutte le sue specificit\u00e0, per\u00f2 allo stesso tempo pone al centro dell\u2019attenzione le attuali questioni socio-culturali europee. Quale simbolo d\u2019intreccio dell\u2019identit\u00e0 fiumana con l\u2019Europa contemporanea sono stati scelti i tre principali temi programmatici, ossia l\u2019acqua, il lavoro e le migrazioni. Questi temi emergono nel programma in vari modi \u2013 nell\u2019ambito di mostre, spettacoli, opere, conferenze e festival, nelle esibizioni di artisti di fama internazionale e di quelli croati, nei progetti delle associazioni locali, nella riqualificazione degli spazi, nell\u2019installazione di sculture, nella presentazione di libri e negli incontri dei cittadini di Fiume, della regione, della Croazia e dell\u2019Europa.<\/p>\n<p>Nel 2020 a Fiume avranno luogo 300 programmi culturali, che comprendono oltre 600 singoli eventi. Nell\u2019organizzazione del programma sono coinvolti circa 350 organizzazioni, mentre i partner e gli artisti provengono da pi\u00f9 di 55 Paesi dell\u2019Europa e del mondo.<\/p>\n","protected":false},"excerpt":{"rendered":"<p>Coraggio, singolarit\u00e0, progressivit\u00e0 e ambizione: sono questi i valori che si intrecciano nel programma concettuale del \u201cPorto delle diversit\u00e0\u201d e che si riflettono nei vari eventi programmatici.<\/p>\n","protected":false},"author":72,"featured_media":44038,"parent":35927,"menu_order":3,"comment_status":"closed","ping_status":"closed","template":"template-page-next.php","meta":{"_acf_changed":false,"footnotes":""},"class_list":["post-35930","page","type-page","status-publish","has-post-thumbnail","hentry"],"acf":[],"yoast_head":"<!-- This site is optimized with the Yoast SEO plugin v26.8 - https:\/\/yoast.com\/product\/yoast-seo-wordpress\/ -->\n<title>Programma culturale &#8226; Rijeka 2020<\/title>\n<meta name=\"robots\" content=\"index, follow, max-snippet:-1, max-image-preview:large, max-video-preview:-1\" \/>\n<link rel=\"canonical\" href=\"https:\/\/ri2020.eu\/it\/il-progetto\/programma-culturale\/\" \/>\n<meta property=\"og:locale\" content=\"it_IT\" \/>\n<meta property=\"og:type\" content=\"article\" \/>\n<meta property=\"og:title\" content=\"Programma culturale &#8226; Rijeka 2020\" \/>\n<meta property=\"og:description\" content=\"Coraggio, singolarit\u00e0, progressivit\u00e0 e ambizione: sono questi i valori che si intrecciano nel programma concettuale del \u201cPorto delle diversit\u00e0\u201d e che si riflettono nei vari eventi programmatici.\" \/>\n<meta property=\"og:url\" content=\"https:\/\/ri2020.eu\/it\/il-progetto\/programma-culturale\/\" \/>\n<meta property=\"og:site_name\" content=\"Rijeka 2020\" \/>\n<meta property=\"article:publisher\" content=\"https:\/\/www.facebook.com\/rijeka2020\" \/>\n<meta property=\"article:modified_time\" content=\"2020-02-05T11:18:49+00:00\" \/>\n<meta property=\"og:image\" content=\"https:\/\/ri2020.eu\/wp-content\/uploads\/2019\/12\/otvorenje-Tobogana-2019.jpg\" \/>\n\t<meta property=\"og:image:width\" content=\"1920\" \/>\n\t<meta property=\"og:image:height\" content=\"1280\" \/>\n\t<meta property=\"og:image:type\" content=\"image\/jpeg\" \/>\n<meta name=\"twitter:card\" content=\"summary_large_image\" \/>\n<meta name=\"twitter:site\" content=\"@Rijeka2020\" \/>\n<meta name=\"twitter:label1\" content=\"Est. reading time\" \/>\n\t<meta name=\"twitter:data1\" content=\"1 minute\" \/>\n<script type=\"application\/ld+json\" class=\"yoast-schema-graph\">{\"@context\":\"https:\/\/schema.org\",\"@graph\":[{\"@type\":\"WebPage\",\"@id\":\"https:\/\/ri2020.eu\/it\/il-progetto\/programma-culturale\/\",\"url\":\"https:\/\/ri2020.eu\/it\/il-progetto\/programma-culturale\/\",\"name\":\"Programma culturale &#8226; Rijeka 2020\",\"isPartOf\":{\"@id\":\"https:\/\/ri2020.eu\/it\/#website\"},\"primaryImageOfPage\":{\"@id\":\"https:\/\/ri2020.eu\/it\/il-progetto\/programma-culturale\/#primaryimage\"},\"image\":{\"@id\":\"https:\/\/ri2020.eu\/it\/il-progetto\/programma-culturale\/#primaryimage\"},\"thumbnailUrl\":\"https:\/\/ri2020.eu\/wp-content\/uploads\/2019\/12\/otvorenje-Tobogana-2019.jpg\",\"datePublished\":\"2019-11-08T15:41:05+00:00\",\"dateModified\":\"2020-02-05T11:18:49+00:00\",\"breadcrumb\":{\"@id\":\"https:\/\/ri2020.eu\/it\/il-progetto\/programma-culturale\/#breadcrumb\"},\"inLanguage\":\"it-IT\",\"potentialAction\":[{\"@type\":\"ReadAction\",\"target\":[\"https:\/\/ri2020.eu\/it\/il-progetto\/programma-culturale\/\"]}]},{\"@type\":\"ImageObject\",\"inLanguage\":\"it-IT\",\"@id\":\"https:\/\/ri2020.eu\/it\/il-progetto\/programma-culturale\/#primaryimage\",\"url\":\"https:\/\/ri2020.eu\/wp-content\/uploads\/2019\/12\/otvorenje-Tobogana-2019.jpg\",\"contentUrl\":\"https:\/\/ri2020.eu\/wp-content\/uploads\/2019\/12\/otvorenje-Tobogana-2019.jpg\",\"width\":1920,\"height\":1280},{\"@type\":\"BreadcrumbList\",\"@id\":\"https:\/\/ri2020.eu\/it\/il-progetto\/programma-culturale\/#breadcrumb\",\"itemListElement\":[{\"@type\":\"ListItem\",\"position\":1,\"name\":\"Home\",\"item\":\"https:\/\/ri2020.eu\/it\/\"},{\"@type\":\"ListItem\",\"position\":2,\"name\":\"Il progetto\",\"item\":\"https:\/\/ri2020.eu\/it\/il-progetto\/\"},{\"@type\":\"ListItem\",\"position\":3,\"name\":\"Programma culturale\"}]},{\"@type\":\"WebSite\",\"@id\":\"https:\/\/ri2020.eu\/it\/#website\",\"url\":\"https:\/\/ri2020.eu\/it\/\",\"name\":\"Rijeka 2020\",\"description\":\"Europska prijestolnica kulture\",\"publisher\":{\"@id\":\"https:\/\/ri2020.eu\/it\/#organization\"},\"potentialAction\":[{\"@type\":\"SearchAction\",\"target\":{\"@type\":\"EntryPoint\",\"urlTemplate\":\"https:\/\/ri2020.eu\/it\/?s={search_term_string}\"},\"query-input\":{\"@type\":\"PropertyValueSpecification\",\"valueRequired\":true,\"valueName\":\"search_term_string\"}}],\"inLanguage\":\"it-IT\"},{\"@type\":\"Organization\",\"@id\":\"https:\/\/ri2020.eu\/it\/#organization\",\"name\":\"Rijeka 2020 d.o.o.\",\"url\":\"https:\/\/ri2020.eu\/it\/\",\"logo\":{\"@type\":\"ImageObject\",\"inLanguage\":\"it-IT\",\"@id\":\"https:\/\/ri2020.eu\/it\/#\/schema\/logo\/image\/\",\"url\":\"https:\/\/rijeka2020.eu\/wp-content\/uploads\/2018\/07\/Ri2020-logo.png\",\"contentUrl\":\"https:\/\/rijeka2020.eu\/wp-content\/uploads\/2018\/07\/Ri2020-logo.png\",\"width\":407,\"height\":175,\"caption\":\"Rijeka 2020 d.o.o.\"},\"image\":{\"@id\":\"https:\/\/ri2020.eu\/it\/#\/schema\/logo\/image\/\"},\"sameAs\":[\"https:\/\/www.facebook.com\/rijeka2020\",\"https:\/\/x.com\/Rijeka2020\",\"https:\/\/www.instagram.com\/rijeka2020\/\",\"https:\/\/www.youtube.com\/user\/riepk2020\"]}]}<\/script>\n<!-- \/ Yoast SEO plugin. -->","yoast_head_json":{"title":"Programma culturale &#8226; Rijeka 2020","robots":{"index":"index","follow":"follow","max-snippet":"max-snippet:-1","max-image-preview":"max-image-preview:large","max-video-preview":"max-video-preview:-1"},"canonical":"https:\/\/ri2020.eu\/it\/il-progetto\/programma-culturale\/","og_locale":"it_IT","og_type":"article","og_title":"Programma culturale &#8226; Rijeka 2020","og_description":"Coraggio, singolarit\u00e0, progressivit\u00e0 e ambizione: sono questi i valori che si intrecciano nel programma concettuale del \u201cPorto delle diversit\u00e0\u201d e che si riflettono nei vari eventi programmatici.","og_url":"https:\/\/ri2020.eu\/it\/il-progetto\/programma-culturale\/","og_site_name":"Rijeka 2020","article_publisher":"https:\/\/www.facebook.com\/rijeka2020","article_modified_time":"2020-02-05T11:18:49+00:00","og_image":[{"width":1920,"height":1280,"url":"https:\/\/ri2020.eu\/wp-content\/uploads\/2019\/12\/otvorenje-Tobogana-2019.jpg","type":"image\/jpeg"}],"twitter_card":"summary_large_image","twitter_site":"@Rijeka2020","twitter_misc":{"Est. reading time":"1 minute"},"schema":{"@context":"https:\/\/schema.org","@graph":[{"@type":"WebPage","@id":"https:\/\/ri2020.eu\/it\/il-progetto\/programma-culturale\/","url":"https:\/\/ri2020.eu\/it\/il-progetto\/programma-culturale\/","name":"Programma culturale &#8226; Rijeka 2020","isPartOf":{"@id":"https:\/\/ri2020.eu\/it\/#website"},"primaryImageOfPage":{"@id":"https:\/\/ri2020.eu\/it\/il-progetto\/programma-culturale\/#primaryimage"},"image":{"@id":"https:\/\/ri2020.eu\/it\/il-progetto\/programma-culturale\/#primaryimage"},"thumbnailUrl":"https:\/\/ri2020.eu\/wp-content\/uploads\/2019\/12\/otvorenje-Tobogana-2019.jpg","datePublished":"2019-11-08T15:41:05+00:00","dateModified":"2020-02-05T11:18:49+00:00","breadcrumb":{"@id":"https:\/\/ri2020.eu\/it\/il-progetto\/programma-culturale\/#breadcrumb"},"inLanguage":"it-IT","potentialAction":[{"@type":"ReadAction","target":["https:\/\/ri2020.eu\/it\/il-progetto\/programma-culturale\/"]}]},{"@type":"ImageObject","inLanguage":"it-IT","@id":"https:\/\/ri2020.eu\/it\/il-progetto\/programma-culturale\/#primaryimage","url":"https:\/\/ri2020.eu\/wp-content\/uploads\/2019\/12\/otvorenje-Tobogana-2019.jpg","contentUrl":"https:\/\/ri2020.eu\/wp-content\/uploads\/2019\/12\/otvorenje-Tobogana-2019.jpg","width":1920,"height":1280},{"@type":"BreadcrumbList","@id":"https:\/\/ri2020.eu\/it\/il-progetto\/programma-culturale\/#breadcrumb","itemListElement":[{"@type":"ListItem","position":1,"name":"Home","item":"https:\/\/ri2020.eu\/it\/"},{"@type":"ListItem","position":2,"name":"Il progetto","item":"https:\/\/ri2020.eu\/it\/il-progetto\/"},{"@type":"ListItem","position":3,"name":"Programma culturale"}]},{"@type":"WebSite","@id":"https:\/\/ri2020.eu\/it\/#website","url":"https:\/\/ri2020.eu\/it\/","name":"Rijeka 2020","description":"Europska prijestolnica kulture","publisher":{"@id":"https:\/\/ri2020.eu\/it\/#organization"},"potentialAction":[{"@type":"SearchAction","target":{"@type":"EntryPoint","urlTemplate":"https:\/\/ri2020.eu\/it\/?s={search_term_string}"},"query-input":{"@type":"PropertyValueSpecification","valueRequired":true,"valueName":"search_term_string"}}],"inLanguage":"it-IT"},{"@type":"Organization","@id":"https:\/\/ri2020.eu\/it\/#organization","name":"Rijeka 2020 d.o.o.","url":"https:\/\/ri2020.eu\/it\/","logo":{"@type":"ImageObject","inLanguage":"it-IT","@id":"https:\/\/ri2020.eu\/it\/#\/schema\/logo\/image\/","url":"https:\/\/rijeka2020.eu\/wp-content\/uploads\/2018\/07\/Ri2020-logo.png","contentUrl":"https:\/\/rijeka2020.eu\/wp-content\/uploads\/2018\/07\/Ri2020-logo.png","width":407,"height":175,"caption":"Rijeka 2020 d.o.o."},"image":{"@id":"https:\/\/ri2020.eu\/it\/#\/schema\/logo\/image\/"},"sameAs":["https:\/\/www.facebook.com\/rijeka2020","https:\/\/x.com\/Rijeka2020","https:\/\/www.instagram.com\/rijeka2020\/","https:\/\/www.youtube.com\/user\/riepk2020"]}]}},"_links":{"self":[{"href":"https:\/\/ri2020.eu\/it\/wp-json\/wp\/v2\/pages\/35930","targetHints":{"allow":["GET"]}}],"collection":[{"href":"https:\/\/ri2020.eu\/it\/wp-json\/wp\/v2\/pages"}],"about":[{"href":"https:\/\/ri2020.eu\/it\/wp-json\/wp\/v2\/types\/page"}],"author":[{"embeddable":true,"href":"https:\/\/ri2020.eu\/it\/wp-json\/wp\/v2\/users\/72"}],"replies":[{"embeddable":true,"href":"https:\/\/ri2020.eu\/it\/wp-json\/wp\/v2\/comments?post=35930"}],"version-history":[{"count":3,"href":"https:\/\/ri2020.eu\/it\/wp-json\/wp\/v2\/pages\/35930\/revisions"}],"predecessor-version":[{"id":49249,"href":"https:\/\/ri2020.eu\/it\/wp-json\/wp\/v2\/pages\/35930\/revisions\/49249"}],"up":[{"embeddable":true,"href":"https:\/\/ri2020.eu\/it\/wp-json\/wp\/v2\/pages\/35927"}],"wp:featuredmedia":[{"embeddable":true,"href":"https:\/\/ri2020.eu\/it\/wp-json\/wp\/v2\/media\/44038"}],"wp:attachment":[{"href":"https:\/\/ri2020.eu\/it\/wp-json\/wp\/v2\/media?parent=35930"}],"curies":[{"name":"wp","href":"https:\/\/api.w.org\/{rel}","templated":true}]}}

<p>Nel 2020 il programma culturale presenta all’Europa la città di Fiume con tutte le sue specificità, però allo stesso tempo pone al centro dell’attenzione le attuali questioni socio-culturali europee. Quale simbolo d’intreccio dell’identità fiumana con l’Europa contemporanea sono stati scelti i tre principali temi programmatici, ossia l’acqua, il lavoro e le migrazioni. Questi temi emergono nel programma in vari modi – nell’ambito di mostre, spettacoli, opere, conferenze e festival, nelle esibizioni di artisti di fama internazionale e di quelli croati, nei progetti delle associazioni locali, nella riqualificazione degli spazi, nell’installazione di sculture, nella presentazione di libri e negli incontri dei cittadini di Fiume, della regione, della Croazia e dell’Europa.</p>
<p>Nel 2020 a Fiume avranno luogo 300 programmi culturali, che comprendono oltre 600 singoli eventi. Nell’organizzazione del programma sono coinvolti circa 350 organizzazioni, mentre i partner e gli artisti provengono da più di 55 Paesi dell’Europa e del mondo.</p>

<p>Coraggio, singolarità, progressività e ambizione: sono questi i valori che si intrecciano nel programma concettuale del “Porto delle diversità” e che si riflettono nei vari eventi programmatici.</p>

<!-- This site is optimized with the Yoast SEO plugin v26.8 - https://yoast.com/product/yoast-seo-wordpress/ -->
<title>Programma culturale &#8226; Rijeka 2020</title>
<meta name="robots" content="index, follow, max-snippet:-1, max-image-preview:large, max-video-preview:-1" />
<link rel="canonical" href="https://ri2020.eu/it/il-progetto/programma-culturale/" />
<meta property="og:locale" content="it_IT" />
<meta property="og:type" content="article" />
<meta property="og:title" content="Programma culturale &#8226; Rijeka 2020" />
<meta property="og:description" content="Coraggio, singolarità, progressività e ambizione: sono questi i valori che si intrecciano nel programma concettuale del “Porto delle diversità” e che si riflettono nei vari eventi programmatici." />
<meta property="og:url" content="https://ri2020.eu/it/il-progetto/programma-culturale/" />
<meta property="og:site_name" content="Rijeka 2020" />
<meta property="article:publisher" content="https://www.facebook.com/rijeka2020" />
<meta property="article:modified_time" content="2020-02-05T11:18:49+00:00" />
<meta property="og:image" content="https://ri2020.eu/wp-content/uploads/2019/12/otvorenje-Tobogana-2019.jpg" />
	<meta property="og:image:width" content="1920" />
	<meta property="og:image:height" content="1280" />
	<meta property="og:image:type" content="image/jpeg" />
<meta name="twitter:card" content="summary_large_image" />
<meta name="twitter:site" content="@Rijeka2020" />
<meta name="twitter:label1" content="Est. reading time" />
	<meta name="twitter:data1" content="1 minute" />
<script type="application/ld+json" class="yoast-schema-graph">{"@context":"https://schema.org","@graph":[{"@type":"WebPage","@id":"https://ri2020.eu/it/il-progetto/programma-culturale/","url":"https://ri2020.eu/it/il-progetto/programma-culturale/","name":"Programma culturale &#8226; Rijeka 2020","isPartOf":{"@id":"https://ri2020.eu/it/#website"},"primaryImageOfPage":{"@id":"https://ri2020.eu/it/il-progetto/programma-culturale/#primaryimage"},"image":{"@id":"https://ri2020.eu/it/il-progetto/programma-culturale/#primaryimage"},"thumbnailUrl":"https://ri2020.eu/wp-content/uploads/2019/12/otvorenje-Tobogana-2019.jpg","datePublished":"2019-11-08T15:41:05+00:00","dateModified":"2020-02-05T11:18:49+00:00","breadcrumb":{"@id":"https://ri2020.eu/it/il-progetto/programma-culturale/#breadcrumb"},"inLanguage":"it-IT","potentialAction":[{"@type":"ReadAction","target":["https://ri2020.eu/it/il-progetto/programma-culturale/"]}]},{"@type":"ImageObject","inLanguage":"it-IT","@id":"https://ri2020.eu/it/il-progetto/programma-culturale/#primaryimage","url":"https://ri2020.eu/wp-content/uploads/2019/12/otvorenje-Tobogana-2019.jpg","contentUrl":"https://ri2020.eu/wp-content/uploads/2019/12/otvorenje-Tobogana-2019.jpg","width":1920,"height":1280},{"@type":"BreadcrumbList","@id":"https://ri2020.eu/it/il-progetto/programma-culturale/#breadcrumb","itemListElement":[{"@type":"ListItem","position":1,"name":"Home","item":"https://ri2020.eu/it/"},{"@type":"ListItem","position":2,"name":"Il progetto","item":"https://ri2020.eu/it/il-progetto/"},{"@type":"ListItem","position":3,"name":"Programma culturale"}]},{"@type":"WebSite","@id":"https://ri2020.eu/it/#website","url":"https://ri2020.eu/it/","name":"Rijeka 2020","description":"Europska prijestolnica kulture","publisher":{"@id":"https://ri2020.eu/it/#organization"},"potentialAction":[{"@type":"SearchAction","target":{"@type":"EntryPoint","urlTemplate":"https://ri2020.eu/it/?s={search_term_string}"},"query-input":{"@type":"PropertyValueSpecification","valueRequired":true,"valueName":"search_term_string"}}],"inLanguage":"it-IT"},{"@type":"Organization","@id":"https://ri2020.eu/it/#organization","name":"Rijeka 2020 d.o.o.","url":"https://ri2020.eu/it/","logo":{"@type":"ImageObject","inLanguage":"it-IT","@id":"https://ri2020.eu/it/#/schema/logo/image/","url":"https://rijeka2020.eu/wp-content/uploads/2018/07/Ri2020-logo.png","contentUrl":"https://rijeka2020.eu/wp-content/uploads/2018/07/Ri2020-logo.png","width":407,"height":175,"caption":"Rijeka 2020 d.o.o."},"image":{"@id":"https://ri2020.eu/it/#/schema/logo/image/"},"sameAs":["https://www.facebook.com/rijeka2020","https://x.com/Rijeka2020","https://www.instagram.com/rijeka2020/","https://www.youtube.com/user/riepk2020"]}]}</script>
<!-- / Yoast SEO plugin. -->

Coraggio, singolarità, progressività e ambizione: sono questi i valori che si intrecciano nel programma concettuale del “Porto delle diversità” e che si riflettono nei vari eventi programmatici.
