{"id":35927,"date":"2019-11-08T16:38:16","date_gmt":"2019-11-08T15:38:16","guid":{"rendered":"https:\/\/staging.rijeka2020.eu\/o-epk-projektu\/"},"modified":"2020-01-22T23:18:06","modified_gmt":"2020-01-22T22:18:06","slug":"il-progetto","status":"publish","type":"page","link":"https:\/\/ri2020.eu\/it\/il-progetto\/","title":{"rendered":"Il progetto"},"content":{"rendered":"<p>Ubicata al centro degli influssi mediterranei, centroeuropei e dell\u2019Europa orientale, negli ultimi cent\u2019anni Fiume si \u00e8 sviluppata passando per addirittura sette stati. Ricordando un po\u2019 l\u2019Europa in miniatura, \u00e8 diventata un luogo dove la vita \u00e8 molto dinamica, una citt\u00e0 aperta e dalle idee progressiste dove da sempre tutti sono i benvenuti.<\/p>\n<p>Nel 2020, nell\u2019ambito del progetto Capitale europea della cultura, Fiume costruisce e inaugura nuovi edifici e siti culturali cofinanziati dai mezzi ottenuti dai fondi UE e presenta oltre 600 eventi artistico-culturali, alla cui realizzazione partecipano 250 organizzazioni ed enti culturali croati e 40 Paesi europei e mondiali.<\/p>\n","protected":false},"excerpt":{"rendered":"<p>Nel 2020, anno in cui la Croazia presiede il Consiglio dell\u2019Unione europea, il pi\u00f9 grande porto croato, Fiume, sar\u00e0 il centro di un ricco e importante programma artistico-culturale nazionale e europeo e ospiter\u00e0 i migliori e i pi\u00f9 interessanti artisti della scena culturale mondiale, europea e croata. In questo stesso anno Fiume \u00e8 Capitale europea della cultura.<\/p>\n","protected":false},"author":72,"featured_media":44045,"parent":0,"menu_order":0,"comment_status":"closed","ping_status":"closed","template":"template-page-next.php","meta":{"_acf_changed":false,"footnotes":""},"class_list":["post-35927","page","type-page","status-publish","has-post-thumbnail","hentry"],"acf":[],"yoast_head":"<!-- This site is optimized with the Yoast SEO plugin v26.8 - https:\/\/yoast.com\/product\/yoast-seo-wordpress\/ -->\n<title>Il progetto &#8226; Rijeka 2020<\/title>\n<meta name=\"robots\" content=\"index, follow, max-snippet:-1, max-image-preview:large, max-video-preview:-1\" \/>\n<link rel=\"canonical\" href=\"https:\/\/ri2020.eu\/it\/il-progetto\/\" \/>\n<meta property=\"og:locale\" content=\"it_IT\" \/>\n<meta property=\"og:type\" content=\"article\" \/>\n<meta property=\"og:title\" content=\"Il progetto &#8226; Rijeka 2020\" \/>\n<meta property=\"og:description\" content=\"Nel 2020, anno in cui la Croazia presiede il Consiglio dell\u2019Unione europea, il pi\u00f9 grande porto croato, Fiume, sar\u00e0 il centro di un ricco e importante programma artistico-culturale nazionale e europeo e ospiter\u00e0 i migliori e i pi\u00f9 interessanti artisti della scena culturale mondiale, europea e croata. In questo stesso anno Fiume \u00e8 Capitale europea della cultura.\" \/>\n<meta property=\"og:url\" content=\"https:\/\/ri2020.eu\/it\/il-progetto\/\" \/>\n<meta property=\"og:site_name\" content=\"Rijeka 2020\" \/>\n<meta property=\"article:publisher\" content=\"https:\/\/www.facebook.com\/rijeka2020\" \/>\n<meta property=\"article:modified_time\" content=\"2020-01-22T22:18:06+00:00\" \/>\n<meta property=\"og:image\" content=\"https:\/\/ri2020.eu\/wp-content\/uploads\/2019\/12\/40A7392.jpg\" \/>\n\t<meta property=\"og:image:width\" content=\"2048\" \/>\n\t<meta property=\"og:image:height\" content=\"1365\" \/>\n\t<meta property=\"og:image:type\" content=\"image\/jpeg\" \/>\n<meta name=\"twitter:card\" content=\"summary_large_image\" \/>\n<meta name=\"twitter:site\" content=\"@Rijeka2020\" \/>\n<script type=\"application\/ld+json\" class=\"yoast-schema-graph\">{\"@context\":\"https:\/\/schema.org\",\"@graph\":[{\"@type\":\"WebPage\",\"@id\":\"https:\/\/ri2020.eu\/it\/il-progetto\/\",\"url\":\"https:\/\/ri2020.eu\/it\/il-progetto\/\",\"name\":\"Il progetto &#8226; Rijeka 2020\",\"isPartOf\":{\"@id\":\"https:\/\/ri2020.eu\/it\/#website\"},\"primaryImageOfPage\":{\"@id\":\"https:\/\/ri2020.eu\/it\/il-progetto\/#primaryimage\"},\"image\":{\"@id\":\"https:\/\/ri2020.eu\/it\/il-progetto\/#primaryimage\"},\"thumbnailUrl\":\"https:\/\/ri2020.eu\/wp-content\/uploads\/2019\/12\/40A7392.jpg\",\"datePublished\":\"2019-11-08T15:38:16+00:00\",\"dateModified\":\"2020-01-22T22:18:06+00:00\",\"breadcrumb\":{\"@id\":\"https:\/\/ri2020.eu\/it\/il-progetto\/#breadcrumb\"},\"inLanguage\":\"it-IT\",\"potentialAction\":[{\"@type\":\"ReadAction\",\"target\":[\"https:\/\/ri2020.eu\/it\/il-progetto\/\"]}]},{\"@type\":\"ImageObject\",\"inLanguage\":\"it-IT\",\"@id\":\"https:\/\/ri2020.eu\/it\/il-progetto\/#primaryimage\",\"url\":\"https:\/\/ri2020.eu\/wp-content\/uploads\/2019\/12\/40A7392.jpg\",\"contentUrl\":\"https:\/\/ri2020.eu\/wp-content\/uploads\/2019\/12\/40A7392.jpg\",\"width\":2048,\"height\":1365},{\"@type\":\"BreadcrumbList\",\"@id\":\"https:\/\/ri2020.eu\/it\/il-progetto\/#breadcrumb\",\"itemListElement\":[{\"@type\":\"ListItem\",\"position\":1,\"name\":\"Home\",\"item\":\"https:\/\/ri2020.eu\/it\/\"},{\"@type\":\"ListItem\",\"position\":2,\"name\":\"Il progetto\"}]},{\"@type\":\"WebSite\",\"@id\":\"https:\/\/ri2020.eu\/it\/#website\",\"url\":\"https:\/\/ri2020.eu\/it\/\",\"name\":\"Rijeka 2020\",\"description\":\"Europska prijestolnica kulture\",\"publisher\":{\"@id\":\"https:\/\/ri2020.eu\/it\/#organization\"},\"potentialAction\":[{\"@type\":\"SearchAction\",\"target\":{\"@type\":\"EntryPoint\",\"urlTemplate\":\"https:\/\/ri2020.eu\/it\/?s={search_term_string}\"},\"query-input\":{\"@type\":\"PropertyValueSpecification\",\"valueRequired\":true,\"valueName\":\"search_term_string\"}}],\"inLanguage\":\"it-IT\"},{\"@type\":\"Organization\",\"@id\":\"https:\/\/ri2020.eu\/it\/#organization\",\"name\":\"Rijeka 2020 d.o.o.\",\"url\":\"https:\/\/ri2020.eu\/it\/\",\"logo\":{\"@type\":\"ImageObject\",\"inLanguage\":\"it-IT\",\"@id\":\"https:\/\/ri2020.eu\/it\/#\/schema\/logo\/image\/\",\"url\":\"https:\/\/rijeka2020.eu\/wp-content\/uploads\/2018\/07\/Ri2020-logo.png\",\"contentUrl\":\"https:\/\/rijeka2020.eu\/wp-content\/uploads\/2018\/07\/Ri2020-logo.png\",\"width\":407,\"height\":175,\"caption\":\"Rijeka 2020 d.o.o.\"},\"image\":{\"@id\":\"https:\/\/ri2020.eu\/it\/#\/schema\/logo\/image\/\"},\"sameAs\":[\"https:\/\/www.facebook.com\/rijeka2020\",\"https:\/\/x.com\/Rijeka2020\",\"https:\/\/www.instagram.com\/rijeka2020\/\",\"https:\/\/www.youtube.com\/user\/riepk2020\"]}]}<\/script>\n<!-- \/ Yoast SEO plugin. -->","yoast_head_json":{"title":"Il progetto &#8226; Rijeka 2020","robots":{"index":"index","follow":"follow","max-snippet":"max-snippet:-1","max-image-preview":"max-image-preview:large","max-video-preview":"max-video-preview:-1"},"canonical":"https:\/\/ri2020.eu\/it\/il-progetto\/","og_locale":"it_IT","og_type":"article","og_title":"Il progetto &#8226; Rijeka 2020","og_description":"Nel 2020, anno in cui la Croazia presiede il Consiglio dell\u2019Unione europea, il pi\u00f9 grande porto croato, Fiume, sar\u00e0 il centro di un ricco e importante programma artistico-culturale nazionale e europeo e ospiter\u00e0 i migliori e i pi\u00f9 interessanti artisti della scena culturale mondiale, europea e croata. In questo stesso anno Fiume \u00e8 Capitale europea della cultura.","og_url":"https:\/\/ri2020.eu\/it\/il-progetto\/","og_site_name":"Rijeka 2020","article_publisher":"https:\/\/www.facebook.com\/rijeka2020","article_modified_time":"2020-01-22T22:18:06+00:00","og_image":[{"width":2048,"height":1365,"url":"https:\/\/ri2020.eu\/wp-content\/uploads\/2019\/12\/40A7392.jpg","type":"image\/jpeg"}],"twitter_card":"summary_large_image","twitter_site":"@Rijeka2020","schema":{"@context":"https:\/\/schema.org","@graph":[{"@type":"WebPage","@id":"https:\/\/ri2020.eu\/it\/il-progetto\/","url":"https:\/\/ri2020.eu\/it\/il-progetto\/","name":"Il progetto &#8226; Rijeka 2020","isPartOf":{"@id":"https:\/\/ri2020.eu\/it\/#website"},"primaryImageOfPage":{"@id":"https:\/\/ri2020.eu\/it\/il-progetto\/#primaryimage"},"image":{"@id":"https:\/\/ri2020.eu\/it\/il-progetto\/#primaryimage"},"thumbnailUrl":"https:\/\/ri2020.eu\/wp-content\/uploads\/2019\/12\/40A7392.jpg","datePublished":"2019-11-08T15:38:16+00:00","dateModified":"2020-01-22T22:18:06+00:00","breadcrumb":{"@id":"https:\/\/ri2020.eu\/it\/il-progetto\/#breadcrumb"},"inLanguage":"it-IT","potentialAction":[{"@type":"ReadAction","target":["https:\/\/ri2020.eu\/it\/il-progetto\/"]}]},{"@type":"ImageObject","inLanguage":"it-IT","@id":"https:\/\/ri2020.eu\/it\/il-progetto\/#primaryimage","url":"https:\/\/ri2020.eu\/wp-content\/uploads\/2019\/12\/40A7392.jpg","contentUrl":"https:\/\/ri2020.eu\/wp-content\/uploads\/2019\/12\/40A7392.jpg","width":2048,"height":1365},{"@type":"BreadcrumbList","@id":"https:\/\/ri2020.eu\/it\/il-progetto\/#breadcrumb","itemListElement":[{"@type":"ListItem","position":1,"name":"Home","item":"https:\/\/ri2020.eu\/it\/"},{"@type":"ListItem","position":2,"name":"Il progetto"}]},{"@type":"WebSite","@id":"https:\/\/ri2020.eu\/it\/#website","url":"https:\/\/ri2020.eu\/it\/","name":"Rijeka 2020","description":"Europska prijestolnica kulture","publisher":{"@id":"https:\/\/ri2020.eu\/it\/#organization"},"potentialAction":[{"@type":"SearchAction","target":{"@type":"EntryPoint","urlTemplate":"https:\/\/ri2020.eu\/it\/?s={search_term_string}"},"query-input":{"@type":"PropertyValueSpecification","valueRequired":true,"valueName":"search_term_string"}}],"inLanguage":"it-IT"},{"@type":"Organization","@id":"https:\/\/ri2020.eu\/it\/#organization","name":"Rijeka 2020 d.o.o.","url":"https:\/\/ri2020.eu\/it\/","logo":{"@type":"ImageObject","inLanguage":"it-IT","@id":"https:\/\/ri2020.eu\/it\/#\/schema\/logo\/image\/","url":"https:\/\/rijeka2020.eu\/wp-content\/uploads\/2018\/07\/Ri2020-logo.png","contentUrl":"https:\/\/rijeka2020.eu\/wp-content\/uploads\/2018\/07\/Ri2020-logo.png","width":407,"height":175,"caption":"Rijeka 2020 d.o.o."},"image":{"@id":"https:\/\/ri2020.eu\/it\/#\/schema\/logo\/image\/"},"sameAs":["https:\/\/www.facebook.com\/rijeka2020","https:\/\/x.com\/Rijeka2020","https:\/\/www.instagram.com\/rijeka2020\/","https:\/\/www.youtube.com\/user\/riepk2020"]}]}},"_links":{"self":[{"href":"https:\/\/ri2020.eu\/it\/wp-json\/wp\/v2\/pages\/35927","targetHints":{"allow":["GET"]}}],"collection":[{"href":"https:\/\/ri2020.eu\/it\/wp-json\/wp\/v2\/pages"}],"about":[{"href":"https:\/\/ri2020.eu\/it\/wp-json\/wp\/v2\/types\/page"}],"author":[{"embeddable":true,"href":"https:\/\/ri2020.eu\/it\/wp-json\/wp\/v2\/users\/72"}],"replies":[{"embeddable":true,"href":"https:\/\/ri2020.eu\/it\/wp-json\/wp\/v2\/comments?post=35927"}],"version-history":[{"count":3,"href":"https:\/\/ri2020.eu\/it\/wp-json\/wp\/v2\/pages\/35927\/revisions"}],"predecessor-version":[{"id":47616,"href":"https:\/\/ri2020.eu\/it\/wp-json\/wp\/v2\/pages\/35927\/revisions\/47616"}],"wp:featuredmedia":[{"embeddable":true,"href":"https:\/\/ri2020.eu\/it\/wp-json\/wp\/v2\/media\/44045"}],"wp:attachment":[{"href":"https:\/\/ri2020.eu\/it\/wp-json\/wp\/v2\/media?parent=35927"}],"curies":[{"name":"wp","href":"https:\/\/api.w.org\/{rel}","templated":true}]}}

<p>Ubicata al centro degli influssi mediterranei, centroeuropei e dell’Europa orientale, negli ultimi cent’anni Fiume si è sviluppata passando per addirittura sette stati. Ricordando un po’ l’Europa in miniatura, è diventata un luogo dove la vita è molto dinamica, una città aperta e dalle idee progressiste dove da sempre tutti sono i benvenuti.</p>
<p>Nel 2020, nell’ambito del progetto Capitale europea della cultura, Fiume costruisce e inaugura nuovi edifici e siti culturali cofinanziati dai mezzi ottenuti dai fondi UE e presenta oltre 600 eventi artistico-culturali, alla cui realizzazione partecipano 250 organizzazioni ed enti culturali croati e 40 Paesi europei e mondiali.</p>

<p>Nel 2020, anno in cui la Croazia presiede il Consiglio dell’Unione europea, il più grande porto croato, Fiume, sarà il centro di un ricco e importante programma artistico-culturale nazionale e europeo e ospiterà i migliori e i più interessanti artisti della scena culturale mondiale, europea e croata. In questo stesso anno Fiume è Capitale europea della cultura.</p>

<!-- This site is optimized with the Yoast SEO plugin v26.8 - https://yoast.com/product/yoast-seo-wordpress/ -->
<title>Il progetto &#8226; Rijeka 2020</title>
<meta name="robots" content="index, follow, max-snippet:-1, max-image-preview:large, max-video-preview:-1" />
<link rel="canonical" href="https://ri2020.eu/it/il-progetto/" />
<meta property="og:locale" content="it_IT" />
<meta property="og:type" content="article" />
<meta property="og:title" content="Il progetto &#8226; Rijeka 2020" />
<meta property="og:description" content="Nel 2020, anno in cui la Croazia presiede il Consiglio dell’Unione europea, il più grande porto croato, Fiume, sarà il centro di un ricco e importante programma artistico-culturale nazionale e europeo e ospiterà i migliori e i più interessanti artisti della scena culturale mondiale, europea e croata. In questo stesso anno Fiume è Capitale europea della cultura." />
<meta property="og:url" content="https://ri2020.eu/it/il-progetto/" />
<meta property="og:site_name" content="Rijeka 2020" />
<meta property="article:publisher" content="https://www.facebook.com/rijeka2020" />
<meta property="article:modified_time" content="2020-01-22T22:18:06+00:00" />
<meta property="og:image" content="https://ri2020.eu/wp-content/uploads/2019/12/40A7392.jpg" />
	<meta property="og:image:width" content="2048" />
	<meta property="og:image:height" content="1365" />
	<meta property="og:image:type" content="image/jpeg" />
<meta name="twitter:card" content="summary_large_image" />
<meta name="twitter:site" content="@Rijeka2020" />
<script type="application/ld+json" class="yoast-schema-graph">{"@context":"https://schema.org","@graph":[{"@type":"WebPage","@id":"https://ri2020.eu/it/il-progetto/","url":"https://ri2020.eu/it/il-progetto/","name":"Il progetto &#8226; Rijeka 2020","isPartOf":{"@id":"https://ri2020.eu/it/#website"},"primaryImageOfPage":{"@id":"https://ri2020.eu/it/il-progetto/#primaryimage"},"image":{"@id":"https://ri2020.eu/it/il-progetto/#primaryimage"},"thumbnailUrl":"https://ri2020.eu/wp-content/uploads/2019/12/40A7392.jpg","datePublished":"2019-11-08T15:38:16+00:00","dateModified":"2020-01-22T22:18:06+00:00","breadcrumb":{"@id":"https://ri2020.eu/it/il-progetto/#breadcrumb"},"inLanguage":"it-IT","potentialAction":[{"@type":"ReadAction","target":["https://ri2020.eu/it/il-progetto/"]}]},{"@type":"ImageObject","inLanguage":"it-IT","@id":"https://ri2020.eu/it/il-progetto/#primaryimage","url":"https://ri2020.eu/wp-content/uploads/2019/12/40A7392.jpg","contentUrl":"https://ri2020.eu/wp-content/uploads/2019/12/40A7392.jpg","width":2048,"height":1365},{"@type":"BreadcrumbList","@id":"https://ri2020.eu/it/il-progetto/#breadcrumb","itemListElement":[{"@type":"ListItem","position":1,"name":"Home","item":"https://ri2020.eu/it/"},{"@type":"ListItem","position":2,"name":"Il progetto"}]},{"@type":"WebSite","@id":"https://ri2020.eu/it/#website","url":"https://ri2020.eu/it/","name":"Rijeka 2020","description":"Europska prijestolnica kulture","publisher":{"@id":"https://ri2020.eu/it/#organization"},"potentialAction":[{"@type":"SearchAction","target":{"@type":"EntryPoint","urlTemplate":"https://ri2020.eu/it/?s={search_term_string}"},"query-input":{"@type":"PropertyValueSpecification","valueRequired":true,"valueName":"search_term_string"}}],"inLanguage":"it-IT"},{"@type":"Organization","@id":"https://ri2020.eu/it/#organization","name":"Rijeka 2020 d.o.o.","url":"https://ri2020.eu/it/","logo":{"@type":"ImageObject","inLanguage":"it-IT","@id":"https://ri2020.eu/it/#/schema/logo/image/","url":"https://rijeka2020.eu/wp-content/uploads/2018/07/Ri2020-logo.png","contentUrl":"https://rijeka2020.eu/wp-content/uploads/2018/07/Ri2020-logo.png","width":407,"height":175,"caption":"Rijeka 2020 d.o.o."},"image":{"@id":"https://ri2020.eu/it/#/schema/logo/image/"},"sameAs":["https://www.facebook.com/rijeka2020","https://x.com/Rijeka2020","https://www.instagram.com/rijeka2020/","https://www.youtube.com/user/riepk2020"]}]}</script>
<!-- / Yoast SEO plugin. -->

Nel 2020, anno in cui la Croazia presiede il Consiglio dell’Unione europea, il più grande porto croato, Fiume, sarà il centro di un ricco e importante programma artistico-culturale nazionale e europeo e ospiterà i migliori e i più interessanti artisti della scena culturale mondiale, europea e croata. In questo stesso anno Fiume è Capitale europea della cultura.
