{"id":44322,"date":"2019-11-10T23:58:40","date_gmt":"2019-11-10T22:58:40","guid":{"rendered":"https:\/\/staging.rijeka2020.eu\/rijeka-2020-d-o-o\/"},"modified":"2019-12-15T22:14:11","modified_gmt":"2019-12-15T21:14:11","slug":"rijeka-2020-llc","status":"publish","type":"page","link":"https:\/\/ri2020.eu\/en\/rijeka-2020-llc\/","title":{"rendered":"The Agency RIJEKA 2020"},"content":{"rendered":"<p>RIJEKA 2020 LLC was jointly founded by The City of Rijeka and the Primorje-Gorski Kotar County, for the purpose of implementing the European Capital of Culture 2020 in Croatia project. The company\u2019s goal is to independently, efficiently and transparently perform\u00a0the Rijeka 2020 &#8211; ECoC project by implementing operational, programme and communication strategies, while the infrastructural investments specified by the Bid Book will be managed by the City of Rijeka and the Primorje-Gorski Kotar County.<\/p>\n<h2><strong>Board of supervisors:<\/strong><\/h2>\n<p>Ivan \u0160arar, president<br \/>\nNada Gunja\u010da, member<br \/>\nSnje\u017eana Priji\u0107-Samard\u017eija, member<br \/>\nDragica Mara\u010d, member<br \/>\nIva Kelentri\u0107,\u00a0member<\/p>\n","protected":false},"excerpt":{"rendered":"<p>RIJEKA 2020 LLC was jointly founded by The City of Rijeka and the Primorje-Gorski Kotar County, for the purpose of implementing the European Capital of Culture 2020 in Croatia project.<\/p>\n","protected":false},"author":72,"featured_media":0,"parent":0,"menu_order":6,"comment_status":"closed","ping_status":"closed","template":"","meta":{"_acf_changed":false,"footnotes":""},"class_list":["post-44322","page","type-page","status-publish","hentry"],"acf":[],"yoast_head":"<!-- This site is optimized with the Yoast SEO plugin v26.8 - https:\/\/yoast.com\/product\/yoast-seo-wordpress\/ -->\n<title>The Agency RIJEKA 2020 &#8226; Rijeka 2020<\/title>\n<meta name=\"robots\" content=\"index, follow, max-snippet:-1, max-image-preview:large, max-video-preview:-1\" \/>\n<link rel=\"canonical\" href=\"https:\/\/ri2020.eu\/en\/rijeka-2020-llc\/\" \/>\n<meta property=\"og:locale\" content=\"en_US\" \/>\n<meta property=\"og:type\" content=\"article\" \/>\n<meta property=\"og:title\" content=\"The Agency RIJEKA 2020 &#8226; Rijeka 2020\" \/>\n<meta property=\"og:description\" content=\"RIJEKA 2020 LLC was jointly founded by The City of Rijeka and the Primorje-Gorski Kotar County, for the purpose of implementing the European Capital of Culture 2020 in Croatia project.\" \/>\n<meta property=\"og:url\" content=\"https:\/\/ri2020.eu\/en\/rijeka-2020-llc\/\" \/>\n<meta property=\"og:site_name\" content=\"Rijeka 2020\" \/>\n<meta property=\"article:publisher\" content=\"https:\/\/www.facebook.com\/rijeka2020\" \/>\n<meta property=\"article:modified_time\" content=\"2019-12-15T21:14:11+00:00\" \/>\n<meta property=\"og:image\" content=\"https:\/\/ri2020.eu\/wp-content\/uploads\/2019\/02\/Rijeka2020-image.png\" \/>\n\t<meta property=\"og:image:width\" content=\"865\" \/>\n\t<meta property=\"og:image:height\" content=\"865\" \/>\n\t<meta property=\"og:image:type\" content=\"image\/png\" \/>\n<meta name=\"twitter:card\" content=\"summary_large_image\" \/>\n<meta name=\"twitter:site\" content=\"@Rijeka2020\" \/>\n<script type=\"application\/ld+json\" class=\"yoast-schema-graph\">{\"@context\":\"https:\/\/schema.org\",\"@graph\":[{\"@type\":\"WebPage\",\"@id\":\"https:\/\/ri2020.eu\/en\/rijeka-2020-llc\/\",\"url\":\"https:\/\/ri2020.eu\/en\/rijeka-2020-llc\/\",\"name\":\"The Agency RIJEKA 2020 &#8226; Rijeka 2020\",\"isPartOf\":{\"@id\":\"https:\/\/ri2020.eu\/en\/#website\"},\"datePublished\":\"2019-11-10T22:58:40+00:00\",\"dateModified\":\"2019-12-15T21:14:11+00:00\",\"breadcrumb\":{\"@id\":\"https:\/\/ri2020.eu\/en\/rijeka-2020-llc\/#breadcrumb\"},\"inLanguage\":\"en-US\",\"potentialAction\":[{\"@type\":\"ReadAction\",\"target\":[\"https:\/\/ri2020.eu\/en\/rijeka-2020-llc\/\"]}]},{\"@type\":\"BreadcrumbList\",\"@id\":\"https:\/\/ri2020.eu\/en\/rijeka-2020-llc\/#breadcrumb\",\"itemListElement\":[{\"@type\":\"ListItem\",\"position\":1,\"name\":\"Home\",\"item\":\"https:\/\/ri2020.eu\/en\/\"},{\"@type\":\"ListItem\",\"position\":2,\"name\":\"The Agency RIJEKA 2020\"}]},{\"@type\":\"WebSite\",\"@id\":\"https:\/\/ri2020.eu\/en\/#website\",\"url\":\"https:\/\/ri2020.eu\/en\/\",\"name\":\"Rijeka 2020\",\"description\":\"Europska prijestolnica kulture\",\"publisher\":{\"@id\":\"https:\/\/ri2020.eu\/en\/#organization\"},\"potentialAction\":[{\"@type\":\"SearchAction\",\"target\":{\"@type\":\"EntryPoint\",\"urlTemplate\":\"https:\/\/ri2020.eu\/en\/?s={search_term_string}\"},\"query-input\":{\"@type\":\"PropertyValueSpecification\",\"valueRequired\":true,\"valueName\":\"search_term_string\"}}],\"inLanguage\":\"en-US\"},{\"@type\":\"Organization\",\"@id\":\"https:\/\/ri2020.eu\/en\/#organization\",\"name\":\"Rijeka 2020 d.o.o.\",\"url\":\"https:\/\/ri2020.eu\/en\/\",\"logo\":{\"@type\":\"ImageObject\",\"inLanguage\":\"en-US\",\"@id\":\"https:\/\/ri2020.eu\/en\/#\/schema\/logo\/image\/\",\"url\":\"https:\/\/rijeka2020.eu\/wp-content\/uploads\/2018\/07\/Ri2020-logo.png\",\"contentUrl\":\"https:\/\/rijeka2020.eu\/wp-content\/uploads\/2018\/07\/Ri2020-logo.png\",\"width\":407,\"height\":175,\"caption\":\"Rijeka 2020 d.o.o.\"},\"image\":{\"@id\":\"https:\/\/ri2020.eu\/en\/#\/schema\/logo\/image\/\"},\"sameAs\":[\"https:\/\/www.facebook.com\/rijeka2020\",\"https:\/\/x.com\/Rijeka2020\",\"https:\/\/www.instagram.com\/rijeka2020\/\",\"https:\/\/www.youtube.com\/user\/riepk2020\"]}]}<\/script>\n<!-- \/ Yoast SEO plugin. -->","yoast_head_json":{"title":"The Agency RIJEKA 2020 &#8226; Rijeka 2020","robots":{"index":"index","follow":"follow","max-snippet":"max-snippet:-1","max-image-preview":"max-image-preview:large","max-video-preview":"max-video-preview:-1"},"canonical":"https:\/\/ri2020.eu\/en\/rijeka-2020-llc\/","og_locale":"en_US","og_type":"article","og_title":"The Agency RIJEKA 2020 &#8226; Rijeka 2020","og_description":"RIJEKA 2020 LLC was jointly founded by The City of Rijeka and the Primorje-Gorski Kotar County, for the purpose of implementing the European Capital of Culture 2020 in Croatia project.","og_url":"https:\/\/ri2020.eu\/en\/rijeka-2020-llc\/","og_site_name":"Rijeka 2020","article_publisher":"https:\/\/www.facebook.com\/rijeka2020","article_modified_time":"2019-12-15T21:14:11+00:00","og_image":[{"width":865,"height":865,"url":"https:\/\/ri2020.eu\/wp-content\/uploads\/2019\/02\/Rijeka2020-image.png","type":"image\/png"}],"twitter_card":"summary_large_image","twitter_site":"@Rijeka2020","schema":{"@context":"https:\/\/schema.org","@graph":[{"@type":"WebPage","@id":"https:\/\/ri2020.eu\/en\/rijeka-2020-llc\/","url":"https:\/\/ri2020.eu\/en\/rijeka-2020-llc\/","name":"The Agency RIJEKA 2020 &#8226; Rijeka 2020","isPartOf":{"@id":"https:\/\/ri2020.eu\/en\/#website"},"datePublished":"2019-11-10T22:58:40+00:00","dateModified":"2019-12-15T21:14:11+00:00","breadcrumb":{"@id":"https:\/\/ri2020.eu\/en\/rijeka-2020-llc\/#breadcrumb"},"inLanguage":"en-US","potentialAction":[{"@type":"ReadAction","target":["https:\/\/ri2020.eu\/en\/rijeka-2020-llc\/"]}]},{"@type":"BreadcrumbList","@id":"https:\/\/ri2020.eu\/en\/rijeka-2020-llc\/#breadcrumb","itemListElement":[{"@type":"ListItem","position":1,"name":"Home","item":"https:\/\/ri2020.eu\/en\/"},{"@type":"ListItem","position":2,"name":"The Agency RIJEKA 2020"}]},{"@type":"WebSite","@id":"https:\/\/ri2020.eu\/en\/#website","url":"https:\/\/ri2020.eu\/en\/","name":"Rijeka 2020","description":"Europska prijestolnica kulture","publisher":{"@id":"https:\/\/ri2020.eu\/en\/#organization"},"potentialAction":[{"@type":"SearchAction","target":{"@type":"EntryPoint","urlTemplate":"https:\/\/ri2020.eu\/en\/?s={search_term_string}"},"query-input":{"@type":"PropertyValueSpecification","valueRequired":true,"valueName":"search_term_string"}}],"inLanguage":"en-US"},{"@type":"Organization","@id":"https:\/\/ri2020.eu\/en\/#organization","name":"Rijeka 2020 d.o.o.","url":"https:\/\/ri2020.eu\/en\/","logo":{"@type":"ImageObject","inLanguage":"en-US","@id":"https:\/\/ri2020.eu\/en\/#\/schema\/logo\/image\/","url":"https:\/\/rijeka2020.eu\/wp-content\/uploads\/2018\/07\/Ri2020-logo.png","contentUrl":"https:\/\/rijeka2020.eu\/wp-content\/uploads\/2018\/07\/Ri2020-logo.png","width":407,"height":175,"caption":"Rijeka 2020 d.o.o."},"image":{"@id":"https:\/\/ri2020.eu\/en\/#\/schema\/logo\/image\/"},"sameAs":["https:\/\/www.facebook.com\/rijeka2020","https:\/\/x.com\/Rijeka2020","https:\/\/www.instagram.com\/rijeka2020\/","https:\/\/www.youtube.com\/user\/riepk2020"]}]}},"_links":{"self":[{"href":"https:\/\/ri2020.eu\/en\/wp-json\/wp\/v2\/pages\/44322","targetHints":{"allow":["GET"]}}],"collection":[{"href":"https:\/\/ri2020.eu\/en\/wp-json\/wp\/v2\/pages"}],"about":[{"href":"https:\/\/ri2020.eu\/en\/wp-json\/wp\/v2\/types\/page"}],"author":[{"embeddable":true,"href":"https:\/\/ri2020.eu\/en\/wp-json\/wp\/v2\/users\/72"}],"replies":[{"embeddable":true,"href":"https:\/\/ri2020.eu\/en\/wp-json\/wp\/v2\/comments?post=44322"}],"version-history":[{"count":3,"href":"https:\/\/ri2020.eu\/en\/wp-json\/wp\/v2\/pages\/44322\/revisions"}],"predecessor-version":[{"id":44901,"href":"https:\/\/ri2020.eu\/en\/wp-json\/wp\/v2\/pages\/44322\/revisions\/44901"}],"wp:attachment":[{"href":"https:\/\/ri2020.eu\/en\/wp-json\/wp\/v2\/media?parent=44322"}],"curies":[{"name":"wp","href":"https:\/\/api.w.org\/{rel}","templated":true}]}}

<p>RIJEKA 2020 LLC was jointly founded by The City of Rijeka and the Primorje-Gorski Kotar County, for the purpose of implementing the European Capital of Culture 2020 in Croatia project. The company’s goal is to independently, efficiently and transparently perform the Rijeka 2020 &#8211; ECoC project by implementing operational, programme and communication strategies, while the infrastructural investments specified by the Bid Book will be managed by the City of Rijeka and the Primorje-Gorski Kotar County.</p>
<h2><strong>Board of supervisors:</strong></h2>
<p>Ivan Šarar, president<br />
Nada Gunjača, member<br />
Snježana Prijić-Samardžija, member<br />
Dragica Marač, member<br />
Iva Kelentrić, member</p>
