{"id":58866,"date":"2020-09-04T13:48:05","date_gmt":"2020-09-04T11:48:05","guid":{"rendered":"https:\/\/rijeka2020.eu\/dogadjanja\/radionica-mozaik-kruznoj\/"},"modified":"2020-09-22T12:08:27","modified_gmt":"2020-09-22T10:08:27","slug":"a-mosaic-for-kruzna-workshop","status":"publish","type":"event","link":"https:\/\/ri2020.eu\/en\/dogadjanja\/a-mosaic-for-kruzna-workshop\/","title":{"rendered":"A Mosaic for Kru\u017ena workshop"},"content":{"rendered":"","protected":false},"excerpt":{"rendered":"<p>The A Mosaic for Kru\u017ena workshop will be held between 21 and 27 September from 5 p.m. to 7 p.m. at the Student Cultural Centre (8 Kru\u017ena Street) and in Kru\u017ena Street.<\/p>\n","protected":false},"author":72,"featured_media":43843,"parent":0,"menu_order":0,"template":"","categories":[],"tags":[],"class_list":["post-58866","event","type-event","status-publish","has-post-thumbnail","hentry","type-community-programmes","type-workshops","flagships-civil-initiatives","venue-rijeka"],"acf":[],"yoast_head":"<!-- This site is optimized with the Yoast SEO plugin v26.8 - https:\/\/yoast.com\/product\/yoast-seo-wordpress\/ -->\n<title>A Mosaic for Kru\u017ena workshop &#8226; Rijeka 2020<\/title>\n<meta name=\"robots\" content=\"index, follow, max-snippet:-1, max-image-preview:large, max-video-preview:-1\" \/>\n<link rel=\"canonical\" href=\"https:\/\/ri2020.eu\/en\/dogadjanja\/a-mosaic-for-kruzna-workshop\/\" \/>\n<meta property=\"og:locale\" content=\"en_US\" \/>\n<meta property=\"og:type\" content=\"article\" \/>\n<meta property=\"og:title\" content=\"A Mosaic for Kru\u017ena workshop &#8226; Rijeka 2020\" \/>\n<meta property=\"og:description\" content=\"The A Mosaic for Kru\u017ena workshop will be held between 21 and 27 September from 5 p.m. to 7 p.m. at the Student Cultural Centre (8 Kru\u017ena Street) and in Kru\u017ena Street.\" \/>\n<meta property=\"og:url\" content=\"https:\/\/ri2020.eu\/en\/dogadjanja\/a-mosaic-for-kruzna-workshop\/\" \/>\n<meta property=\"og:site_name\" content=\"Rijeka 2020\" \/>\n<meta property=\"article:publisher\" content=\"https:\/\/www.facebook.com\/rijeka2020\" \/>\n<meta property=\"article:modified_time\" content=\"2020-09-22T10:08:27+00:00\" \/>\n<meta property=\"og:image\" content=\"https:\/\/ri2020.eu\/wp-content\/uploads\/2019\/11\/Vizualizacija-Mozaik-Kru\u017enoj-2.jpg\" \/>\n\t<meta property=\"og:image:width\" content=\"1610\" \/>\n\t<meta property=\"og:image:height\" content=\"1675\" \/>\n\t<meta property=\"og:image:type\" content=\"image\/jpeg\" \/>\n<meta name=\"twitter:card\" content=\"summary_large_image\" \/>\n<meta name=\"twitter:site\" content=\"@Rijeka2020\" \/>\n<script type=\"application\/ld+json\" class=\"yoast-schema-graph\">{\"@context\":\"https:\/\/schema.org\",\"@graph\":[{\"@type\":\"WebPage\",\"@id\":\"https:\/\/ri2020.eu\/en\/dogadjanja\/a-mosaic-for-kruzna-workshop\/\",\"url\":\"https:\/\/ri2020.eu\/en\/dogadjanja\/a-mosaic-for-kruzna-workshop\/\",\"name\":\"A Mosaic for Kru\u017ena workshop &#8226; Rijeka 2020\",\"isPartOf\":{\"@id\":\"https:\/\/ri2020.eu\/en\/#website\"},\"primaryImageOfPage\":{\"@id\":\"https:\/\/ri2020.eu\/en\/dogadjanja\/a-mosaic-for-kruzna-workshop\/#primaryimage\"},\"image\":{\"@id\":\"https:\/\/ri2020.eu\/en\/dogadjanja\/a-mosaic-for-kruzna-workshop\/#primaryimage\"},\"thumbnailUrl\":\"https:\/\/ri2020.eu\/wp-content\/uploads\/2019\/11\/Vizualizacija-Mozaik-Kru\u017enoj-2.jpg\",\"datePublished\":\"2020-09-04T11:48:05+00:00\",\"dateModified\":\"2020-09-22T10:08:27+00:00\",\"breadcrumb\":{\"@id\":\"https:\/\/ri2020.eu\/en\/dogadjanja\/a-mosaic-for-kruzna-workshop\/#breadcrumb\"},\"inLanguage\":\"en-US\",\"potentialAction\":[{\"@type\":\"ReadAction\",\"target\":[\"https:\/\/ri2020.eu\/en\/dogadjanja\/a-mosaic-for-kruzna-workshop\/\"]}]},{\"@type\":\"ImageObject\",\"inLanguage\":\"en-US\",\"@id\":\"https:\/\/ri2020.eu\/en\/dogadjanja\/a-mosaic-for-kruzna-workshop\/#primaryimage\",\"url\":\"https:\/\/ri2020.eu\/wp-content\/uploads\/2019\/11\/Vizualizacija-Mozaik-Kru\u017enoj-2.jpg\",\"contentUrl\":\"https:\/\/ri2020.eu\/wp-content\/uploads\/2019\/11\/Vizualizacija-Mozaik-Kru\u017enoj-2.jpg\",\"width\":1610,\"height\":1675},{\"@type\":\"BreadcrumbList\",\"@id\":\"https:\/\/ri2020.eu\/en\/dogadjanja\/a-mosaic-for-kruzna-workshop\/#breadcrumb\",\"itemListElement\":[{\"@type\":\"ListItem\",\"position\":1,\"name\":\"Home\",\"item\":\"https:\/\/ri2020.eu\/en\/\"},{\"@type\":\"ListItem\",\"position\":2,\"name\":\"Events\",\"item\":\"https:\/\/ri2020.eu\/en\/dogadjanja\/\"},{\"@type\":\"ListItem\",\"position\":3,\"name\":\"A Mosaic for Kru\u017ena workshop\"}]},{\"@type\":\"WebSite\",\"@id\":\"https:\/\/ri2020.eu\/en\/#website\",\"url\":\"https:\/\/ri2020.eu\/en\/\",\"name\":\"Rijeka 2020\",\"description\":\"Europska prijestolnica kulture\",\"publisher\":{\"@id\":\"https:\/\/ri2020.eu\/en\/#organization\"},\"potentialAction\":[{\"@type\":\"SearchAction\",\"target\":{\"@type\":\"EntryPoint\",\"urlTemplate\":\"https:\/\/ri2020.eu\/en\/?s={search_term_string}\"},\"query-input\":{\"@type\":\"PropertyValueSpecification\",\"valueRequired\":true,\"valueName\":\"search_term_string\"}}],\"inLanguage\":\"en-US\"},{\"@type\":\"Organization\",\"@id\":\"https:\/\/ri2020.eu\/en\/#organization\",\"name\":\"Rijeka 2020 d.o.o.\",\"url\":\"https:\/\/ri2020.eu\/en\/\",\"logo\":{\"@type\":\"ImageObject\",\"inLanguage\":\"en-US\",\"@id\":\"https:\/\/ri2020.eu\/en\/#\/schema\/logo\/image\/\",\"url\":\"https:\/\/rijeka2020.eu\/wp-content\/uploads\/2018\/07\/Ri2020-logo.png\",\"contentUrl\":\"https:\/\/rijeka2020.eu\/wp-content\/uploads\/2018\/07\/Ri2020-logo.png\",\"width\":407,\"height\":175,\"caption\":\"Rijeka 2020 d.o.o.\"},\"image\":{\"@id\":\"https:\/\/ri2020.eu\/en\/#\/schema\/logo\/image\/\"},\"sameAs\":[\"https:\/\/www.facebook.com\/rijeka2020\",\"https:\/\/x.com\/Rijeka2020\",\"https:\/\/www.instagram.com\/rijeka2020\/\",\"https:\/\/www.youtube.com\/user\/riepk2020\"]}]}<\/script>\n<!-- \/ Yoast SEO plugin. -->","yoast_head_json":{"title":"A Mosaic for Kru\u017ena workshop &#8226; Rijeka 2020","robots":{"index":"index","follow":"follow","max-snippet":"max-snippet:-1","max-image-preview":"max-image-preview:large","max-video-preview":"max-video-preview:-1"},"canonical":"https:\/\/ri2020.eu\/en\/dogadjanja\/a-mosaic-for-kruzna-workshop\/","og_locale":"en_US","og_type":"article","og_title":"A Mosaic for Kru\u017ena workshop &#8226; Rijeka 2020","og_description":"The A Mosaic for Kru\u017ena workshop will be held between 21 and 27 September from 5 p.m. to 7 p.m. at the Student Cultural Centre (8 Kru\u017ena Street) and in Kru\u017ena Street.","og_url":"https:\/\/ri2020.eu\/en\/dogadjanja\/a-mosaic-for-kruzna-workshop\/","og_site_name":"Rijeka 2020","article_publisher":"https:\/\/www.facebook.com\/rijeka2020","article_modified_time":"2020-09-22T10:08:27+00:00","og_image":[{"width":1610,"height":1675,"url":"https:\/\/ri2020.eu\/wp-content\/uploads\/2019\/11\/Vizualizacija-Mozaik-Kru\u017enoj-2.jpg","type":"image\/jpeg"}],"twitter_card":"summary_large_image","twitter_site":"@Rijeka2020","schema":{"@context":"https:\/\/schema.org","@graph":[{"@type":"WebPage","@id":"https:\/\/ri2020.eu\/en\/dogadjanja\/a-mosaic-for-kruzna-workshop\/","url":"https:\/\/ri2020.eu\/en\/dogadjanja\/a-mosaic-for-kruzna-workshop\/","name":"A Mosaic for Kru\u017ena workshop &#8226; Rijeka 2020","isPartOf":{"@id":"https:\/\/ri2020.eu\/en\/#website"},"primaryImageOfPage":{"@id":"https:\/\/ri2020.eu\/en\/dogadjanja\/a-mosaic-for-kruzna-workshop\/#primaryimage"},"image":{"@id":"https:\/\/ri2020.eu\/en\/dogadjanja\/a-mosaic-for-kruzna-workshop\/#primaryimage"},"thumbnailUrl":"https:\/\/ri2020.eu\/wp-content\/uploads\/2019\/11\/Vizualizacija-Mozaik-Kru\u017enoj-2.jpg","datePublished":"2020-09-04T11:48:05+00:00","dateModified":"2020-09-22T10:08:27+00:00","breadcrumb":{"@id":"https:\/\/ri2020.eu\/en\/dogadjanja\/a-mosaic-for-kruzna-workshop\/#breadcrumb"},"inLanguage":"en-US","potentialAction":[{"@type":"ReadAction","target":["https:\/\/ri2020.eu\/en\/dogadjanja\/a-mosaic-for-kruzna-workshop\/"]}]},{"@type":"ImageObject","inLanguage":"en-US","@id":"https:\/\/ri2020.eu\/en\/dogadjanja\/a-mosaic-for-kruzna-workshop\/#primaryimage","url":"https:\/\/ri2020.eu\/wp-content\/uploads\/2019\/11\/Vizualizacija-Mozaik-Kru\u017enoj-2.jpg","contentUrl":"https:\/\/ri2020.eu\/wp-content\/uploads\/2019\/11\/Vizualizacija-Mozaik-Kru\u017enoj-2.jpg","width":1610,"height":1675},{"@type":"BreadcrumbList","@id":"https:\/\/ri2020.eu\/en\/dogadjanja\/a-mosaic-for-kruzna-workshop\/#breadcrumb","itemListElement":[{"@type":"ListItem","position":1,"name":"Home","item":"https:\/\/ri2020.eu\/en\/"},{"@type":"ListItem","position":2,"name":"Events","item":"https:\/\/ri2020.eu\/en\/dogadjanja\/"},{"@type":"ListItem","position":3,"name":"A Mosaic for Kru\u017ena workshop"}]},{"@type":"WebSite","@id":"https:\/\/ri2020.eu\/en\/#website","url":"https:\/\/ri2020.eu\/en\/","name":"Rijeka 2020","description":"Europska prijestolnica kulture","publisher":{"@id":"https:\/\/ri2020.eu\/en\/#organization"},"potentialAction":[{"@type":"SearchAction","target":{"@type":"EntryPoint","urlTemplate":"https:\/\/ri2020.eu\/en\/?s={search_term_string}"},"query-input":{"@type":"PropertyValueSpecification","valueRequired":true,"valueName":"search_term_string"}}],"inLanguage":"en-US"},{"@type":"Organization","@id":"https:\/\/ri2020.eu\/en\/#organization","name":"Rijeka 2020 d.o.o.","url":"https:\/\/ri2020.eu\/en\/","logo":{"@type":"ImageObject","inLanguage":"en-US","@id":"https:\/\/ri2020.eu\/en\/#\/schema\/logo\/image\/","url":"https:\/\/rijeka2020.eu\/wp-content\/uploads\/2018\/07\/Ri2020-logo.png","contentUrl":"https:\/\/rijeka2020.eu\/wp-content\/uploads\/2018\/07\/Ri2020-logo.png","width":407,"height":175,"caption":"Rijeka 2020 d.o.o."},"image":{"@id":"https:\/\/ri2020.eu\/en\/#\/schema\/logo\/image\/"},"sameAs":["https:\/\/www.facebook.com\/rijeka2020","https:\/\/x.com\/Rijeka2020","https:\/\/www.instagram.com\/rijeka2020\/","https:\/\/www.youtube.com\/user\/riepk2020"]}]}},"_links":{"self":[{"href":"https:\/\/ri2020.eu\/en\/wp-json\/wp\/v2\/events\/58866","targetHints":{"allow":["GET"]}}],"collection":[{"href":"https:\/\/ri2020.eu\/en\/wp-json\/wp\/v2\/events"}],"about":[{"href":"https:\/\/ri2020.eu\/en\/wp-json\/wp\/v2\/types\/event"}],"author":[{"embeddable":true,"href":"https:\/\/ri2020.eu\/en\/wp-json\/wp\/v2\/users\/72"}],"wp:featuredmedia":[{"embeddable":true,"href":"https:\/\/ri2020.eu\/en\/wp-json\/wp\/v2\/media\/43843"}],"wp:attachment":[{"href":"https:\/\/ri2020.eu\/en\/wp-json\/wp\/v2\/media?parent=58866"}],"wp:term":[{"taxonomy":"category","embeddable":true,"href":"https:\/\/ri2020.eu\/en\/wp-json\/wp\/v2\/categories?post=58866"},{"taxonomy":"post_tag","embeddable":true,"href":"https:\/\/ri2020.eu\/en\/wp-json\/wp\/v2\/tags?post=58866"}],"curies":[{"name":"wp","href":"https:\/\/api.w.org\/{rel}","templated":true}]}}

A Mosaic for Kružna workshop

<p>The A Mosaic for Kružna workshop will be held between 21 and 27 September from 5 p.m. to 7 p.m. at the Student Cultural Centre (8 Kružna Street) and in Kružna Street.</p>

<!-- This site is optimized with the Yoast SEO plugin v26.8 - https://yoast.com/product/yoast-seo-wordpress/ -->
<title>A Mosaic for Kružna workshop &#8226; Rijeka 2020</title>
<meta name="robots" content="index, follow, max-snippet:-1, max-image-preview:large, max-video-preview:-1" />
<link rel="canonical" href="https://ri2020.eu/en/dogadjanja/a-mosaic-for-kruzna-workshop/" />
<meta property="og:locale" content="en_US" />
<meta property="og:type" content="article" />
<meta property="og:title" content="A Mosaic for Kružna workshop &#8226; Rijeka 2020" />
<meta property="og:description" content="The A Mosaic for Kružna workshop will be held between 21 and 27 September from 5 p.m. to 7 p.m. at the Student Cultural Centre (8 Kružna Street) and in Kružna Street." />
<meta property="og:url" content="https://ri2020.eu/en/dogadjanja/a-mosaic-for-kruzna-workshop/" />
<meta property="og:site_name" content="Rijeka 2020" />
<meta property="article:publisher" content="https://www.facebook.com/rijeka2020" />
<meta property="article:modified_time" content="2020-09-22T10:08:27+00:00" />
<meta property="og:image" content="https://ri2020.eu/wp-content/uploads/2019/11/Vizualizacija-Mozaik-Kružnoj-2.jpg" />
	<meta property="og:image:width" content="1610" />
	<meta property="og:image:height" content="1675" />
	<meta property="og:image:type" content="image/jpeg" />
<meta name="twitter:card" content="summary_large_image" />
<meta name="twitter:site" content="@Rijeka2020" />
<script type="application/ld+json" class="yoast-schema-graph">{"@context":"https://schema.org","@graph":[{"@type":"WebPage","@id":"https://ri2020.eu/en/dogadjanja/a-mosaic-for-kruzna-workshop/","url":"https://ri2020.eu/en/dogadjanja/a-mosaic-for-kruzna-workshop/","name":"A Mosaic for Kružna workshop &#8226; Rijeka 2020","isPartOf":{"@id":"https://ri2020.eu/en/#website"},"primaryImageOfPage":{"@id":"https://ri2020.eu/en/dogadjanja/a-mosaic-for-kruzna-workshop/#primaryimage"},"image":{"@id":"https://ri2020.eu/en/dogadjanja/a-mosaic-for-kruzna-workshop/#primaryimage"},"thumbnailUrl":"https://ri2020.eu/wp-content/uploads/2019/11/Vizualizacija-Mozaik-Kružnoj-2.jpg","datePublished":"2020-09-04T11:48:05+00:00","dateModified":"2020-09-22T10:08:27+00:00","breadcrumb":{"@id":"https://ri2020.eu/en/dogadjanja/a-mosaic-for-kruzna-workshop/#breadcrumb"},"inLanguage":"en-US","potentialAction":[{"@type":"ReadAction","target":["https://ri2020.eu/en/dogadjanja/a-mosaic-for-kruzna-workshop/"]}]},{"@type":"ImageObject","inLanguage":"en-US","@id":"https://ri2020.eu/en/dogadjanja/a-mosaic-for-kruzna-workshop/#primaryimage","url":"https://ri2020.eu/wp-content/uploads/2019/11/Vizualizacija-Mozaik-Kružnoj-2.jpg","contentUrl":"https://ri2020.eu/wp-content/uploads/2019/11/Vizualizacija-Mozaik-Kružnoj-2.jpg","width":1610,"height":1675},{"@type":"BreadcrumbList","@id":"https://ri2020.eu/en/dogadjanja/a-mosaic-for-kruzna-workshop/#breadcrumb","itemListElement":[{"@type":"ListItem","position":1,"name":"Home","item":"https://ri2020.eu/en/"},{"@type":"ListItem","position":2,"name":"Events","item":"https://ri2020.eu/en/dogadjanja/"},{"@type":"ListItem","position":3,"name":"A Mosaic for Kružna workshop"}]},{"@type":"WebSite","@id":"https://ri2020.eu/en/#website","url":"https://ri2020.eu/en/","name":"Rijeka 2020","description":"Europska prijestolnica kulture","publisher":{"@id":"https://ri2020.eu/en/#organization"},"potentialAction":[{"@type":"SearchAction","target":{"@type":"EntryPoint","urlTemplate":"https://ri2020.eu/en/?s={search_term_string}"},"query-input":{"@type":"PropertyValueSpecification","valueRequired":true,"valueName":"search_term_string"}}],"inLanguage":"en-US"},{"@type":"Organization","@id":"https://ri2020.eu/en/#organization","name":"Rijeka 2020 d.o.o.","url":"https://ri2020.eu/en/","logo":{"@type":"ImageObject","inLanguage":"en-US","@id":"https://ri2020.eu/en/#/schema/logo/image/","url":"https://rijeka2020.eu/wp-content/uploads/2018/07/Ri2020-logo.png","contentUrl":"https://rijeka2020.eu/wp-content/uploads/2018/07/Ri2020-logo.png","width":407,"height":175,"caption":"Rijeka 2020 d.o.o."},"image":{"@id":"https://ri2020.eu/en/#/schema/logo/image/"},"sameAs":["https://www.facebook.com/rijeka2020","https://x.com/Rijeka2020","https://www.instagram.com/rijeka2020/","https://www.youtube.com/user/riepk2020"]}]}</script>
<!-- / Yoast SEO plugin. -->

A Mosaic for Kružna workshop &#8226; Rijeka 2020

The A Mosaic for Kružna workshop will be held between 21 and 27 September from 5 p.m. to 7 p.m. at the Student Cultural Centre (8 Kružna Street) and in Kružna Street.

https://ri2020.eu/wp-content/uploads/2019/11/Vizualizacija-Mozaik-Kružnoj-2.jpg
