{"id":57561,"date":"2020-08-31T09:54:10","date_gmt":"2020-08-31T07:54:10","guid":{"rendered":"https:\/\/rijeka2020.eu\/dogadjanja\/sajam-i-radionice-3n-napusti-normalne-naprave\/"},"modified":"2020-09-03T10:52:34","modified_gmt":"2020-09-03T08:52:34","slug":"and-3n-unusual-devices-and-diy-culture-fair","status":"publish","type":"event","link":"https:\/\/ri2020.eu\/en\/dogadjanja\/and-3n-unusual-devices-and-diy-culture-fair\/","title":{"rendered":"AND (3N) \u2013 Unusual Devices and DIY Culture Fair"},"content":{"rendered":"<p>Na radionici \u0107e polaznici izra\u0111vati svjetlosne objekte i diorame koje \u0107e osvijetliti LED diodama uz mogu\u0107nost dodatnih programiranih svjetlosnih efekata na arduino mikrokontroleru. Diorame \u0107e izra\u0111ivati od papira prema dizajnu polaznika.<\/p>\n<p>Diorama izgleda poput kazali\u0161ne kutije \u010diji se prizor sastoji od niza planova \/ slojeva izrezanih silueta koje stvaraju iluziju dubine. Efekti koje je mogu\u0107e posti\u0107i dodaju\u0107i vi\u0161e slojeva i 3D efekt su fascinantni te je mogu\u0107a primjena navedenih vje\u0161tina pri stvaranju umjetnosti svjetlosnih objekata ili animiranih i eksperimentalnih filmova.<\/p>\n<p><strong>NAPOMENA: Polaznici nose ku\u0107i svoje radove!<\/strong><\/p>\n<p>Radionica\u00a0<em>Svjetle\u0107i \u0161tapovi<\/em>\u00a0bavi se izradom \u2013 kao \u0161to i sam naziv ka\u017ee \u2013 \u0161tapova koji svijetle u mraku, s kojima se mogu raditi fora fotografije LED grafita i svjetlosnih objekata. Polaznici \u0107e kroz igru savladati osnove elektronike i po zavr\u0161etku radionice napraviti galeriju fotografija svojih LED grafita.<\/p>\n<p><strong>NAPOMENA: Polaznici nose ku\u0107i svoje radove!<\/strong><\/p>\n<h2>RADIONICA ROBOTIKE<br \/>\nIzradimo robotsku ruku!<\/h2>\n","protected":false},"excerpt":{"rendered":"<p>The 4th 3N\/AND \u2013 Abandon Normal Devices (Napusti normalne naprave) Fair is scheduled for 4 and 5 September (Friday and Saturday) from 5 p.m. to 9 p.m. at the Palach Youth Cultural Centre on Kru\u017ena Street, as part of the Gyroscope project.<\/p>\n","protected":false},"author":72,"featured_media":57103,"parent":0,"menu_order":0,"template":"","categories":[],"tags":[],"class_list":["post-57561","event","type-event","status-publish","has-post-thumbnail","hentry","type-art-technology","type-community-programmes","type-exhibitions","flagships-dopolavoro-en","venue-omladinski-kulturni-centar-palach"],"acf":[],"yoast_head":"<!-- This site is optimized with the Yoast SEO plugin v26.8 - https:\/\/yoast.com\/product\/yoast-seo-wordpress\/ -->\n<title>AND (3N) \u2013 Unusual Devices and DIY Culture Fair &#8226; Rijeka 2020<\/title>\n<meta name=\"robots\" content=\"index, follow, max-snippet:-1, max-image-preview:large, max-video-preview:-1\" \/>\n<link rel=\"canonical\" href=\"https:\/\/ri2020.eu\/en\/dogadjanja\/and-3n-unusual-devices-and-diy-culture-fair\/\" \/>\n<meta property=\"og:locale\" content=\"en_US\" \/>\n<meta property=\"og:type\" content=\"article\" \/>\n<meta property=\"og:title\" content=\"AND (3N) \u2013 Unusual Devices and DIY Culture Fair &#8226; Rijeka 2020\" \/>\n<meta property=\"og:description\" content=\"The 4th 3N\/AND \u2013 Abandon Normal Devices (Napusti normalne naprave) Fair is scheduled for 4 and 5 September (Friday and Saturday) from 5 p.m. to 9 p.m. at the Palach Youth Cultural Centre on Kru\u017ena Street, as part of the Gyroscope project.\" \/>\n<meta property=\"og:url\" content=\"https:\/\/ri2020.eu\/en\/dogadjanja\/and-3n-unusual-devices-and-diy-culture-fair\/\" \/>\n<meta property=\"og:site_name\" content=\"Rijeka 2020\" \/>\n<meta property=\"article:publisher\" content=\"https:\/\/www.facebook.com\/rijeka2020\" \/>\n<meta property=\"article:modified_time\" content=\"2020-09-03T08:52:34+00:00\" \/>\n<meta property=\"og:image\" content=\"https:\/\/ri2020.eu\/wp-content\/uploads\/2020\/08\/3N.jpg\" \/>\n\t<meta property=\"og:image:width\" content=\"1142\" \/>\n\t<meta property=\"og:image:height\" content=\"762\" \/>\n\t<meta property=\"og:image:type\" content=\"image\/jpeg\" \/>\n<meta name=\"twitter:card\" content=\"summary_large_image\" \/>\n<meta name=\"twitter:site\" content=\"@Rijeka2020\" \/>\n<meta name=\"twitter:label1\" content=\"Est. reading time\" \/>\n\t<meta name=\"twitter:data1\" content=\"1 minute\" \/>\n<script type=\"application\/ld+json\" class=\"yoast-schema-graph\">{\"@context\":\"https:\/\/schema.org\",\"@graph\":[{\"@type\":\"WebPage\",\"@id\":\"https:\/\/ri2020.eu\/en\/dogadjanja\/and-3n-unusual-devices-and-diy-culture-fair\/\",\"url\":\"https:\/\/ri2020.eu\/en\/dogadjanja\/and-3n-unusual-devices-and-diy-culture-fair\/\",\"name\":\"AND (3N) \u2013 Unusual Devices and DIY Culture Fair &#8226; Rijeka 2020\",\"isPartOf\":{\"@id\":\"https:\/\/ri2020.eu\/en\/#website\"},\"primaryImageOfPage\":{\"@id\":\"https:\/\/ri2020.eu\/en\/dogadjanja\/and-3n-unusual-devices-and-diy-culture-fair\/#primaryimage\"},\"image\":{\"@id\":\"https:\/\/ri2020.eu\/en\/dogadjanja\/and-3n-unusual-devices-and-diy-culture-fair\/#primaryimage\"},\"thumbnailUrl\":\"https:\/\/ri2020.eu\/wp-content\/uploads\/2020\/08\/3N.jpg\",\"datePublished\":\"2020-08-31T07:54:10+00:00\",\"dateModified\":\"2020-09-03T08:52:34+00:00\",\"breadcrumb\":{\"@id\":\"https:\/\/ri2020.eu\/en\/dogadjanja\/and-3n-unusual-devices-and-diy-culture-fair\/#breadcrumb\"},\"inLanguage\":\"en-US\",\"potentialAction\":[{\"@type\":\"ReadAction\",\"target\":[\"https:\/\/ri2020.eu\/en\/dogadjanja\/and-3n-unusual-devices-and-diy-culture-fair\/\"]}]},{\"@type\":\"ImageObject\",\"inLanguage\":\"en-US\",\"@id\":\"https:\/\/ri2020.eu\/en\/dogadjanja\/and-3n-unusual-devices-and-diy-culture-fair\/#primaryimage\",\"url\":\"https:\/\/ri2020.eu\/wp-content\/uploads\/2020\/08\/3N.jpg\",\"contentUrl\":\"https:\/\/ri2020.eu\/wp-content\/uploads\/2020\/08\/3N.jpg\",\"width\":1142,\"height\":762},{\"@type\":\"BreadcrumbList\",\"@id\":\"https:\/\/ri2020.eu\/en\/dogadjanja\/and-3n-unusual-devices-and-diy-culture-fair\/#breadcrumb\",\"itemListElement\":[{\"@type\":\"ListItem\",\"position\":1,\"name\":\"Home\",\"item\":\"https:\/\/ri2020.eu\/en\/\"},{\"@type\":\"ListItem\",\"position\":2,\"name\":\"Events\",\"item\":\"https:\/\/ri2020.eu\/en\/dogadjanja\/\"},{\"@type\":\"ListItem\",\"position\":3,\"name\":\"AND (3N) \u2013 Unusual Devices and DIY Culture Fair\"}]},{\"@type\":\"WebSite\",\"@id\":\"https:\/\/ri2020.eu\/en\/#website\",\"url\":\"https:\/\/ri2020.eu\/en\/\",\"name\":\"Rijeka 2020\",\"description\":\"Europska prijestolnica kulture\",\"publisher\":{\"@id\":\"https:\/\/ri2020.eu\/en\/#organization\"},\"potentialAction\":[{\"@type\":\"SearchAction\",\"target\":{\"@type\":\"EntryPoint\",\"urlTemplate\":\"https:\/\/ri2020.eu\/en\/?s={search_term_string}\"},\"query-input\":{\"@type\":\"PropertyValueSpecification\",\"valueRequired\":true,\"valueName\":\"search_term_string\"}}],\"inLanguage\":\"en-US\"},{\"@type\":\"Organization\",\"@id\":\"https:\/\/ri2020.eu\/en\/#organization\",\"name\":\"Rijeka 2020 d.o.o.\",\"url\":\"https:\/\/ri2020.eu\/en\/\",\"logo\":{\"@type\":\"ImageObject\",\"inLanguage\":\"en-US\",\"@id\":\"https:\/\/ri2020.eu\/en\/#\/schema\/logo\/image\/\",\"url\":\"https:\/\/rijeka2020.eu\/wp-content\/uploads\/2018\/07\/Ri2020-logo.png\",\"contentUrl\":\"https:\/\/rijeka2020.eu\/wp-content\/uploads\/2018\/07\/Ri2020-logo.png\",\"width\":407,\"height\":175,\"caption\":\"Rijeka 2020 d.o.o.\"},\"image\":{\"@id\":\"https:\/\/ri2020.eu\/en\/#\/schema\/logo\/image\/\"},\"sameAs\":[\"https:\/\/www.facebook.com\/rijeka2020\",\"https:\/\/x.com\/Rijeka2020\",\"https:\/\/www.instagram.com\/rijeka2020\/\",\"https:\/\/www.youtube.com\/user\/riepk2020\"]}]}<\/script>\n<!-- \/ Yoast SEO plugin. -->","yoast_head_json":{"title":"AND (3N) \u2013 Unusual Devices and DIY Culture Fair &#8226; Rijeka 2020","robots":{"index":"index","follow":"follow","max-snippet":"max-snippet:-1","max-image-preview":"max-image-preview:large","max-video-preview":"max-video-preview:-1"},"canonical":"https:\/\/ri2020.eu\/en\/dogadjanja\/and-3n-unusual-devices-and-diy-culture-fair\/","og_locale":"en_US","og_type":"article","og_title":"AND (3N) \u2013 Unusual Devices and DIY Culture Fair &#8226; Rijeka 2020","og_description":"The 4th 3N\/AND \u2013 Abandon Normal Devices (Napusti normalne naprave) Fair is scheduled for 4 and 5 September (Friday and Saturday) from 5 p.m. to 9 p.m. at the Palach Youth Cultural Centre on Kru\u017ena Street, as part of the Gyroscope project.","og_url":"https:\/\/ri2020.eu\/en\/dogadjanja\/and-3n-unusual-devices-and-diy-culture-fair\/","og_site_name":"Rijeka 2020","article_publisher":"https:\/\/www.facebook.com\/rijeka2020","article_modified_time":"2020-09-03T08:52:34+00:00","og_image":[{"width":1142,"height":762,"url":"https:\/\/ri2020.eu\/wp-content\/uploads\/2020\/08\/3N.jpg","type":"image\/jpeg"}],"twitter_card":"summary_large_image","twitter_site":"@Rijeka2020","twitter_misc":{"Est. reading time":"1 minute"},"schema":{"@context":"https:\/\/schema.org","@graph":[{"@type":"WebPage","@id":"https:\/\/ri2020.eu\/en\/dogadjanja\/and-3n-unusual-devices-and-diy-culture-fair\/","url":"https:\/\/ri2020.eu\/en\/dogadjanja\/and-3n-unusual-devices-and-diy-culture-fair\/","name":"AND (3N) \u2013 Unusual Devices and DIY Culture Fair &#8226; Rijeka 2020","isPartOf":{"@id":"https:\/\/ri2020.eu\/en\/#website"},"primaryImageOfPage":{"@id":"https:\/\/ri2020.eu\/en\/dogadjanja\/and-3n-unusual-devices-and-diy-culture-fair\/#primaryimage"},"image":{"@id":"https:\/\/ri2020.eu\/en\/dogadjanja\/and-3n-unusual-devices-and-diy-culture-fair\/#primaryimage"},"thumbnailUrl":"https:\/\/ri2020.eu\/wp-content\/uploads\/2020\/08\/3N.jpg","datePublished":"2020-08-31T07:54:10+00:00","dateModified":"2020-09-03T08:52:34+00:00","breadcrumb":{"@id":"https:\/\/ri2020.eu\/en\/dogadjanja\/and-3n-unusual-devices-and-diy-culture-fair\/#breadcrumb"},"inLanguage":"en-US","potentialAction":[{"@type":"ReadAction","target":["https:\/\/ri2020.eu\/en\/dogadjanja\/and-3n-unusual-devices-and-diy-culture-fair\/"]}]},{"@type":"ImageObject","inLanguage":"en-US","@id":"https:\/\/ri2020.eu\/en\/dogadjanja\/and-3n-unusual-devices-and-diy-culture-fair\/#primaryimage","url":"https:\/\/ri2020.eu\/wp-content\/uploads\/2020\/08\/3N.jpg","contentUrl":"https:\/\/ri2020.eu\/wp-content\/uploads\/2020\/08\/3N.jpg","width":1142,"height":762},{"@type":"BreadcrumbList","@id":"https:\/\/ri2020.eu\/en\/dogadjanja\/and-3n-unusual-devices-and-diy-culture-fair\/#breadcrumb","itemListElement":[{"@type":"ListItem","position":1,"name":"Home","item":"https:\/\/ri2020.eu\/en\/"},{"@type":"ListItem","position":2,"name":"Events","item":"https:\/\/ri2020.eu\/en\/dogadjanja\/"},{"@type":"ListItem","position":3,"name":"AND (3N) \u2013 Unusual Devices and DIY Culture Fair"}]},{"@type":"WebSite","@id":"https:\/\/ri2020.eu\/en\/#website","url":"https:\/\/ri2020.eu\/en\/","name":"Rijeka 2020","description":"Europska prijestolnica kulture","publisher":{"@id":"https:\/\/ri2020.eu\/en\/#organization"},"potentialAction":[{"@type":"SearchAction","target":{"@type":"EntryPoint","urlTemplate":"https:\/\/ri2020.eu\/en\/?s={search_term_string}"},"query-input":{"@type":"PropertyValueSpecification","valueRequired":true,"valueName":"search_term_string"}}],"inLanguage":"en-US"},{"@type":"Organization","@id":"https:\/\/ri2020.eu\/en\/#organization","name":"Rijeka 2020 d.o.o.","url":"https:\/\/ri2020.eu\/en\/","logo":{"@type":"ImageObject","inLanguage":"en-US","@id":"https:\/\/ri2020.eu\/en\/#\/schema\/logo\/image\/","url":"https:\/\/rijeka2020.eu\/wp-content\/uploads\/2018\/07\/Ri2020-logo.png","contentUrl":"https:\/\/rijeka2020.eu\/wp-content\/uploads\/2018\/07\/Ri2020-logo.png","width":407,"height":175,"caption":"Rijeka 2020 d.o.o."},"image":{"@id":"https:\/\/ri2020.eu\/en\/#\/schema\/logo\/image\/"},"sameAs":["https:\/\/www.facebook.com\/rijeka2020","https:\/\/x.com\/Rijeka2020","https:\/\/www.instagram.com\/rijeka2020\/","https:\/\/www.youtube.com\/user\/riepk2020"]}]}},"_links":{"self":[{"href":"https:\/\/ri2020.eu\/en\/wp-json\/wp\/v2\/events\/57561","targetHints":{"allow":["GET"]}}],"collection":[{"href":"https:\/\/ri2020.eu\/en\/wp-json\/wp\/v2\/events"}],"about":[{"href":"https:\/\/ri2020.eu\/en\/wp-json\/wp\/v2\/types\/event"}],"author":[{"embeddable":true,"href":"https:\/\/ri2020.eu\/en\/wp-json\/wp\/v2\/users\/72"}],"wp:featuredmedia":[{"embeddable":true,"href":"https:\/\/ri2020.eu\/en\/wp-json\/wp\/v2\/media\/57103"}],"wp:attachment":[{"href":"https:\/\/ri2020.eu\/en\/wp-json\/wp\/v2\/media?parent=57561"}],"wp:term":[{"taxonomy":"category","embeddable":true,"href":"https:\/\/ri2020.eu\/en\/wp-json\/wp\/v2\/categories?post=57561"},{"taxonomy":"post_tag","embeddable":true,"href":"https:\/\/ri2020.eu\/en\/wp-json\/wp\/v2\/tags?post=57561"}],"curies":[{"name":"wp","href":"https:\/\/api.w.org\/{rel}","templated":true}]}}

<p>Na radionici će polaznici izrađvati svjetlosne objekte i diorame koje će osvijetliti LED diodama uz mogućnost dodatnih programiranih svjetlosnih efekata na arduino mikrokontroleru. Diorame će izrađivati od papira prema dizajnu polaznika.</p>
<p>Diorama izgleda poput kazališne kutije čiji se prizor sastoji od niza planova / slojeva izrezanih silueta koje stvaraju iluziju dubine. Efekti koje je moguće postići dodajući više slojeva i 3D efekt su fascinantni te je moguća primjena navedenih vještina pri stvaranju umjetnosti svjetlosnih objekata ili animiranih i eksperimentalnih filmova.</p>
<p><strong>NAPOMENA: Polaznici nose kući svoje radove!</strong></p>
<p>Radionica <em>Svjetleći štapovi</em> bavi se izradom – kao što i sam naziv kaže – štapova koji svijetle u mraku, s kojima se mogu raditi fora fotografije LED grafita i svjetlosnih objekata. Polaznici će kroz igru savladati osnove elektronike i po završetku radionice napraviti galeriju fotografija svojih LED grafita.</p>
<p><strong>NAPOMENA: Polaznici nose kući svoje radove!</strong></p>
<h2>RADIONICA ROBOTIKE<br />
Izradimo robotsku ruku!</h2>

<p>The 4th 3N/AND – Abandon Normal Devices (Napusti normalne naprave) Fair is scheduled for 4 and 5 September (Friday and Saturday) from 5 p.m. to 9 p.m. at the Palach Youth Cultural Centre on Kružna Street, as part of the Gyroscope project.</p>

<!-- This site is optimized with the Yoast SEO plugin v26.8 - https://yoast.com/product/yoast-seo-wordpress/ -->
<title>AND (3N) – Unusual Devices and DIY Culture Fair &#8226; Rijeka 2020</title>
<meta name="robots" content="index, follow, max-snippet:-1, max-image-preview:large, max-video-preview:-1" />
<link rel="canonical" href="https://ri2020.eu/en/dogadjanja/and-3n-unusual-devices-and-diy-culture-fair/" />
<meta property="og:locale" content="en_US" />
<meta property="og:type" content="article" />
<meta property="og:title" content="AND (3N) – Unusual Devices and DIY Culture Fair &#8226; Rijeka 2020" />
<meta property="og:description" content="The 4th 3N/AND – Abandon Normal Devices (Napusti normalne naprave) Fair is scheduled for 4 and 5 September (Friday and Saturday) from 5 p.m. to 9 p.m. at the Palach Youth Cultural Centre on Kružna Street, as part of the Gyroscope project." />
<meta property="og:url" content="https://ri2020.eu/en/dogadjanja/and-3n-unusual-devices-and-diy-culture-fair/" />
<meta property="og:site_name" content="Rijeka 2020" />
<meta property="article:publisher" content="https://www.facebook.com/rijeka2020" />
<meta property="article:modified_time" content="2020-09-03T08:52:34+00:00" />
<meta property="og:image" content="https://ri2020.eu/wp-content/uploads/2020/08/3N.jpg" />
	<meta property="og:image:width" content="1142" />
	<meta property="og:image:height" content="762" />
	<meta property="og:image:type" content="image/jpeg" />
<meta name="twitter:card" content="summary_large_image" />
<meta name="twitter:site" content="@Rijeka2020" />
<meta name="twitter:label1" content="Est. reading time" />
	<meta name="twitter:data1" content="1 minute" />
<script type="application/ld+json" class="yoast-schema-graph">{"@context":"https://schema.org","@graph":[{"@type":"WebPage","@id":"https://ri2020.eu/en/dogadjanja/and-3n-unusual-devices-and-diy-culture-fair/","url":"https://ri2020.eu/en/dogadjanja/and-3n-unusual-devices-and-diy-culture-fair/","name":"AND (3N) – Unusual Devices and DIY Culture Fair &#8226; Rijeka 2020","isPartOf":{"@id":"https://ri2020.eu/en/#website"},"primaryImageOfPage":{"@id":"https://ri2020.eu/en/dogadjanja/and-3n-unusual-devices-and-diy-culture-fair/#primaryimage"},"image":{"@id":"https://ri2020.eu/en/dogadjanja/and-3n-unusual-devices-and-diy-culture-fair/#primaryimage"},"thumbnailUrl":"https://ri2020.eu/wp-content/uploads/2020/08/3N.jpg","datePublished":"2020-08-31T07:54:10+00:00","dateModified":"2020-09-03T08:52:34+00:00","breadcrumb":{"@id":"https://ri2020.eu/en/dogadjanja/and-3n-unusual-devices-and-diy-culture-fair/#breadcrumb"},"inLanguage":"en-US","potentialAction":[{"@type":"ReadAction","target":["https://ri2020.eu/en/dogadjanja/and-3n-unusual-devices-and-diy-culture-fair/"]}]},{"@type":"ImageObject","inLanguage":"en-US","@id":"https://ri2020.eu/en/dogadjanja/and-3n-unusual-devices-and-diy-culture-fair/#primaryimage","url":"https://ri2020.eu/wp-content/uploads/2020/08/3N.jpg","contentUrl":"https://ri2020.eu/wp-content/uploads/2020/08/3N.jpg","width":1142,"height":762},{"@type":"BreadcrumbList","@id":"https://ri2020.eu/en/dogadjanja/and-3n-unusual-devices-and-diy-culture-fair/#breadcrumb","itemListElement":[{"@type":"ListItem","position":1,"name":"Home","item":"https://ri2020.eu/en/"},{"@type":"ListItem","position":2,"name":"Events","item":"https://ri2020.eu/en/dogadjanja/"},{"@type":"ListItem","position":3,"name":"AND (3N) – Unusual Devices and DIY Culture Fair"}]},{"@type":"WebSite","@id":"https://ri2020.eu/en/#website","url":"https://ri2020.eu/en/","name":"Rijeka 2020","description":"Europska prijestolnica kulture","publisher":{"@id":"https://ri2020.eu/en/#organization"},"potentialAction":[{"@type":"SearchAction","target":{"@type":"EntryPoint","urlTemplate":"https://ri2020.eu/en/?s={search_term_string}"},"query-input":{"@type":"PropertyValueSpecification","valueRequired":true,"valueName":"search_term_string"}}],"inLanguage":"en-US"},{"@type":"Organization","@id":"https://ri2020.eu/en/#organization","name":"Rijeka 2020 d.o.o.","url":"https://ri2020.eu/en/","logo":{"@type":"ImageObject","inLanguage":"en-US","@id":"https://ri2020.eu/en/#/schema/logo/image/","url":"https://rijeka2020.eu/wp-content/uploads/2018/07/Ri2020-logo.png","contentUrl":"https://rijeka2020.eu/wp-content/uploads/2018/07/Ri2020-logo.png","width":407,"height":175,"caption":"Rijeka 2020 d.o.o."},"image":{"@id":"https://ri2020.eu/en/#/schema/logo/image/"},"sameAs":["https://www.facebook.com/rijeka2020","https://x.com/Rijeka2020","https://www.instagram.com/rijeka2020/","https://www.youtube.com/user/riepk2020"]}]}</script>
<!-- / Yoast SEO plugin. -->

The 4th 3N/AND – Abandon Normal Devices (Napusti normalne naprave) Fair is scheduled for 4 and 5 September (Friday and Saturday) from 5 p.m. to 9 p.m. at the Palach Youth Cultural Centre on Kružna Street, as part of the Gyroscope project.
