{"id":57466,"date":"2020-07-15T14:49:08","date_gmt":"2020-07-15T12:49:08","guid":{"rendered":"https:\/\/rijeka2020.eu\/dogadjanja\/izlozba-grad-i-transformacija\/"},"modified":"2020-09-01T16:33:23","modified_gmt":"2020-09-01T14:33:23","slug":"city-and-transformation-exhibition","status":"publish","type":"event","link":"https:\/\/ri2020.eu\/en\/dogadjanja\/city-and-transformation-exhibition\/","title":{"rendered":"City and Transformation Exhibition"},"content":{"rendered":"","protected":false},"excerpt":{"rendered":"<p>This exhibition of artists from Neuss and Rijeka to celebrate the 30th anniversary of their partnering as sister cities presents works by Melanie Richter, Stefanie Minzenmay, Vera Lossau, Nikola Uki\u0107, Igor E\u0161kinja, Slaven Tolj and Nemanja Cvijanovi\u0107.<\/p>\n","protected":false},"author":72,"featured_media":55681,"parent":0,"menu_order":0,"template":"","categories":[],"tags":[],"class_list":["post-57466","event","type-event","status-publish","has-post-thumbnail","hentry","type-exhibitions","venue-kortil-gallery"],"acf":[],"yoast_head":"<!-- This site is optimized with the Yoast SEO plugin v26.8 - https:\/\/yoast.com\/product\/yoast-seo-wordpress\/ -->\n<title>City and Transformation Exhibition &#8226; Rijeka 2020<\/title>\n<meta name=\"robots\" content=\"index, follow, max-snippet:-1, max-image-preview:large, max-video-preview:-1\" \/>\n<link rel=\"canonical\" href=\"https:\/\/ri2020.eu\/en\/dogadjanja\/city-and-transformation-exhibition\/\" \/>\n<meta property=\"og:locale\" content=\"en_US\" \/>\n<meta property=\"og:type\" content=\"article\" \/>\n<meta property=\"og:title\" content=\"City and Transformation Exhibition &#8226; Rijeka 2020\" \/>\n<meta property=\"og:description\" content=\"This exhibition of artists from Neuss and Rijeka to celebrate the 30th anniversary of their partnering as sister cities presents works by Melanie Richter, Stefanie Minzenmay, Vera Lossau, Nikola Uki\u0107, Igor E\u0161kinja, Slaven Tolj and Nemanja Cvijanovi\u0107.\" \/>\n<meta property=\"og:url\" content=\"https:\/\/ri2020.eu\/en\/dogadjanja\/city-and-transformation-exhibition\/\" \/>\n<meta property=\"og:site_name\" content=\"Rijeka 2020\" \/>\n<meta property=\"article:publisher\" content=\"https:\/\/www.facebook.com\/rijeka2020\" \/>\n<meta property=\"article:modified_time\" content=\"2020-09-01T14:33:23+00:00\" \/>\n<meta property=\"og:image\" content=\"https:\/\/ri2020.eu\/wp-content\/uploads\/2020\/07\/Grad-i-transformacija.jpg\" \/>\n\t<meta property=\"og:image:width\" content=\"768\" \/>\n\t<meta property=\"og:image:height\" content=\"576\" \/>\n\t<meta property=\"og:image:type\" content=\"image\/jpeg\" \/>\n<meta name=\"twitter:card\" content=\"summary_large_image\" \/>\n<meta name=\"twitter:site\" content=\"@Rijeka2020\" \/>\n<script type=\"application\/ld+json\" class=\"yoast-schema-graph\">{\"@context\":\"https:\/\/schema.org\",\"@graph\":[{\"@type\":\"WebPage\",\"@id\":\"https:\/\/ri2020.eu\/en\/dogadjanja\/city-and-transformation-exhibition\/\",\"url\":\"https:\/\/ri2020.eu\/en\/dogadjanja\/city-and-transformation-exhibition\/\",\"name\":\"City and Transformation Exhibition &#8226; Rijeka 2020\",\"isPartOf\":{\"@id\":\"https:\/\/ri2020.eu\/en\/#website\"},\"primaryImageOfPage\":{\"@id\":\"https:\/\/ri2020.eu\/en\/dogadjanja\/city-and-transformation-exhibition\/#primaryimage\"},\"image\":{\"@id\":\"https:\/\/ri2020.eu\/en\/dogadjanja\/city-and-transformation-exhibition\/#primaryimage\"},\"thumbnailUrl\":\"https:\/\/ri2020.eu\/wp-content\/uploads\/2020\/07\/Grad-i-transformacija.jpg\",\"datePublished\":\"2020-07-15T12:49:08+00:00\",\"dateModified\":\"2020-09-01T14:33:23+00:00\",\"breadcrumb\":{\"@id\":\"https:\/\/ri2020.eu\/en\/dogadjanja\/city-and-transformation-exhibition\/#breadcrumb\"},\"inLanguage\":\"en-US\",\"potentialAction\":[{\"@type\":\"ReadAction\",\"target\":[\"https:\/\/ri2020.eu\/en\/dogadjanja\/city-and-transformation-exhibition\/\"]}]},{\"@type\":\"ImageObject\",\"inLanguage\":\"en-US\",\"@id\":\"https:\/\/ri2020.eu\/en\/dogadjanja\/city-and-transformation-exhibition\/#primaryimage\",\"url\":\"https:\/\/ri2020.eu\/wp-content\/uploads\/2020\/07\/Grad-i-transformacija.jpg\",\"contentUrl\":\"https:\/\/ri2020.eu\/wp-content\/uploads\/2020\/07\/Grad-i-transformacija.jpg\",\"width\":768,\"height\":576},{\"@type\":\"BreadcrumbList\",\"@id\":\"https:\/\/ri2020.eu\/en\/dogadjanja\/city-and-transformation-exhibition\/#breadcrumb\",\"itemListElement\":[{\"@type\":\"ListItem\",\"position\":1,\"name\":\"Home\",\"item\":\"https:\/\/ri2020.eu\/en\/\"},{\"@type\":\"ListItem\",\"position\":2,\"name\":\"Events\",\"item\":\"https:\/\/ri2020.eu\/en\/dogadjanja\/\"},{\"@type\":\"ListItem\",\"position\":3,\"name\":\"City and Transformation Exhibition\"}]},{\"@type\":\"WebSite\",\"@id\":\"https:\/\/ri2020.eu\/en\/#website\",\"url\":\"https:\/\/ri2020.eu\/en\/\",\"name\":\"Rijeka 2020\",\"description\":\"Europska prijestolnica kulture\",\"publisher\":{\"@id\":\"https:\/\/ri2020.eu\/en\/#organization\"},\"potentialAction\":[{\"@type\":\"SearchAction\",\"target\":{\"@type\":\"EntryPoint\",\"urlTemplate\":\"https:\/\/ri2020.eu\/en\/?s={search_term_string}\"},\"query-input\":{\"@type\":\"PropertyValueSpecification\",\"valueRequired\":true,\"valueName\":\"search_term_string\"}}],\"inLanguage\":\"en-US\"},{\"@type\":\"Organization\",\"@id\":\"https:\/\/ri2020.eu\/en\/#organization\",\"name\":\"Rijeka 2020 d.o.o.\",\"url\":\"https:\/\/ri2020.eu\/en\/\",\"logo\":{\"@type\":\"ImageObject\",\"inLanguage\":\"en-US\",\"@id\":\"https:\/\/ri2020.eu\/en\/#\/schema\/logo\/image\/\",\"url\":\"https:\/\/rijeka2020.eu\/wp-content\/uploads\/2018\/07\/Ri2020-logo.png\",\"contentUrl\":\"https:\/\/rijeka2020.eu\/wp-content\/uploads\/2018\/07\/Ri2020-logo.png\",\"width\":407,\"height\":175,\"caption\":\"Rijeka 2020 d.o.o.\"},\"image\":{\"@id\":\"https:\/\/ri2020.eu\/en\/#\/schema\/logo\/image\/\"},\"sameAs\":[\"https:\/\/www.facebook.com\/rijeka2020\",\"https:\/\/x.com\/Rijeka2020\",\"https:\/\/www.instagram.com\/rijeka2020\/\",\"https:\/\/www.youtube.com\/user\/riepk2020\"]}]}<\/script>\n<!-- \/ Yoast SEO plugin. -->","yoast_head_json":{"title":"City and Transformation Exhibition &#8226; Rijeka 2020","robots":{"index":"index","follow":"follow","max-snippet":"max-snippet:-1","max-image-preview":"max-image-preview:large","max-video-preview":"max-video-preview:-1"},"canonical":"https:\/\/ri2020.eu\/en\/dogadjanja\/city-and-transformation-exhibition\/","og_locale":"en_US","og_type":"article","og_title":"City and Transformation Exhibition &#8226; Rijeka 2020","og_description":"This exhibition of artists from Neuss and Rijeka to celebrate the 30th anniversary of their partnering as sister cities presents works by Melanie Richter, Stefanie Minzenmay, Vera Lossau, Nikola Uki\u0107, Igor E\u0161kinja, Slaven Tolj and Nemanja Cvijanovi\u0107.","og_url":"https:\/\/ri2020.eu\/en\/dogadjanja\/city-and-transformation-exhibition\/","og_site_name":"Rijeka 2020","article_publisher":"https:\/\/www.facebook.com\/rijeka2020","article_modified_time":"2020-09-01T14:33:23+00:00","og_image":[{"width":768,"height":576,"url":"https:\/\/ri2020.eu\/wp-content\/uploads\/2020\/07\/Grad-i-transformacija.jpg","type":"image\/jpeg"}],"twitter_card":"summary_large_image","twitter_site":"@Rijeka2020","schema":{"@context":"https:\/\/schema.org","@graph":[{"@type":"WebPage","@id":"https:\/\/ri2020.eu\/en\/dogadjanja\/city-and-transformation-exhibition\/","url":"https:\/\/ri2020.eu\/en\/dogadjanja\/city-and-transformation-exhibition\/","name":"City and Transformation Exhibition &#8226; Rijeka 2020","isPartOf":{"@id":"https:\/\/ri2020.eu\/en\/#website"},"primaryImageOfPage":{"@id":"https:\/\/ri2020.eu\/en\/dogadjanja\/city-and-transformation-exhibition\/#primaryimage"},"image":{"@id":"https:\/\/ri2020.eu\/en\/dogadjanja\/city-and-transformation-exhibition\/#primaryimage"},"thumbnailUrl":"https:\/\/ri2020.eu\/wp-content\/uploads\/2020\/07\/Grad-i-transformacija.jpg","datePublished":"2020-07-15T12:49:08+00:00","dateModified":"2020-09-01T14:33:23+00:00","breadcrumb":{"@id":"https:\/\/ri2020.eu\/en\/dogadjanja\/city-and-transformation-exhibition\/#breadcrumb"},"inLanguage":"en-US","potentialAction":[{"@type":"ReadAction","target":["https:\/\/ri2020.eu\/en\/dogadjanja\/city-and-transformation-exhibition\/"]}]},{"@type":"ImageObject","inLanguage":"en-US","@id":"https:\/\/ri2020.eu\/en\/dogadjanja\/city-and-transformation-exhibition\/#primaryimage","url":"https:\/\/ri2020.eu\/wp-content\/uploads\/2020\/07\/Grad-i-transformacija.jpg","contentUrl":"https:\/\/ri2020.eu\/wp-content\/uploads\/2020\/07\/Grad-i-transformacija.jpg","width":768,"height":576},{"@type":"BreadcrumbList","@id":"https:\/\/ri2020.eu\/en\/dogadjanja\/city-and-transformation-exhibition\/#breadcrumb","itemListElement":[{"@type":"ListItem","position":1,"name":"Home","item":"https:\/\/ri2020.eu\/en\/"},{"@type":"ListItem","position":2,"name":"Events","item":"https:\/\/ri2020.eu\/en\/dogadjanja\/"},{"@type":"ListItem","position":3,"name":"City and Transformation Exhibition"}]},{"@type":"WebSite","@id":"https:\/\/ri2020.eu\/en\/#website","url":"https:\/\/ri2020.eu\/en\/","name":"Rijeka 2020","description":"Europska prijestolnica kulture","publisher":{"@id":"https:\/\/ri2020.eu\/en\/#organization"},"potentialAction":[{"@type":"SearchAction","target":{"@type":"EntryPoint","urlTemplate":"https:\/\/ri2020.eu\/en\/?s={search_term_string}"},"query-input":{"@type":"PropertyValueSpecification","valueRequired":true,"valueName":"search_term_string"}}],"inLanguage":"en-US"},{"@type":"Organization","@id":"https:\/\/ri2020.eu\/en\/#organization","name":"Rijeka 2020 d.o.o.","url":"https:\/\/ri2020.eu\/en\/","logo":{"@type":"ImageObject","inLanguage":"en-US","@id":"https:\/\/ri2020.eu\/en\/#\/schema\/logo\/image\/","url":"https:\/\/rijeka2020.eu\/wp-content\/uploads\/2018\/07\/Ri2020-logo.png","contentUrl":"https:\/\/rijeka2020.eu\/wp-content\/uploads\/2018\/07\/Ri2020-logo.png","width":407,"height":175,"caption":"Rijeka 2020 d.o.o."},"image":{"@id":"https:\/\/ri2020.eu\/en\/#\/schema\/logo\/image\/"},"sameAs":["https:\/\/www.facebook.com\/rijeka2020","https:\/\/x.com\/Rijeka2020","https:\/\/www.instagram.com\/rijeka2020\/","https:\/\/www.youtube.com\/user\/riepk2020"]}]}},"_links":{"self":[{"href":"https:\/\/ri2020.eu\/en\/wp-json\/wp\/v2\/events\/57466","targetHints":{"allow":["GET"]}}],"collection":[{"href":"https:\/\/ri2020.eu\/en\/wp-json\/wp\/v2\/events"}],"about":[{"href":"https:\/\/ri2020.eu\/en\/wp-json\/wp\/v2\/types\/event"}],"author":[{"embeddable":true,"href":"https:\/\/ri2020.eu\/en\/wp-json\/wp\/v2\/users\/72"}],"wp:featuredmedia":[{"embeddable":true,"href":"https:\/\/ri2020.eu\/en\/wp-json\/wp\/v2\/media\/55681"}],"wp:attachment":[{"href":"https:\/\/ri2020.eu\/en\/wp-json\/wp\/v2\/media?parent=57466"}],"wp:term":[{"taxonomy":"category","embeddable":true,"href":"https:\/\/ri2020.eu\/en\/wp-json\/wp\/v2\/categories?post=57466"},{"taxonomy":"post_tag","embeddable":true,"href":"https:\/\/ri2020.eu\/en\/wp-json\/wp\/v2\/tags?post=57466"}],"curies":[{"name":"wp","href":"https:\/\/api.w.org\/{rel}","templated":true}]}}

<p>This exhibition of artists from Neuss and Rijeka to celebrate the 30th anniversary of their partnering as sister cities presents works by Melanie Richter, Stefanie Minzenmay, Vera Lossau, Nikola Ukić, Igor Eškinja, Slaven Tolj and Nemanja Cvijanović.</p>

<!-- This site is optimized with the Yoast SEO plugin v26.8 - https://yoast.com/product/yoast-seo-wordpress/ -->
<title>City and Transformation Exhibition &#8226; Rijeka 2020</title>
<meta name="robots" content="index, follow, max-snippet:-1, max-image-preview:large, max-video-preview:-1" />
<link rel="canonical" href="https://ri2020.eu/en/dogadjanja/city-and-transformation-exhibition/" />
<meta property="og:locale" content="en_US" />
<meta property="og:type" content="article" />
<meta property="og:title" content="City and Transformation Exhibition &#8226; Rijeka 2020" />
<meta property="og:description" content="This exhibition of artists from Neuss and Rijeka to celebrate the 30th anniversary of their partnering as sister cities presents works by Melanie Richter, Stefanie Minzenmay, Vera Lossau, Nikola Ukić, Igor Eškinja, Slaven Tolj and Nemanja Cvijanović." />
<meta property="og:url" content="https://ri2020.eu/en/dogadjanja/city-and-transformation-exhibition/" />
<meta property="og:site_name" content="Rijeka 2020" />
<meta property="article:publisher" content="https://www.facebook.com/rijeka2020" />
<meta property="article:modified_time" content="2020-09-01T14:33:23+00:00" />
<meta property="og:image" content="https://ri2020.eu/wp-content/uploads/2020/07/Grad-i-transformacija.jpg" />
	<meta property="og:image:width" content="768" />
	<meta property="og:image:height" content="576" />
	<meta property="og:image:type" content="image/jpeg" />
<meta name="twitter:card" content="summary_large_image" />
<meta name="twitter:site" content="@Rijeka2020" />
<script type="application/ld+json" class="yoast-schema-graph">{"@context":"https://schema.org","@graph":[{"@type":"WebPage","@id":"https://ri2020.eu/en/dogadjanja/city-and-transformation-exhibition/","url":"https://ri2020.eu/en/dogadjanja/city-and-transformation-exhibition/","name":"City and Transformation Exhibition &#8226; Rijeka 2020","isPartOf":{"@id":"https://ri2020.eu/en/#website"},"primaryImageOfPage":{"@id":"https://ri2020.eu/en/dogadjanja/city-and-transformation-exhibition/#primaryimage"},"image":{"@id":"https://ri2020.eu/en/dogadjanja/city-and-transformation-exhibition/#primaryimage"},"thumbnailUrl":"https://ri2020.eu/wp-content/uploads/2020/07/Grad-i-transformacija.jpg","datePublished":"2020-07-15T12:49:08+00:00","dateModified":"2020-09-01T14:33:23+00:00","breadcrumb":{"@id":"https://ri2020.eu/en/dogadjanja/city-and-transformation-exhibition/#breadcrumb"},"inLanguage":"en-US","potentialAction":[{"@type":"ReadAction","target":["https://ri2020.eu/en/dogadjanja/city-and-transformation-exhibition/"]}]},{"@type":"ImageObject","inLanguage":"en-US","@id":"https://ri2020.eu/en/dogadjanja/city-and-transformation-exhibition/#primaryimage","url":"https://ri2020.eu/wp-content/uploads/2020/07/Grad-i-transformacija.jpg","contentUrl":"https://ri2020.eu/wp-content/uploads/2020/07/Grad-i-transformacija.jpg","width":768,"height":576},{"@type":"BreadcrumbList","@id":"https://ri2020.eu/en/dogadjanja/city-and-transformation-exhibition/#breadcrumb","itemListElement":[{"@type":"ListItem","position":1,"name":"Home","item":"https://ri2020.eu/en/"},{"@type":"ListItem","position":2,"name":"Events","item":"https://ri2020.eu/en/dogadjanja/"},{"@type":"ListItem","position":3,"name":"City and Transformation Exhibition"}]},{"@type":"WebSite","@id":"https://ri2020.eu/en/#website","url":"https://ri2020.eu/en/","name":"Rijeka 2020","description":"Europska prijestolnica kulture","publisher":{"@id":"https://ri2020.eu/en/#organization"},"potentialAction":[{"@type":"SearchAction","target":{"@type":"EntryPoint","urlTemplate":"https://ri2020.eu/en/?s={search_term_string}"},"query-input":{"@type":"PropertyValueSpecification","valueRequired":true,"valueName":"search_term_string"}}],"inLanguage":"en-US"},{"@type":"Organization","@id":"https://ri2020.eu/en/#organization","name":"Rijeka 2020 d.o.o.","url":"https://ri2020.eu/en/","logo":{"@type":"ImageObject","inLanguage":"en-US","@id":"https://ri2020.eu/en/#/schema/logo/image/","url":"https://rijeka2020.eu/wp-content/uploads/2018/07/Ri2020-logo.png","contentUrl":"https://rijeka2020.eu/wp-content/uploads/2018/07/Ri2020-logo.png","width":407,"height":175,"caption":"Rijeka 2020 d.o.o."},"image":{"@id":"https://ri2020.eu/en/#/schema/logo/image/"},"sameAs":["https://www.facebook.com/rijeka2020","https://x.com/Rijeka2020","https://www.instagram.com/rijeka2020/","https://www.youtube.com/user/riepk2020"]}]}</script>
<!-- / Yoast SEO plugin. -->

This exhibition of artists from Neuss and Rijeka to celebrate the 30th anniversary of their partnering as sister cities presents works by Melanie Richter, Stefanie Minzenmay, Vera Lossau, Nikola Ukić, Igor Eškinja, Slaven Tolj and Nemanja Cvijanović.
