{"id":55856,"date":"2020-07-11T16:10:10","date_gmt":"2020-07-11T14:10:10","guid":{"rendered":"https:\/\/rijeka2020.eu\/dogadjanja\/9-of-3-glazbena-sinergija-trojice-vrhunskih-gitarista\/"},"modified":"2020-08-04T12:21:09","modified_gmt":"2020-08-04T10:21:09","slug":"9-of-3-the-musical-synergy-of-three-virtuoso-guitarists","status":"publish","type":"event","link":"https:\/\/ri2020.eu\/en\/dogadjanja\/9-of-3-the-musical-synergy-of-three-virtuoso-guitarists\/","title":{"rendered":"9 of 3 \u2013 the musical synergy of three virtuoso guitarists"},"content":{"rendered":"","protected":false},"excerpt":{"rendered":"<p>An original project by three guitarists \u2013 Ivan Pe\u0161ut, Bruno Kova\u010di\u0107 and Miroslav Lesi\u0107, whom many consider to be the most famous instrumentalists on the Croatian music scene, will be performing at Trsat Castle on 25 August. The concert is scheduled for 9.30 p.m., but the doors open at 8.30 p.m.<\/p>\n","protected":false},"author":72,"featured_media":54377,"parent":0,"menu_order":0,"template":"","categories":[],"tags":[],"class_list":["post-55856","event","type-event","status-publish","has-post-thumbnail","hentry","type-music","venue-rijeka"],"acf":[],"yoast_head":"<!-- This site is optimized with the Yoast SEO plugin v26.8 - https:\/\/yoast.com\/product\/yoast-seo-wordpress\/ -->\n<title>9 of 3 \u2013 the musical synergy of three virtuoso guitarists &#8226; Rijeka 2020<\/title>\n<meta name=\"robots\" content=\"index, follow, max-snippet:-1, max-image-preview:large, max-video-preview:-1\" \/>\n<link rel=\"canonical\" href=\"https:\/\/ri2020.eu\/en\/dogadjanja\/9-of-3-the-musical-synergy-of-three-virtuoso-guitarists\/\" \/>\n<meta property=\"og:locale\" content=\"en_US\" \/>\n<meta property=\"og:type\" content=\"article\" \/>\n<meta property=\"og:title\" content=\"9 of 3 \u2013 the musical synergy of three virtuoso guitarists &#8226; Rijeka 2020\" \/>\n<meta property=\"og:description\" content=\"An original project by three guitarists \u2013 Ivan Pe\u0161ut, Bruno Kova\u010di\u0107 and Miroslav Lesi\u0107, whom many consider to be the most famous instrumentalists on the Croatian music scene, will be performing at Trsat Castle on 25 August. The concert is scheduled for 9.30 p.m., but the doors open at 8.30 p.m.\" \/>\n<meta property=\"og:url\" content=\"https:\/\/ri2020.eu\/en\/dogadjanja\/9-of-3-the-musical-synergy-of-three-virtuoso-guitarists\/\" \/>\n<meta property=\"og:site_name\" content=\"Rijeka 2020\" \/>\n<meta property=\"article:publisher\" content=\"https:\/\/www.facebook.com\/rijeka2020\" \/>\n<meta property=\"article:modified_time\" content=\"2020-08-04T10:21:09+00:00\" \/>\n<meta property=\"og:image\" content=\"https:\/\/ri2020.eu\/wp-content\/uploads\/2020\/07\/9-of-3.jpg\" \/>\n\t<meta property=\"og:image:width\" content=\"2048\" \/>\n\t<meta property=\"og:image:height\" content=\"2047\" \/>\n\t<meta property=\"og:image:type\" content=\"image\/jpeg\" \/>\n<meta name=\"twitter:card\" content=\"summary_large_image\" \/>\n<meta name=\"twitter:site\" content=\"@Rijeka2020\" \/>\n<script type=\"application\/ld+json\" class=\"yoast-schema-graph\">{\"@context\":\"https:\/\/schema.org\",\"@graph\":[{\"@type\":\"WebPage\",\"@id\":\"https:\/\/ri2020.eu\/en\/dogadjanja\/9-of-3-the-musical-synergy-of-three-virtuoso-guitarists\/\",\"url\":\"https:\/\/ri2020.eu\/en\/dogadjanja\/9-of-3-the-musical-synergy-of-three-virtuoso-guitarists\/\",\"name\":\"9 of 3 \u2013 the musical synergy of three virtuoso guitarists &#8226; Rijeka 2020\",\"isPartOf\":{\"@id\":\"https:\/\/ri2020.eu\/en\/#website\"},\"primaryImageOfPage\":{\"@id\":\"https:\/\/ri2020.eu\/en\/dogadjanja\/9-of-3-the-musical-synergy-of-three-virtuoso-guitarists\/#primaryimage\"},\"image\":{\"@id\":\"https:\/\/ri2020.eu\/en\/dogadjanja\/9-of-3-the-musical-synergy-of-three-virtuoso-guitarists\/#primaryimage\"},\"thumbnailUrl\":\"https:\/\/ri2020.eu\/wp-content\/uploads\/2020\/07\/9-of-3.jpg\",\"datePublished\":\"2020-07-11T14:10:10+00:00\",\"dateModified\":\"2020-08-04T10:21:09+00:00\",\"breadcrumb\":{\"@id\":\"https:\/\/ri2020.eu\/en\/dogadjanja\/9-of-3-the-musical-synergy-of-three-virtuoso-guitarists\/#breadcrumb\"},\"inLanguage\":\"en-US\",\"potentialAction\":[{\"@type\":\"ReadAction\",\"target\":[\"https:\/\/ri2020.eu\/en\/dogadjanja\/9-of-3-the-musical-synergy-of-three-virtuoso-guitarists\/\"]}]},{\"@type\":\"ImageObject\",\"inLanguage\":\"en-US\",\"@id\":\"https:\/\/ri2020.eu\/en\/dogadjanja\/9-of-3-the-musical-synergy-of-three-virtuoso-guitarists\/#primaryimage\",\"url\":\"https:\/\/ri2020.eu\/wp-content\/uploads\/2020\/07\/9-of-3.jpg\",\"contentUrl\":\"https:\/\/ri2020.eu\/wp-content\/uploads\/2020\/07\/9-of-3.jpg\",\"width\":2048,\"height\":2047},{\"@type\":\"BreadcrumbList\",\"@id\":\"https:\/\/ri2020.eu\/en\/dogadjanja\/9-of-3-the-musical-synergy-of-three-virtuoso-guitarists\/#breadcrumb\",\"itemListElement\":[{\"@type\":\"ListItem\",\"position\":1,\"name\":\"Home\",\"item\":\"https:\/\/ri2020.eu\/en\/\"},{\"@type\":\"ListItem\",\"position\":2,\"name\":\"Events\",\"item\":\"https:\/\/ri2020.eu\/en\/dogadjanja\/\"},{\"@type\":\"ListItem\",\"position\":3,\"name\":\"9 of 3 \u2013 the musical synergy of three virtuoso guitarists\"}]},{\"@type\":\"WebSite\",\"@id\":\"https:\/\/ri2020.eu\/en\/#website\",\"url\":\"https:\/\/ri2020.eu\/en\/\",\"name\":\"Rijeka 2020\",\"description\":\"Europska prijestolnica kulture\",\"publisher\":{\"@id\":\"https:\/\/ri2020.eu\/en\/#organization\"},\"potentialAction\":[{\"@type\":\"SearchAction\",\"target\":{\"@type\":\"EntryPoint\",\"urlTemplate\":\"https:\/\/ri2020.eu\/en\/?s={search_term_string}\"},\"query-input\":{\"@type\":\"PropertyValueSpecification\",\"valueRequired\":true,\"valueName\":\"search_term_string\"}}],\"inLanguage\":\"en-US\"},{\"@type\":\"Organization\",\"@id\":\"https:\/\/ri2020.eu\/en\/#organization\",\"name\":\"Rijeka 2020 d.o.o.\",\"url\":\"https:\/\/ri2020.eu\/en\/\",\"logo\":{\"@type\":\"ImageObject\",\"inLanguage\":\"en-US\",\"@id\":\"https:\/\/ri2020.eu\/en\/#\/schema\/logo\/image\/\",\"url\":\"https:\/\/rijeka2020.eu\/wp-content\/uploads\/2018\/07\/Ri2020-logo.png\",\"contentUrl\":\"https:\/\/rijeka2020.eu\/wp-content\/uploads\/2018\/07\/Ri2020-logo.png\",\"width\":407,\"height\":175,\"caption\":\"Rijeka 2020 d.o.o.\"},\"image\":{\"@id\":\"https:\/\/ri2020.eu\/en\/#\/schema\/logo\/image\/\"},\"sameAs\":[\"https:\/\/www.facebook.com\/rijeka2020\",\"https:\/\/x.com\/Rijeka2020\",\"https:\/\/www.instagram.com\/rijeka2020\/\",\"https:\/\/www.youtube.com\/user\/riepk2020\"]}]}<\/script>\n<!-- \/ Yoast SEO plugin. -->","yoast_head_json":{"title":"9 of 3 \u2013 the musical synergy of three virtuoso guitarists &#8226; Rijeka 2020","robots":{"index":"index","follow":"follow","max-snippet":"max-snippet:-1","max-image-preview":"max-image-preview:large","max-video-preview":"max-video-preview:-1"},"canonical":"https:\/\/ri2020.eu\/en\/dogadjanja\/9-of-3-the-musical-synergy-of-three-virtuoso-guitarists\/","og_locale":"en_US","og_type":"article","og_title":"9 of 3 \u2013 the musical synergy of three virtuoso guitarists &#8226; Rijeka 2020","og_description":"An original project by three guitarists \u2013 Ivan Pe\u0161ut, Bruno Kova\u010di\u0107 and Miroslav Lesi\u0107, whom many consider to be the most famous instrumentalists on the Croatian music scene, will be performing at Trsat Castle on 25 August. The concert is scheduled for 9.30 p.m., but the doors open at 8.30 p.m.","og_url":"https:\/\/ri2020.eu\/en\/dogadjanja\/9-of-3-the-musical-synergy-of-three-virtuoso-guitarists\/","og_site_name":"Rijeka 2020","article_publisher":"https:\/\/www.facebook.com\/rijeka2020","article_modified_time":"2020-08-04T10:21:09+00:00","og_image":[{"width":2048,"height":2047,"url":"https:\/\/ri2020.eu\/wp-content\/uploads\/2020\/07\/9-of-3.jpg","type":"image\/jpeg"}],"twitter_card":"summary_large_image","twitter_site":"@Rijeka2020","schema":{"@context":"https:\/\/schema.org","@graph":[{"@type":"WebPage","@id":"https:\/\/ri2020.eu\/en\/dogadjanja\/9-of-3-the-musical-synergy-of-three-virtuoso-guitarists\/","url":"https:\/\/ri2020.eu\/en\/dogadjanja\/9-of-3-the-musical-synergy-of-three-virtuoso-guitarists\/","name":"9 of 3 \u2013 the musical synergy of three virtuoso guitarists &#8226; Rijeka 2020","isPartOf":{"@id":"https:\/\/ri2020.eu\/en\/#website"},"primaryImageOfPage":{"@id":"https:\/\/ri2020.eu\/en\/dogadjanja\/9-of-3-the-musical-synergy-of-three-virtuoso-guitarists\/#primaryimage"},"image":{"@id":"https:\/\/ri2020.eu\/en\/dogadjanja\/9-of-3-the-musical-synergy-of-three-virtuoso-guitarists\/#primaryimage"},"thumbnailUrl":"https:\/\/ri2020.eu\/wp-content\/uploads\/2020\/07\/9-of-3.jpg","datePublished":"2020-07-11T14:10:10+00:00","dateModified":"2020-08-04T10:21:09+00:00","breadcrumb":{"@id":"https:\/\/ri2020.eu\/en\/dogadjanja\/9-of-3-the-musical-synergy-of-three-virtuoso-guitarists\/#breadcrumb"},"inLanguage":"en-US","potentialAction":[{"@type":"ReadAction","target":["https:\/\/ri2020.eu\/en\/dogadjanja\/9-of-3-the-musical-synergy-of-three-virtuoso-guitarists\/"]}]},{"@type":"ImageObject","inLanguage":"en-US","@id":"https:\/\/ri2020.eu\/en\/dogadjanja\/9-of-3-the-musical-synergy-of-three-virtuoso-guitarists\/#primaryimage","url":"https:\/\/ri2020.eu\/wp-content\/uploads\/2020\/07\/9-of-3.jpg","contentUrl":"https:\/\/ri2020.eu\/wp-content\/uploads\/2020\/07\/9-of-3.jpg","width":2048,"height":2047},{"@type":"BreadcrumbList","@id":"https:\/\/ri2020.eu\/en\/dogadjanja\/9-of-3-the-musical-synergy-of-three-virtuoso-guitarists\/#breadcrumb","itemListElement":[{"@type":"ListItem","position":1,"name":"Home","item":"https:\/\/ri2020.eu\/en\/"},{"@type":"ListItem","position":2,"name":"Events","item":"https:\/\/ri2020.eu\/en\/dogadjanja\/"},{"@type":"ListItem","position":3,"name":"9 of 3 \u2013 the musical synergy of three virtuoso guitarists"}]},{"@type":"WebSite","@id":"https:\/\/ri2020.eu\/en\/#website","url":"https:\/\/ri2020.eu\/en\/","name":"Rijeka 2020","description":"Europska prijestolnica kulture","publisher":{"@id":"https:\/\/ri2020.eu\/en\/#organization"},"potentialAction":[{"@type":"SearchAction","target":{"@type":"EntryPoint","urlTemplate":"https:\/\/ri2020.eu\/en\/?s={search_term_string}"},"query-input":{"@type":"PropertyValueSpecification","valueRequired":true,"valueName":"search_term_string"}}],"inLanguage":"en-US"},{"@type":"Organization","@id":"https:\/\/ri2020.eu\/en\/#organization","name":"Rijeka 2020 d.o.o.","url":"https:\/\/ri2020.eu\/en\/","logo":{"@type":"ImageObject","inLanguage":"en-US","@id":"https:\/\/ri2020.eu\/en\/#\/schema\/logo\/image\/","url":"https:\/\/rijeka2020.eu\/wp-content\/uploads\/2018\/07\/Ri2020-logo.png","contentUrl":"https:\/\/rijeka2020.eu\/wp-content\/uploads\/2018\/07\/Ri2020-logo.png","width":407,"height":175,"caption":"Rijeka 2020 d.o.o."},"image":{"@id":"https:\/\/ri2020.eu\/en\/#\/schema\/logo\/image\/"},"sameAs":["https:\/\/www.facebook.com\/rijeka2020","https:\/\/x.com\/Rijeka2020","https:\/\/www.instagram.com\/rijeka2020\/","https:\/\/www.youtube.com\/user\/riepk2020"]}]}},"_links":{"self":[{"href":"https:\/\/ri2020.eu\/en\/wp-json\/wp\/v2\/events\/55856","targetHints":{"allow":["GET"]}}],"collection":[{"href":"https:\/\/ri2020.eu\/en\/wp-json\/wp\/v2\/events"}],"about":[{"href":"https:\/\/ri2020.eu\/en\/wp-json\/wp\/v2\/types\/event"}],"author":[{"embeddable":true,"href":"https:\/\/ri2020.eu\/en\/wp-json\/wp\/v2\/users\/72"}],"wp:featuredmedia":[{"embeddable":true,"href":"https:\/\/ri2020.eu\/en\/wp-json\/wp\/v2\/media\/54377"}],"wp:attachment":[{"href":"https:\/\/ri2020.eu\/en\/wp-json\/wp\/v2\/media?parent=55856"}],"wp:term":[{"taxonomy":"category","embeddable":true,"href":"https:\/\/ri2020.eu\/en\/wp-json\/wp\/v2\/categories?post=55856"},{"taxonomy":"post_tag","embeddable":true,"href":"https:\/\/ri2020.eu\/en\/wp-json\/wp\/v2\/tags?post=55856"}],"curies":[{"name":"wp","href":"https:\/\/api.w.org\/{rel}","templated":true}]}}

<p>An original project by three guitarists – Ivan Pešut, Bruno Kovačić and Miroslav Lesić, whom many consider to be the most famous instrumentalists on the Croatian music scene, will be performing at Trsat Castle on 25 August. The concert is scheduled for 9.30 p.m., but the doors open at 8.30 p.m.</p>

<!-- This site is optimized with the Yoast SEO plugin v26.8 - https://yoast.com/product/yoast-seo-wordpress/ -->
<title>9 of 3 – the musical synergy of three virtuoso guitarists &#8226; Rijeka 2020</title>
<meta name="robots" content="index, follow, max-snippet:-1, max-image-preview:large, max-video-preview:-1" />
<link rel="canonical" href="https://ri2020.eu/en/dogadjanja/9-of-3-the-musical-synergy-of-three-virtuoso-guitarists/" />
<meta property="og:locale" content="en_US" />
<meta property="og:type" content="article" />
<meta property="og:title" content="9 of 3 – the musical synergy of three virtuoso guitarists &#8226; Rijeka 2020" />
<meta property="og:description" content="An original project by three guitarists – Ivan Pešut, Bruno Kovačić and Miroslav Lesić, whom many consider to be the most famous instrumentalists on the Croatian music scene, will be performing at Trsat Castle on 25 August. The concert is scheduled for 9.30 p.m., but the doors open at 8.30 p.m." />
<meta property="og:url" content="https://ri2020.eu/en/dogadjanja/9-of-3-the-musical-synergy-of-three-virtuoso-guitarists/" />
<meta property="og:site_name" content="Rijeka 2020" />
<meta property="article:publisher" content="https://www.facebook.com/rijeka2020" />
<meta property="article:modified_time" content="2020-08-04T10:21:09+00:00" />
<meta property="og:image" content="https://ri2020.eu/wp-content/uploads/2020/07/9-of-3.jpg" />
	<meta property="og:image:width" content="2048" />
	<meta property="og:image:height" content="2047" />
	<meta property="og:image:type" content="image/jpeg" />
<meta name="twitter:card" content="summary_large_image" />
<meta name="twitter:site" content="@Rijeka2020" />
<script type="application/ld+json" class="yoast-schema-graph">{"@context":"https://schema.org","@graph":[{"@type":"WebPage","@id":"https://ri2020.eu/en/dogadjanja/9-of-3-the-musical-synergy-of-three-virtuoso-guitarists/","url":"https://ri2020.eu/en/dogadjanja/9-of-3-the-musical-synergy-of-three-virtuoso-guitarists/","name":"9 of 3 – the musical synergy of three virtuoso guitarists &#8226; Rijeka 2020","isPartOf":{"@id":"https://ri2020.eu/en/#website"},"primaryImageOfPage":{"@id":"https://ri2020.eu/en/dogadjanja/9-of-3-the-musical-synergy-of-three-virtuoso-guitarists/#primaryimage"},"image":{"@id":"https://ri2020.eu/en/dogadjanja/9-of-3-the-musical-synergy-of-three-virtuoso-guitarists/#primaryimage"},"thumbnailUrl":"https://ri2020.eu/wp-content/uploads/2020/07/9-of-3.jpg","datePublished":"2020-07-11T14:10:10+00:00","dateModified":"2020-08-04T10:21:09+00:00","breadcrumb":{"@id":"https://ri2020.eu/en/dogadjanja/9-of-3-the-musical-synergy-of-three-virtuoso-guitarists/#breadcrumb"},"inLanguage":"en-US","potentialAction":[{"@type":"ReadAction","target":["https://ri2020.eu/en/dogadjanja/9-of-3-the-musical-synergy-of-three-virtuoso-guitarists/"]}]},{"@type":"ImageObject","inLanguage":"en-US","@id":"https://ri2020.eu/en/dogadjanja/9-of-3-the-musical-synergy-of-three-virtuoso-guitarists/#primaryimage","url":"https://ri2020.eu/wp-content/uploads/2020/07/9-of-3.jpg","contentUrl":"https://ri2020.eu/wp-content/uploads/2020/07/9-of-3.jpg","width":2048,"height":2047},{"@type":"BreadcrumbList","@id":"https://ri2020.eu/en/dogadjanja/9-of-3-the-musical-synergy-of-three-virtuoso-guitarists/#breadcrumb","itemListElement":[{"@type":"ListItem","position":1,"name":"Home","item":"https://ri2020.eu/en/"},{"@type":"ListItem","position":2,"name":"Events","item":"https://ri2020.eu/en/dogadjanja/"},{"@type":"ListItem","position":3,"name":"9 of 3 – the musical synergy of three virtuoso guitarists"}]},{"@type":"WebSite","@id":"https://ri2020.eu/en/#website","url":"https://ri2020.eu/en/","name":"Rijeka 2020","description":"Europska prijestolnica kulture","publisher":{"@id":"https://ri2020.eu/en/#organization"},"potentialAction":[{"@type":"SearchAction","target":{"@type":"EntryPoint","urlTemplate":"https://ri2020.eu/en/?s={search_term_string}"},"query-input":{"@type":"PropertyValueSpecification","valueRequired":true,"valueName":"search_term_string"}}],"inLanguage":"en-US"},{"@type":"Organization","@id":"https://ri2020.eu/en/#organization","name":"Rijeka 2020 d.o.o.","url":"https://ri2020.eu/en/","logo":{"@type":"ImageObject","inLanguage":"en-US","@id":"https://ri2020.eu/en/#/schema/logo/image/","url":"https://rijeka2020.eu/wp-content/uploads/2018/07/Ri2020-logo.png","contentUrl":"https://rijeka2020.eu/wp-content/uploads/2018/07/Ri2020-logo.png","width":407,"height":175,"caption":"Rijeka 2020 d.o.o."},"image":{"@id":"https://ri2020.eu/en/#/schema/logo/image/"},"sameAs":["https://www.facebook.com/rijeka2020","https://x.com/Rijeka2020","https://www.instagram.com/rijeka2020/","https://www.youtube.com/user/riepk2020"]}]}</script>
<!-- / Yoast SEO plugin. -->

An original project by three guitarists – Ivan Pešut, Bruno Kovačić and Miroslav Lesić, whom many consider to be the most famous instrumentalists on the Croatian music scene, will be performing at Trsat Castle on 25 August. The concert is scheduled for 9.30 p.m., but the doors open at 8.30 p.m.
