{"id":49316,"date":"2020-01-24T15:18:09","date_gmt":"2020-01-24T14:18:09","guid":{"rendered":"https:\/\/rijeka2020.eu\/dogadjanja\/vecer-suzvucja-6-koncert-u-spomen-lindi-zezelic-zerovnik\/"},"modified":"2020-03-12T10:49:45","modified_gmt":"2020-03-12T09:49:45","slug":"evening-of-harmony-6th-concert-in-the-memory-of-linda-zezelic-zerovnik","status":"publish","type":"event","link":"https:\/\/ri2020.eu\/en\/dogadjanja\/evening-of-harmony-6th-concert-in-the-memory-of-linda-zezelic-zerovnik\/","title":{"rendered":"POSTPONED! Evening of Harmony \u2013 6th concert in the Memory of Linda \u017de\u017eeli\u0107 \u2013 \u017derovnik"},"content":{"rendered":"","protected":false},"excerpt":{"rendered":"<p>On March 13th young musicians from Rijeka Juraj Marko, Matej and Monika \u017derovnik with guests will present a concert commemorating the early passing of Linda \u017de\u017eeli\u0107-\u017derovnik, a professor from the Rijeka music school. The concert will take place in Circolo (The Building of the Italian Community of Rijeka \u2013 Comunit\u00e0 degli Italiani di Fiume) and the entrance is free of charge.<\/p>\n","protected":false},"author":72,"featured_media":47871,"parent":0,"menu_order":0,"template":"","categories":[],"tags":[],"class_list":["post-49316","event","type-event","status-publish","has-post-thumbnail","hentry","type-opera-and-classical-music","flagships-programme-plus-en","venue-rijeka"],"acf":[],"yoast_head":"<!-- This site is optimized with the Yoast SEO plugin v26.8 - https:\/\/yoast.com\/product\/yoast-seo-wordpress\/ -->\n<title>POSTPONED! Evening of Harmony \u2013 6th concert in the Memory of Linda \u017de\u017eeli\u0107 \u2013 \u017derovnik &#8226; Rijeka 2020<\/title>\n<meta name=\"robots\" content=\"index, follow, max-snippet:-1, max-image-preview:large, max-video-preview:-1\" \/>\n<link rel=\"canonical\" href=\"https:\/\/ri2020.eu\/en\/dogadjanja\/evening-of-harmony-6th-concert-in-the-memory-of-linda-zezelic-zerovnik\/\" \/>\n<meta property=\"og:locale\" content=\"en_US\" \/>\n<meta property=\"og:type\" content=\"article\" \/>\n<meta property=\"og:title\" content=\"POSTPONED! Evening of Harmony \u2013 6th concert in the Memory of Linda \u017de\u017eeli\u0107 \u2013 \u017derovnik &#8226; Rijeka 2020\" \/>\n<meta property=\"og:description\" content=\"On March 13th young musicians from Rijeka Juraj Marko, Matej and Monika \u017derovnik with guests will present a concert commemorating the early passing of Linda \u017de\u017eeli\u0107-\u017derovnik, a professor from the Rijeka music school. The concert will take place in Circolo (The Building of the Italian Community of Rijeka \u2013 Comunit\u00e0 degli Italiani di Fiume) and the entrance is free of charge.\" \/>\n<meta property=\"og:url\" content=\"https:\/\/ri2020.eu\/en\/dogadjanja\/evening-of-harmony-6th-concert-in-the-memory-of-linda-zezelic-zerovnik\/\" \/>\n<meta property=\"og:site_name\" content=\"Rijeka 2020\" \/>\n<meta property=\"article:publisher\" content=\"https:\/\/www.facebook.com\/rijeka2020\" \/>\n<meta property=\"article:modified_time\" content=\"2020-03-12T09:49:45+00:00\" \/>\n<meta property=\"og:image\" content=\"https:\/\/ri2020.eu\/wp-content\/uploads\/2020\/01\/Violina.jpg\" \/>\n\t<meta property=\"og:image:width\" content=\"1500\" \/>\n\t<meta property=\"og:image:height\" content=\"1001\" \/>\n\t<meta property=\"og:image:type\" content=\"image\/jpeg\" \/>\n<meta name=\"twitter:card\" content=\"summary_large_image\" \/>\n<meta name=\"twitter:site\" content=\"@Rijeka2020\" \/>\n<script type=\"application\/ld+json\" class=\"yoast-schema-graph\">{\"@context\":\"https:\/\/schema.org\",\"@graph\":[{\"@type\":\"WebPage\",\"@id\":\"https:\/\/ri2020.eu\/en\/dogadjanja\/evening-of-harmony-6th-concert-in-the-memory-of-linda-zezelic-zerovnik\/\",\"url\":\"https:\/\/ri2020.eu\/en\/dogadjanja\/evening-of-harmony-6th-concert-in-the-memory-of-linda-zezelic-zerovnik\/\",\"name\":\"POSTPONED! Evening of Harmony \u2013 6th concert in the Memory of Linda \u017de\u017eeli\u0107 \u2013 \u017derovnik &#8226; Rijeka 2020\",\"isPartOf\":{\"@id\":\"https:\/\/ri2020.eu\/en\/#website\"},\"primaryImageOfPage\":{\"@id\":\"https:\/\/ri2020.eu\/en\/dogadjanja\/evening-of-harmony-6th-concert-in-the-memory-of-linda-zezelic-zerovnik\/#primaryimage\"},\"image\":{\"@id\":\"https:\/\/ri2020.eu\/en\/dogadjanja\/evening-of-harmony-6th-concert-in-the-memory-of-linda-zezelic-zerovnik\/#primaryimage\"},\"thumbnailUrl\":\"https:\/\/ri2020.eu\/wp-content\/uploads\/2020\/01\/Violina.jpg\",\"datePublished\":\"2020-01-24T14:18:09+00:00\",\"dateModified\":\"2020-03-12T09:49:45+00:00\",\"breadcrumb\":{\"@id\":\"https:\/\/ri2020.eu\/en\/dogadjanja\/evening-of-harmony-6th-concert-in-the-memory-of-linda-zezelic-zerovnik\/#breadcrumb\"},\"inLanguage\":\"en-US\",\"potentialAction\":[{\"@type\":\"ReadAction\",\"target\":[\"https:\/\/ri2020.eu\/en\/dogadjanja\/evening-of-harmony-6th-concert-in-the-memory-of-linda-zezelic-zerovnik\/\"]}]},{\"@type\":\"ImageObject\",\"inLanguage\":\"en-US\",\"@id\":\"https:\/\/ri2020.eu\/en\/dogadjanja\/evening-of-harmony-6th-concert-in-the-memory-of-linda-zezelic-zerovnik\/#primaryimage\",\"url\":\"https:\/\/ri2020.eu\/wp-content\/uploads\/2020\/01\/Violina.jpg\",\"contentUrl\":\"https:\/\/ri2020.eu\/wp-content\/uploads\/2020\/01\/Violina.jpg\",\"width\":1500,\"height\":1001},{\"@type\":\"BreadcrumbList\",\"@id\":\"https:\/\/ri2020.eu\/en\/dogadjanja\/evening-of-harmony-6th-concert-in-the-memory-of-linda-zezelic-zerovnik\/#breadcrumb\",\"itemListElement\":[{\"@type\":\"ListItem\",\"position\":1,\"name\":\"Home\",\"item\":\"https:\/\/ri2020.eu\/en\/\"},{\"@type\":\"ListItem\",\"position\":2,\"name\":\"Events\",\"item\":\"https:\/\/ri2020.eu\/en\/dogadjanja\/\"},{\"@type\":\"ListItem\",\"position\":3,\"name\":\"POSTPONED! Evening of Harmony \u2013 6th concert in the Memory of Linda \u017de\u017eeli\u0107 \u2013 \u017derovnik\"}]},{\"@type\":\"WebSite\",\"@id\":\"https:\/\/ri2020.eu\/en\/#website\",\"url\":\"https:\/\/ri2020.eu\/en\/\",\"name\":\"Rijeka 2020\",\"description\":\"Europska prijestolnica kulture\",\"publisher\":{\"@id\":\"https:\/\/ri2020.eu\/en\/#organization\"},\"potentialAction\":[{\"@type\":\"SearchAction\",\"target\":{\"@type\":\"EntryPoint\",\"urlTemplate\":\"https:\/\/ri2020.eu\/en\/?s={search_term_string}\"},\"query-input\":{\"@type\":\"PropertyValueSpecification\",\"valueRequired\":true,\"valueName\":\"search_term_string\"}}],\"inLanguage\":\"en-US\"},{\"@type\":\"Organization\",\"@id\":\"https:\/\/ri2020.eu\/en\/#organization\",\"name\":\"Rijeka 2020 d.o.o.\",\"url\":\"https:\/\/ri2020.eu\/en\/\",\"logo\":{\"@type\":\"ImageObject\",\"inLanguage\":\"en-US\",\"@id\":\"https:\/\/ri2020.eu\/en\/#\/schema\/logo\/image\/\",\"url\":\"https:\/\/rijeka2020.eu\/wp-content\/uploads\/2018\/07\/Ri2020-logo.png\",\"contentUrl\":\"https:\/\/rijeka2020.eu\/wp-content\/uploads\/2018\/07\/Ri2020-logo.png\",\"width\":407,\"height\":175,\"caption\":\"Rijeka 2020 d.o.o.\"},\"image\":{\"@id\":\"https:\/\/ri2020.eu\/en\/#\/schema\/logo\/image\/\"},\"sameAs\":[\"https:\/\/www.facebook.com\/rijeka2020\",\"https:\/\/x.com\/Rijeka2020\",\"https:\/\/www.instagram.com\/rijeka2020\/\",\"https:\/\/www.youtube.com\/user\/riepk2020\"]}]}<\/script>\n<!-- \/ Yoast SEO plugin. -->","yoast_head_json":{"title":"POSTPONED! Evening of Harmony \u2013 6th concert in the Memory of Linda \u017de\u017eeli\u0107 \u2013 \u017derovnik &#8226; Rijeka 2020","robots":{"index":"index","follow":"follow","max-snippet":"max-snippet:-1","max-image-preview":"max-image-preview:large","max-video-preview":"max-video-preview:-1"},"canonical":"https:\/\/ri2020.eu\/en\/dogadjanja\/evening-of-harmony-6th-concert-in-the-memory-of-linda-zezelic-zerovnik\/","og_locale":"en_US","og_type":"article","og_title":"POSTPONED! Evening of Harmony \u2013 6th concert in the Memory of Linda \u017de\u017eeli\u0107 \u2013 \u017derovnik &#8226; Rijeka 2020","og_description":"On March 13th young musicians from Rijeka Juraj Marko, Matej and Monika \u017derovnik with guests will present a concert commemorating the early passing of Linda \u017de\u017eeli\u0107-\u017derovnik, a professor from the Rijeka music school. The concert will take place in Circolo (The Building of the Italian Community of Rijeka \u2013 Comunit\u00e0 degli Italiani di Fiume) and the entrance is free of charge.","og_url":"https:\/\/ri2020.eu\/en\/dogadjanja\/evening-of-harmony-6th-concert-in-the-memory-of-linda-zezelic-zerovnik\/","og_site_name":"Rijeka 2020","article_publisher":"https:\/\/www.facebook.com\/rijeka2020","article_modified_time":"2020-03-12T09:49:45+00:00","og_image":[{"width":1500,"height":1001,"url":"https:\/\/ri2020.eu\/wp-content\/uploads\/2020\/01\/Violina.jpg","type":"image\/jpeg"}],"twitter_card":"summary_large_image","twitter_site":"@Rijeka2020","schema":{"@context":"https:\/\/schema.org","@graph":[{"@type":"WebPage","@id":"https:\/\/ri2020.eu\/en\/dogadjanja\/evening-of-harmony-6th-concert-in-the-memory-of-linda-zezelic-zerovnik\/","url":"https:\/\/ri2020.eu\/en\/dogadjanja\/evening-of-harmony-6th-concert-in-the-memory-of-linda-zezelic-zerovnik\/","name":"POSTPONED! Evening of Harmony \u2013 6th concert in the Memory of Linda \u017de\u017eeli\u0107 \u2013 \u017derovnik &#8226; Rijeka 2020","isPartOf":{"@id":"https:\/\/ri2020.eu\/en\/#website"},"primaryImageOfPage":{"@id":"https:\/\/ri2020.eu\/en\/dogadjanja\/evening-of-harmony-6th-concert-in-the-memory-of-linda-zezelic-zerovnik\/#primaryimage"},"image":{"@id":"https:\/\/ri2020.eu\/en\/dogadjanja\/evening-of-harmony-6th-concert-in-the-memory-of-linda-zezelic-zerovnik\/#primaryimage"},"thumbnailUrl":"https:\/\/ri2020.eu\/wp-content\/uploads\/2020\/01\/Violina.jpg","datePublished":"2020-01-24T14:18:09+00:00","dateModified":"2020-03-12T09:49:45+00:00","breadcrumb":{"@id":"https:\/\/ri2020.eu\/en\/dogadjanja\/evening-of-harmony-6th-concert-in-the-memory-of-linda-zezelic-zerovnik\/#breadcrumb"},"inLanguage":"en-US","potentialAction":[{"@type":"ReadAction","target":["https:\/\/ri2020.eu\/en\/dogadjanja\/evening-of-harmony-6th-concert-in-the-memory-of-linda-zezelic-zerovnik\/"]}]},{"@type":"ImageObject","inLanguage":"en-US","@id":"https:\/\/ri2020.eu\/en\/dogadjanja\/evening-of-harmony-6th-concert-in-the-memory-of-linda-zezelic-zerovnik\/#primaryimage","url":"https:\/\/ri2020.eu\/wp-content\/uploads\/2020\/01\/Violina.jpg","contentUrl":"https:\/\/ri2020.eu\/wp-content\/uploads\/2020\/01\/Violina.jpg","width":1500,"height":1001},{"@type":"BreadcrumbList","@id":"https:\/\/ri2020.eu\/en\/dogadjanja\/evening-of-harmony-6th-concert-in-the-memory-of-linda-zezelic-zerovnik\/#breadcrumb","itemListElement":[{"@type":"ListItem","position":1,"name":"Home","item":"https:\/\/ri2020.eu\/en\/"},{"@type":"ListItem","position":2,"name":"Events","item":"https:\/\/ri2020.eu\/en\/dogadjanja\/"},{"@type":"ListItem","position":3,"name":"POSTPONED! Evening of Harmony \u2013 6th concert in the Memory of Linda \u017de\u017eeli\u0107 \u2013 \u017derovnik"}]},{"@type":"WebSite","@id":"https:\/\/ri2020.eu\/en\/#website","url":"https:\/\/ri2020.eu\/en\/","name":"Rijeka 2020","description":"Europska prijestolnica kulture","publisher":{"@id":"https:\/\/ri2020.eu\/en\/#organization"},"potentialAction":[{"@type":"SearchAction","target":{"@type":"EntryPoint","urlTemplate":"https:\/\/ri2020.eu\/en\/?s={search_term_string}"},"query-input":{"@type":"PropertyValueSpecification","valueRequired":true,"valueName":"search_term_string"}}],"inLanguage":"en-US"},{"@type":"Organization","@id":"https:\/\/ri2020.eu\/en\/#organization","name":"Rijeka 2020 d.o.o.","url":"https:\/\/ri2020.eu\/en\/","logo":{"@type":"ImageObject","inLanguage":"en-US","@id":"https:\/\/ri2020.eu\/en\/#\/schema\/logo\/image\/","url":"https:\/\/rijeka2020.eu\/wp-content\/uploads\/2018\/07\/Ri2020-logo.png","contentUrl":"https:\/\/rijeka2020.eu\/wp-content\/uploads\/2018\/07\/Ri2020-logo.png","width":407,"height":175,"caption":"Rijeka 2020 d.o.o."},"image":{"@id":"https:\/\/ri2020.eu\/en\/#\/schema\/logo\/image\/"},"sameAs":["https:\/\/www.facebook.com\/rijeka2020","https:\/\/x.com\/Rijeka2020","https:\/\/www.instagram.com\/rijeka2020\/","https:\/\/www.youtube.com\/user\/riepk2020"]}]}},"_links":{"self":[{"href":"https:\/\/ri2020.eu\/en\/wp-json\/wp\/v2\/events\/49316","targetHints":{"allow":["GET"]}}],"collection":[{"href":"https:\/\/ri2020.eu\/en\/wp-json\/wp\/v2\/events"}],"about":[{"href":"https:\/\/ri2020.eu\/en\/wp-json\/wp\/v2\/types\/event"}],"author":[{"embeddable":true,"href":"https:\/\/ri2020.eu\/en\/wp-json\/wp\/v2\/users\/72"}],"wp:featuredmedia":[{"embeddable":true,"href":"https:\/\/ri2020.eu\/en\/wp-json\/wp\/v2\/media\/47871"}],"wp:attachment":[{"href":"https:\/\/ri2020.eu\/en\/wp-json\/wp\/v2\/media?parent=49316"}],"wp:term":[{"taxonomy":"category","embeddable":true,"href":"https:\/\/ri2020.eu\/en\/wp-json\/wp\/v2\/categories?post=49316"},{"taxonomy":"post_tag","embeddable":true,"href":"https:\/\/ri2020.eu\/en\/wp-json\/wp\/v2\/tags?post=49316"}],"curies":[{"name":"wp","href":"https:\/\/api.w.org\/{rel}","templated":true}]}}

POSTPONED! Evening of Harmony – 6th concert in the Memory of Linda Žeželić – Žerovnik

<p>On March 13th young musicians from Rijeka Juraj Marko, Matej and Monika Žerovnik with guests will present a concert commemorating the early passing of Linda Žeželić-Žerovnik, a professor from the Rijeka music school. The concert will take place in Circolo (The Building of the Italian Community of Rijeka – Comunità degli Italiani di Fiume) and the entrance is free of charge.</p>

<!-- This site is optimized with the Yoast SEO plugin v26.8 - https://yoast.com/product/yoast-seo-wordpress/ -->
<title>POSTPONED! Evening of Harmony – 6th concert in the Memory of Linda Žeželić – Žerovnik &#8226; Rijeka 2020</title>
<meta name="robots" content="index, follow, max-snippet:-1, max-image-preview:large, max-video-preview:-1" />
<link rel="canonical" href="https://ri2020.eu/en/dogadjanja/evening-of-harmony-6th-concert-in-the-memory-of-linda-zezelic-zerovnik/" />
<meta property="og:locale" content="en_US" />
<meta property="og:type" content="article" />
<meta property="og:title" content="POSTPONED! Evening of Harmony – 6th concert in the Memory of Linda Žeželić – Žerovnik &#8226; Rijeka 2020" />
<meta property="og:description" content="On March 13th young musicians from Rijeka Juraj Marko, Matej and Monika Žerovnik with guests will present a concert commemorating the early passing of Linda Žeželić-Žerovnik, a professor from the Rijeka music school. The concert will take place in Circolo (The Building of the Italian Community of Rijeka – Comunità degli Italiani di Fiume) and the entrance is free of charge." />
<meta property="og:url" content="https://ri2020.eu/en/dogadjanja/evening-of-harmony-6th-concert-in-the-memory-of-linda-zezelic-zerovnik/" />
<meta property="og:site_name" content="Rijeka 2020" />
<meta property="article:publisher" content="https://www.facebook.com/rijeka2020" />
<meta property="article:modified_time" content="2020-03-12T09:49:45+00:00" />
<meta property="og:image" content="https://ri2020.eu/wp-content/uploads/2020/01/Violina.jpg" />
	<meta property="og:image:width" content="1500" />
	<meta property="og:image:height" content="1001" />
	<meta property="og:image:type" content="image/jpeg" />
<meta name="twitter:card" content="summary_large_image" />
<meta name="twitter:site" content="@Rijeka2020" />
<script type="application/ld+json" class="yoast-schema-graph">{"@context":"https://schema.org","@graph":[{"@type":"WebPage","@id":"https://ri2020.eu/en/dogadjanja/evening-of-harmony-6th-concert-in-the-memory-of-linda-zezelic-zerovnik/","url":"https://ri2020.eu/en/dogadjanja/evening-of-harmony-6th-concert-in-the-memory-of-linda-zezelic-zerovnik/","name":"POSTPONED! Evening of Harmony – 6th concert in the Memory of Linda Žeželić – Žerovnik &#8226; Rijeka 2020","isPartOf":{"@id":"https://ri2020.eu/en/#website"},"primaryImageOfPage":{"@id":"https://ri2020.eu/en/dogadjanja/evening-of-harmony-6th-concert-in-the-memory-of-linda-zezelic-zerovnik/#primaryimage"},"image":{"@id":"https://ri2020.eu/en/dogadjanja/evening-of-harmony-6th-concert-in-the-memory-of-linda-zezelic-zerovnik/#primaryimage"},"thumbnailUrl":"https://ri2020.eu/wp-content/uploads/2020/01/Violina.jpg","datePublished":"2020-01-24T14:18:09+00:00","dateModified":"2020-03-12T09:49:45+00:00","breadcrumb":{"@id":"https://ri2020.eu/en/dogadjanja/evening-of-harmony-6th-concert-in-the-memory-of-linda-zezelic-zerovnik/#breadcrumb"},"inLanguage":"en-US","potentialAction":[{"@type":"ReadAction","target":["https://ri2020.eu/en/dogadjanja/evening-of-harmony-6th-concert-in-the-memory-of-linda-zezelic-zerovnik/"]}]},{"@type":"ImageObject","inLanguage":"en-US","@id":"https://ri2020.eu/en/dogadjanja/evening-of-harmony-6th-concert-in-the-memory-of-linda-zezelic-zerovnik/#primaryimage","url":"https://ri2020.eu/wp-content/uploads/2020/01/Violina.jpg","contentUrl":"https://ri2020.eu/wp-content/uploads/2020/01/Violina.jpg","width":1500,"height":1001},{"@type":"BreadcrumbList","@id":"https://ri2020.eu/en/dogadjanja/evening-of-harmony-6th-concert-in-the-memory-of-linda-zezelic-zerovnik/#breadcrumb","itemListElement":[{"@type":"ListItem","position":1,"name":"Home","item":"https://ri2020.eu/en/"},{"@type":"ListItem","position":2,"name":"Events","item":"https://ri2020.eu/en/dogadjanja/"},{"@type":"ListItem","position":3,"name":"POSTPONED! Evening of Harmony – 6th concert in the Memory of Linda Žeželić – Žerovnik"}]},{"@type":"WebSite","@id":"https://ri2020.eu/en/#website","url":"https://ri2020.eu/en/","name":"Rijeka 2020","description":"Europska prijestolnica kulture","publisher":{"@id":"https://ri2020.eu/en/#organization"},"potentialAction":[{"@type":"SearchAction","target":{"@type":"EntryPoint","urlTemplate":"https://ri2020.eu/en/?s={search_term_string}"},"query-input":{"@type":"PropertyValueSpecification","valueRequired":true,"valueName":"search_term_string"}}],"inLanguage":"en-US"},{"@type":"Organization","@id":"https://ri2020.eu/en/#organization","name":"Rijeka 2020 d.o.o.","url":"https://ri2020.eu/en/","logo":{"@type":"ImageObject","inLanguage":"en-US","@id":"https://ri2020.eu/en/#/schema/logo/image/","url":"https://rijeka2020.eu/wp-content/uploads/2018/07/Ri2020-logo.png","contentUrl":"https://rijeka2020.eu/wp-content/uploads/2018/07/Ri2020-logo.png","width":407,"height":175,"caption":"Rijeka 2020 d.o.o."},"image":{"@id":"https://ri2020.eu/en/#/schema/logo/image/"},"sameAs":["https://www.facebook.com/rijeka2020","https://x.com/Rijeka2020","https://www.instagram.com/rijeka2020/","https://www.youtube.com/user/riepk2020"]}]}</script>
<!-- / Yoast SEO plugin. -->

POSTPONED! Evening of Harmony – 6th concert in the Memory of Linda Žeželić – Žerovnik &#8226; Rijeka 2020

On March 13th young musicians from Rijeka Juraj Marko, Matej and Monika Žerovnik with guests will present a concert commemorating the early passing of Linda Žeželić-Žerovnik, a professor from the Rijeka music school. The concert will take place in Circolo (The Building of the Italian Community of Rijeka – Comunità degli Italiani di Fiume) and the entrance is free of charge.
