{"id":47480,"date":"2020-01-09T10:29:46","date_gmt":"2020-01-09T09:29:46","guid":{"rendered":"https:\/\/rijeka2020.eu\/dogadjanja\/izlozba-kultura-sjecanja-i-spanjolski-gradanski-rat\/"},"modified":"2020-01-20T15:36:36","modified_gmt":"2020-01-20T14:36:36","slug":"exhibition-cultural-memory-of-the-spanish-civil-war","status":"publish","type":"event","link":"https:\/\/ri2020.eu\/en\/dogadjanja\/exhibition-cultural-memory-of-the-spanish-civil-war\/","title":{"rendered":"Exhibition \u201cCultural Memory of the Spanish Civil War\u201d"},"content":{"rendered":"","protected":false},"excerpt":{"rendered":"<p>The ten double-sided external pop-up exhibition stands, set up along the walkway leading up to the STEP RI (Science and Technology Park Rijeka), tell the story of the Spanish Civil War, which lasted from 1936 to 1939, explain the role of volunteer soldiers from Rijeka, Primorje-Gorski Kotar County, and ultimately from all of Croatia, as well as the role of cultural workers, authors, artists and a variety of activists in this storm of war.<\/p>\n","protected":false},"author":72,"featured_media":46417,"parent":0,"menu_order":0,"template":"","categories":[],"tags":[],"class_list":["post-47480","event","type-event","status-publish","has-post-thumbnail","hentry","type-exhibitions","flagships-27-neighbourhoods","venue-rijeka"],"acf":[],"yoast_head":"<!-- This site is optimized with the Yoast SEO plugin v26.8 - https:\/\/yoast.com\/product\/yoast-seo-wordpress\/ -->\n<title>Exhibition \u201cCultural Memory of the Spanish Civil War\u201d &#8226; Rijeka 2020<\/title>\n<meta name=\"robots\" content=\"index, follow, max-snippet:-1, max-image-preview:large, max-video-preview:-1\" \/>\n<link rel=\"canonical\" href=\"https:\/\/ri2020.eu\/en\/dogadjanja\/exhibition-cultural-memory-of-the-spanish-civil-war\/\" \/>\n<meta property=\"og:locale\" content=\"en_US\" \/>\n<meta property=\"og:type\" content=\"article\" \/>\n<meta property=\"og:title\" content=\"Exhibition \u201cCultural Memory of the Spanish Civil War\u201d &#8226; Rijeka 2020\" \/>\n<meta property=\"og:description\" content=\"The ten double-sided external pop-up exhibition stands, set up along the walkway leading up to the STEP RI (Science and Technology Park Rijeka), tell the story of the Spanish Civil War, which lasted from 1936 to 1939, explain the role of volunteer soldiers from Rijeka, Primorje-Gorski Kotar County, and ultimately from all of Croatia, as well as the role of cultural workers, authors, artists and a variety of activists in this storm of war.\" \/>\n<meta property=\"og:url\" content=\"https:\/\/ri2020.eu\/en\/dogadjanja\/exhibition-cultural-memory-of-the-spanish-civil-war\/\" \/>\n<meta property=\"og:site_name\" content=\"Rijeka 2020\" \/>\n<meta property=\"article:publisher\" content=\"https:\/\/www.facebook.com\/rijeka2020\" \/>\n<meta property=\"article:modified_time\" content=\"2020-01-20T14:36:36+00:00\" \/>\n<meta property=\"og:image\" content=\"https:\/\/rijeka2020.eu\/wp-content\/uploads\/2020\/01\/Izlo\u017eba-Kultura-sje\u0107anja-i-\u0160panjolski-gra\u0111anski-rat_5.jpg\" \/>\n\t<meta property=\"og:image:width\" content=\"2048\" \/>\n\t<meta property=\"og:image:height\" content=\"1365\" \/>\n\t<meta property=\"og:image:type\" content=\"image\/jpeg\" \/>\n<meta name=\"twitter:card\" content=\"summary_large_image\" \/>\n<meta name=\"twitter:site\" content=\"@Rijeka2020\" \/>\n<script type=\"application\/ld+json\" class=\"yoast-schema-graph\">{\"@context\":\"https:\/\/schema.org\",\"@graph\":[{\"@type\":\"WebPage\",\"@id\":\"https:\/\/ri2020.eu\/en\/dogadjanja\/exhibition-cultural-memory-of-the-spanish-civil-war\/\",\"url\":\"https:\/\/ri2020.eu\/en\/dogadjanja\/exhibition-cultural-memory-of-the-spanish-civil-war\/\",\"name\":\"Exhibition \u201cCultural Memory of the Spanish Civil War\u201d &#8226; Rijeka 2020\",\"isPartOf\":{\"@id\":\"https:\/\/rijeka2020.eu\/en\/#website\"},\"primaryImageOfPage\":{\"@id\":\"https:\/\/ri2020.eu\/en\/dogadjanja\/exhibition-cultural-memory-of-the-spanish-civil-war\/#primaryimage\"},\"image\":{\"@id\":\"https:\/\/ri2020.eu\/en\/dogadjanja\/exhibition-cultural-memory-of-the-spanish-civil-war\/#primaryimage\"},\"thumbnailUrl\":\"https:\/\/ri2020.eu\/wp-content\/uploads\/2020\/01\/Izlo\u017eba-Kultura-sje\u0107anja-i-\u0160panjolski-gra\u0111anski-rat_5.jpg\",\"datePublished\":\"2020-01-09T09:29:46+00:00\",\"dateModified\":\"2020-01-20T14:36:36+00:00\",\"breadcrumb\":{\"@id\":\"https:\/\/ri2020.eu\/en\/dogadjanja\/exhibition-cultural-memory-of-the-spanish-civil-war\/#breadcrumb\"},\"inLanguage\":\"en-US\",\"potentialAction\":[{\"@type\":\"ReadAction\",\"target\":[\"https:\/\/ri2020.eu\/en\/dogadjanja\/exhibition-cultural-memory-of-the-spanish-civil-war\/\"]}]},{\"@type\":\"ImageObject\",\"inLanguage\":\"en-US\",\"@id\":\"https:\/\/ri2020.eu\/en\/dogadjanja\/exhibition-cultural-memory-of-the-spanish-civil-war\/#primaryimage\",\"url\":\"https:\/\/ri2020.eu\/wp-content\/uploads\/2020\/01\/Izlo\u017eba-Kultura-sje\u0107anja-i-\u0160panjolski-gra\u0111anski-rat_5.jpg\",\"contentUrl\":\"https:\/\/ri2020.eu\/wp-content\/uploads\/2020\/01\/Izlo\u017eba-Kultura-sje\u0107anja-i-\u0160panjolski-gra\u0111anski-rat_5.jpg\",\"width\":2048,\"height\":1365},{\"@type\":\"BreadcrumbList\",\"@id\":\"https:\/\/ri2020.eu\/en\/dogadjanja\/exhibition-cultural-memory-of-the-spanish-civil-war\/#breadcrumb\",\"itemListElement\":[{\"@type\":\"ListItem\",\"position\":1,\"name\":\"Home\",\"item\":\"https:\/\/rijeka2020.eu\/en\/\"},{\"@type\":\"ListItem\",\"position\":2,\"name\":\"Events\",\"item\":\"https:\/\/ri2020.eu\/en\/dogadjanja\/\"},{\"@type\":\"ListItem\",\"position\":3,\"name\":\"Exhibition \u201cCultural Memory of the Spanish Civil War\u201d\"}]},{\"@type\":\"WebSite\",\"@id\":\"https:\/\/rijeka2020.eu\/en\/#website\",\"url\":\"https:\/\/rijeka2020.eu\/en\/\",\"name\":\"Rijeka 2020\",\"description\":\"Europska prijestolnica kulture\",\"publisher\":{\"@id\":\"https:\/\/rijeka2020.eu\/en\/#organization\"},\"potentialAction\":[{\"@type\":\"SearchAction\",\"target\":{\"@type\":\"EntryPoint\",\"urlTemplate\":\"https:\/\/rijeka2020.eu\/en\/?s={search_term_string}\"},\"query-input\":{\"@type\":\"PropertyValueSpecification\",\"valueRequired\":true,\"valueName\":\"search_term_string\"}}],\"inLanguage\":\"en-US\"},{\"@type\":\"Organization\",\"@id\":\"https:\/\/rijeka2020.eu\/en\/#organization\",\"name\":\"Rijeka 2020 d.o.o.\",\"url\":\"https:\/\/rijeka2020.eu\/en\/\",\"logo\":{\"@type\":\"ImageObject\",\"inLanguage\":\"en-US\",\"@id\":\"https:\/\/rijeka2020.eu\/en\/#\/schema\/logo\/image\/\",\"url\":\"https:\/\/rijeka2020.eu\/wp-content\/uploads\/2018\/07\/Ri2020-logo.png\",\"contentUrl\":\"https:\/\/rijeka2020.eu\/wp-content\/uploads\/2018\/07\/Ri2020-logo.png\",\"width\":407,\"height\":175,\"caption\":\"Rijeka 2020 d.o.o.\"},\"image\":{\"@id\":\"https:\/\/rijeka2020.eu\/en\/#\/schema\/logo\/image\/\"},\"sameAs\":[\"https:\/\/www.facebook.com\/rijeka2020\",\"https:\/\/x.com\/Rijeka2020\",\"https:\/\/www.instagram.com\/rijeka2020\/\",\"https:\/\/www.youtube.com\/user\/riepk2020\"]}]}<\/script>\n<!-- \/ Yoast SEO plugin. -->","yoast_head_json":{"title":"Exhibition \u201cCultural Memory of the Spanish Civil War\u201d &#8226; Rijeka 2020","robots":{"index":"index","follow":"follow","max-snippet":"max-snippet:-1","max-image-preview":"max-image-preview:large","max-video-preview":"max-video-preview:-1"},"canonical":"https:\/\/ri2020.eu\/en\/dogadjanja\/exhibition-cultural-memory-of-the-spanish-civil-war\/","og_locale":"en_US","og_type":"article","og_title":"Exhibition \u201cCultural Memory of the Spanish Civil War\u201d &#8226; Rijeka 2020","og_description":"The ten double-sided external pop-up exhibition stands, set up along the walkway leading up to the STEP RI (Science and Technology Park Rijeka), tell the story of the Spanish Civil War, which lasted from 1936 to 1939, explain the role of volunteer soldiers from Rijeka, Primorje-Gorski Kotar County, and ultimately from all of Croatia, as well as the role of cultural workers, authors, artists and a variety of activists in this storm of war.","og_url":"https:\/\/ri2020.eu\/en\/dogadjanja\/exhibition-cultural-memory-of-the-spanish-civil-war\/","og_site_name":"Rijeka 2020","article_publisher":"https:\/\/www.facebook.com\/rijeka2020","article_modified_time":"2020-01-20T14:36:36+00:00","og_image":[{"width":2048,"height":1365,"url":"https:\/\/rijeka2020.eu\/wp-content\/uploads\/2020\/01\/Izlo\u017eba-Kultura-sje\u0107anja-i-\u0160panjolski-gra\u0111anski-rat_5.jpg","type":"image\/jpeg"}],"twitter_card":"summary_large_image","twitter_site":"@Rijeka2020","schema":{"@context":"https:\/\/schema.org","@graph":[{"@type":"WebPage","@id":"https:\/\/ri2020.eu\/en\/dogadjanja\/exhibition-cultural-memory-of-the-spanish-civil-war\/","url":"https:\/\/ri2020.eu\/en\/dogadjanja\/exhibition-cultural-memory-of-the-spanish-civil-war\/","name":"Exhibition \u201cCultural Memory of the Spanish Civil War\u201d &#8226; Rijeka 2020","isPartOf":{"@id":"https:\/\/rijeka2020.eu\/en\/#website"},"primaryImageOfPage":{"@id":"https:\/\/ri2020.eu\/en\/dogadjanja\/exhibition-cultural-memory-of-the-spanish-civil-war\/#primaryimage"},"image":{"@id":"https:\/\/ri2020.eu\/en\/dogadjanja\/exhibition-cultural-memory-of-the-spanish-civil-war\/#primaryimage"},"thumbnailUrl":"https:\/\/ri2020.eu\/wp-content\/uploads\/2020\/01\/Izlo\u017eba-Kultura-sje\u0107anja-i-\u0160panjolski-gra\u0111anski-rat_5.jpg","datePublished":"2020-01-09T09:29:46+00:00","dateModified":"2020-01-20T14:36:36+00:00","breadcrumb":{"@id":"https:\/\/ri2020.eu\/en\/dogadjanja\/exhibition-cultural-memory-of-the-spanish-civil-war\/#breadcrumb"},"inLanguage":"en-US","potentialAction":[{"@type":"ReadAction","target":["https:\/\/ri2020.eu\/en\/dogadjanja\/exhibition-cultural-memory-of-the-spanish-civil-war\/"]}]},{"@type":"ImageObject","inLanguage":"en-US","@id":"https:\/\/ri2020.eu\/en\/dogadjanja\/exhibition-cultural-memory-of-the-spanish-civil-war\/#primaryimage","url":"https:\/\/ri2020.eu\/wp-content\/uploads\/2020\/01\/Izlo\u017eba-Kultura-sje\u0107anja-i-\u0160panjolski-gra\u0111anski-rat_5.jpg","contentUrl":"https:\/\/ri2020.eu\/wp-content\/uploads\/2020\/01\/Izlo\u017eba-Kultura-sje\u0107anja-i-\u0160panjolski-gra\u0111anski-rat_5.jpg","width":2048,"height":1365},{"@type":"BreadcrumbList","@id":"https:\/\/ri2020.eu\/en\/dogadjanja\/exhibition-cultural-memory-of-the-spanish-civil-war\/#breadcrumb","itemListElement":[{"@type":"ListItem","position":1,"name":"Home","item":"https:\/\/rijeka2020.eu\/en\/"},{"@type":"ListItem","position":2,"name":"Events","item":"https:\/\/ri2020.eu\/en\/dogadjanja\/"},{"@type":"ListItem","position":3,"name":"Exhibition \u201cCultural Memory of the Spanish Civil War\u201d"}]},{"@type":"WebSite","@id":"https:\/\/rijeka2020.eu\/en\/#website","url":"https:\/\/rijeka2020.eu\/en\/","name":"Rijeka 2020","description":"Europska prijestolnica kulture","publisher":{"@id":"https:\/\/rijeka2020.eu\/en\/#organization"},"potentialAction":[{"@type":"SearchAction","target":{"@type":"EntryPoint","urlTemplate":"https:\/\/rijeka2020.eu\/en\/?s={search_term_string}"},"query-input":{"@type":"PropertyValueSpecification","valueRequired":true,"valueName":"search_term_string"}}],"inLanguage":"en-US"},{"@type":"Organization","@id":"https:\/\/rijeka2020.eu\/en\/#organization","name":"Rijeka 2020 d.o.o.","url":"https:\/\/rijeka2020.eu\/en\/","logo":{"@type":"ImageObject","inLanguage":"en-US","@id":"https:\/\/rijeka2020.eu\/en\/#\/schema\/logo\/image\/","url":"https:\/\/rijeka2020.eu\/wp-content\/uploads\/2018\/07\/Ri2020-logo.png","contentUrl":"https:\/\/rijeka2020.eu\/wp-content\/uploads\/2018\/07\/Ri2020-logo.png","width":407,"height":175,"caption":"Rijeka 2020 d.o.o."},"image":{"@id":"https:\/\/rijeka2020.eu\/en\/#\/schema\/logo\/image\/"},"sameAs":["https:\/\/www.facebook.com\/rijeka2020","https:\/\/x.com\/Rijeka2020","https:\/\/www.instagram.com\/rijeka2020\/","https:\/\/www.youtube.com\/user\/riepk2020"]}]}},"_links":{"self":[{"href":"https:\/\/ri2020.eu\/en\/wp-json\/wp\/v2\/events\/47480","targetHints":{"allow":["GET"]}}],"collection":[{"href":"https:\/\/ri2020.eu\/en\/wp-json\/wp\/v2\/events"}],"about":[{"href":"https:\/\/ri2020.eu\/en\/wp-json\/wp\/v2\/types\/event"}],"author":[{"embeddable":true,"href":"https:\/\/ri2020.eu\/en\/wp-json\/wp\/v2\/users\/72"}],"wp:featuredmedia":[{"embeddable":true,"href":"https:\/\/ri2020.eu\/en\/wp-json\/wp\/v2\/media\/46417"}],"wp:attachment":[{"href":"https:\/\/ri2020.eu\/en\/wp-json\/wp\/v2\/media?parent=47480"}],"wp:term":[{"taxonomy":"category","embeddable":true,"href":"https:\/\/ri2020.eu\/en\/wp-json\/wp\/v2\/categories?post=47480"},{"taxonomy":"post_tag","embeddable":true,"href":"https:\/\/ri2020.eu\/en\/wp-json\/wp\/v2\/tags?post=47480"}],"curies":[{"name":"wp","href":"https:\/\/api.w.org\/{rel}","templated":true}]}}

<!-- This site is optimized with the Yoast SEO plugin v26.8 - https://yoast.com/product/yoast-seo-wordpress/ -->
<title>Exhibition “Cultural Memory of the Spanish Civil War” &#8226; Rijeka 2020</title>
<meta name="robots" content="index, follow, max-snippet:-1, max-image-preview:large, max-video-preview:-1" />
<link rel="canonical" href="https://ri2020.eu/en/dogadjanja/exhibition-cultural-memory-of-the-spanish-civil-war/" />
<meta property="og:locale" content="en_US" />
<meta property="og:type" content="article" />
<meta property="og:title" content="Exhibition “Cultural Memory of the Spanish Civil War” &#8226; Rijeka 2020" />
<meta property="og:description" content="The ten double-sided external pop-up exhibition stands, set up along the walkway leading up to the STEP RI (Science and Technology Park Rijeka), tell the story of the Spanish Civil War, which lasted from 1936 to 1939, explain the role of volunteer soldiers from Rijeka, Primorje-Gorski Kotar County, and ultimately from all of Croatia, as well as the role of cultural workers, authors, artists and a variety of activists in this storm of war." />
<meta property="og:url" content="https://ri2020.eu/en/dogadjanja/exhibition-cultural-memory-of-the-spanish-civil-war/" />
<meta property="og:site_name" content="Rijeka 2020" />
<meta property="article:publisher" content="https://www.facebook.com/rijeka2020" />
<meta property="article:modified_time" content="2020-01-20T14:36:36+00:00" />
<meta property="og:image" content="https://rijeka2020.eu/wp-content/uploads/2020/01/Izložba-Kultura-sjećanja-i-Španjolski-građanski-rat_5.jpg" />
	<meta property="og:image:width" content="2048" />
	<meta property="og:image:height" content="1365" />
	<meta property="og:image:type" content="image/jpeg" />
<meta name="twitter:card" content="summary_large_image" />
<meta name="twitter:site" content="@Rijeka2020" />
<script type="application/ld+json" class="yoast-schema-graph">{"@context":"https://schema.org","@graph":[{"@type":"WebPage","@id":"https://ri2020.eu/en/dogadjanja/exhibition-cultural-memory-of-the-spanish-civil-war/","url":"https://ri2020.eu/en/dogadjanja/exhibition-cultural-memory-of-the-spanish-civil-war/","name":"Exhibition “Cultural Memory of the Spanish Civil War” &#8226; Rijeka 2020","isPartOf":{"@id":"https://rijeka2020.eu/en/#website"},"primaryImageOfPage":{"@id":"https://ri2020.eu/en/dogadjanja/exhibition-cultural-memory-of-the-spanish-civil-war/#primaryimage"},"image":{"@id":"https://ri2020.eu/en/dogadjanja/exhibition-cultural-memory-of-the-spanish-civil-war/#primaryimage"},"thumbnailUrl":"https://ri2020.eu/wp-content/uploads/2020/01/Izložba-Kultura-sjećanja-i-Španjolski-građanski-rat_5.jpg","datePublished":"2020-01-09T09:29:46+00:00","dateModified":"2020-01-20T14:36:36+00:00","breadcrumb":{"@id":"https://ri2020.eu/en/dogadjanja/exhibition-cultural-memory-of-the-spanish-civil-war/#breadcrumb"},"inLanguage":"en-US","potentialAction":[{"@type":"ReadAction","target":["https://ri2020.eu/en/dogadjanja/exhibition-cultural-memory-of-the-spanish-civil-war/"]}]},{"@type":"ImageObject","inLanguage":"en-US","@id":"https://ri2020.eu/en/dogadjanja/exhibition-cultural-memory-of-the-spanish-civil-war/#primaryimage","url":"https://ri2020.eu/wp-content/uploads/2020/01/Izložba-Kultura-sjećanja-i-Španjolski-građanski-rat_5.jpg","contentUrl":"https://ri2020.eu/wp-content/uploads/2020/01/Izložba-Kultura-sjećanja-i-Španjolski-građanski-rat_5.jpg","width":2048,"height":1365},{"@type":"BreadcrumbList","@id":"https://ri2020.eu/en/dogadjanja/exhibition-cultural-memory-of-the-spanish-civil-war/#breadcrumb","itemListElement":[{"@type":"ListItem","position":1,"name":"Home","item":"https://rijeka2020.eu/en/"},{"@type":"ListItem","position":2,"name":"Events","item":"https://ri2020.eu/en/dogadjanja/"},{"@type":"ListItem","position":3,"name":"Exhibition “Cultural Memory of the Spanish Civil War”"}]},{"@type":"WebSite","@id":"https://rijeka2020.eu/en/#website","url":"https://rijeka2020.eu/en/","name":"Rijeka 2020","description":"Europska prijestolnica kulture","publisher":{"@id":"https://rijeka2020.eu/en/#organization"},"potentialAction":[{"@type":"SearchAction","target":{"@type":"EntryPoint","urlTemplate":"https://rijeka2020.eu/en/?s={search_term_string}"},"query-input":{"@type":"PropertyValueSpecification","valueRequired":true,"valueName":"search_term_string"}}],"inLanguage":"en-US"},{"@type":"Organization","@id":"https://rijeka2020.eu/en/#organization","name":"Rijeka 2020 d.o.o.","url":"https://rijeka2020.eu/en/","logo":{"@type":"ImageObject","inLanguage":"en-US","@id":"https://rijeka2020.eu/en/#/schema/logo/image/","url":"https://rijeka2020.eu/wp-content/uploads/2018/07/Ri2020-logo.png","contentUrl":"https://rijeka2020.eu/wp-content/uploads/2018/07/Ri2020-logo.png","width":407,"height":175,"caption":"Rijeka 2020 d.o.o."},"image":{"@id":"https://rijeka2020.eu/en/#/schema/logo/image/"},"sameAs":["https://www.facebook.com/rijeka2020","https://x.com/Rijeka2020","https://www.instagram.com/rijeka2020/","https://www.youtube.com/user/riepk2020"]}]}</script>
<!-- / Yoast SEO plugin. -->

https://rijeka2020.eu/wp-content/uploads/2020/01/Izložba-Kultura-sjećanja-i-Španjolski-građanski-rat_5.jpg

https://ri2020.eu/wp-content/uploads/2020/01/Izložba-Kultura-sjećanja-i-Španjolski-građanski-rat_5.jpg
