{"id":32869,"date":"2019-10-17T11:26:47","date_gmt":"2019-10-17T09:26:47","guid":{"rendered":"https:\/\/rijeka2020.eu\/?post_type=event&#038;p=32869"},"modified":"2019-10-17T11:26:47","modified_gmt":"2019-10-17T09:26:47","slug":"three-new-works-of-art-at-the-memorial-centre-lipa-remembers-within-the-recognising-the-absence-artistic-programme","status":"publish","type":"event","link":"https:\/\/ri2020.eu\/en\/dogadjanja\/three-new-works-of-art-at-the-memorial-centre-lipa-remembers-within-the-recognising-the-absence-artistic-programme\/","title":{"rendered":"Three new works of art at the Memorial Centre Lipa Remembers within the \u201cRecognising the Absence\u201d artistic programme"},"content":{"rendered":"","protected":false},"excerpt":{"rendered":"<p>The preliminary programmes of Rijeka 2020 &#8211; European Capital of Culture continue on Friday, 18 October 2019 starting at 18:30, with the presentation of three works of art installed in front of the Memorial Centre \u2018Lipa Remembers\u2019 within the \u201cRecognising the Absence\u201d artistic programme. The works by Diana Sokoli\u0107, Josip Pino Ivan\u010di\u0107 and Bojan Ko\u0161ti\u0107 will be on display at the Lipa Centre until 18 November.<\/p>\n","protected":false},"author":72,"featured_media":22162,"parent":0,"menu_order":0,"template":"","categories":[],"tags":[],"class_list":["post-32869","event","type-event","status-publish","has-post-thumbnail","hentry","type-artistic-interventions-in-public-space","type-exhibitions","flagships-times-of-power"],"acf":[],"yoast_head":"<!-- This site is optimized with the Yoast SEO plugin v26.8 - https:\/\/yoast.com\/product\/yoast-seo-wordpress\/ -->\n<title>Three new works of art at the Memorial Centre Lipa Remembers within the \u201cRecognising the Absence\u201d artistic programme &#8226; Rijeka 2020<\/title>\n<meta name=\"robots\" content=\"index, follow, max-snippet:-1, max-image-preview:large, max-video-preview:-1\" \/>\n<link rel=\"canonical\" href=\"https:\/\/ri2020.eu\/en\/dogadjanja\/three-new-works-of-art-at-the-memorial-centre-lipa-remembers-within-the-recognising-the-absence-artistic-programme\/\" \/>\n<meta property=\"og:locale\" content=\"en_US\" \/>\n<meta property=\"og:type\" content=\"article\" \/>\n<meta property=\"og:title\" content=\"Three new works of art at the Memorial Centre Lipa Remembers within the \u201cRecognising the Absence\u201d artistic programme &#8226; Rijeka 2020\" \/>\n<meta property=\"og:description\" content=\"The preliminary programmes of Rijeka 2020 - European Capital of Culture continue on Friday, 18 October 2019 starting at 18:30, with the presentation of three works of art installed in front of the Memorial Centre \u2018Lipa Remembers\u2019 within the \u201cRecognising the Absence\u201d artistic programme. The works by Diana Sokoli\u0107, Josip Pino Ivan\u010di\u0107 and Bojan Ko\u0161ti\u0107 will be on display at the Lipa Centre until 18 November.\" \/>\n<meta property=\"og:url\" content=\"https:\/\/ri2020.eu\/en\/dogadjanja\/three-new-works-of-art-at-the-memorial-centre-lipa-remembers-within-the-recognising-the-absence-artistic-programme\/\" \/>\n<meta property=\"og:site_name\" content=\"Rijeka 2020\" \/>\n<meta property=\"article:publisher\" content=\"https:\/\/www.facebook.com\/rijeka2020\" \/>\n<meta property=\"og:image\" content=\"https:\/\/ri2020.eu\/wp-content\/uploads\/2018\/04\/Memorijalni-centar-Lipa-pamti.jpg\" \/>\n\t<meta property=\"og:image:width\" content=\"2048\" \/>\n\t<meta property=\"og:image:height\" content=\"1504\" \/>\n\t<meta property=\"og:image:type\" content=\"image\/jpeg\" \/>\n<meta name=\"twitter:card\" content=\"summary_large_image\" \/>\n<meta name=\"twitter:site\" content=\"@Rijeka2020\" \/>\n<script type=\"application\/ld+json\" class=\"yoast-schema-graph\">{\"@context\":\"https:\/\/schema.org\",\"@graph\":[{\"@type\":\"WebPage\",\"@id\":\"https:\/\/ri2020.eu\/en\/dogadjanja\/three-new-works-of-art-at-the-memorial-centre-lipa-remembers-within-the-recognising-the-absence-artistic-programme\/\",\"url\":\"https:\/\/ri2020.eu\/en\/dogadjanja\/three-new-works-of-art-at-the-memorial-centre-lipa-remembers-within-the-recognising-the-absence-artistic-programme\/\",\"name\":\"Three new works of art at the Memorial Centre Lipa Remembers within the \u201cRecognising the Absence\u201d artistic programme &#8226; Rijeka 2020\",\"isPartOf\":{\"@id\":\"https:\/\/ri2020.eu\/en\/#website\"},\"primaryImageOfPage\":{\"@id\":\"https:\/\/ri2020.eu\/en\/dogadjanja\/three-new-works-of-art-at-the-memorial-centre-lipa-remembers-within-the-recognising-the-absence-artistic-programme\/#primaryimage\"},\"image\":{\"@id\":\"https:\/\/ri2020.eu\/en\/dogadjanja\/three-new-works-of-art-at-the-memorial-centre-lipa-remembers-within-the-recognising-the-absence-artistic-programme\/#primaryimage\"},\"thumbnailUrl\":\"https:\/\/ri2020.eu\/wp-content\/uploads\/2018\/04\/Memorijalni-centar-Lipa-pamti.jpg\",\"datePublished\":\"2019-10-17T09:26:47+00:00\",\"breadcrumb\":{\"@id\":\"https:\/\/ri2020.eu\/en\/dogadjanja\/three-new-works-of-art-at-the-memorial-centre-lipa-remembers-within-the-recognising-the-absence-artistic-programme\/#breadcrumb\"},\"inLanguage\":\"en-US\",\"potentialAction\":[{\"@type\":\"ReadAction\",\"target\":[\"https:\/\/ri2020.eu\/en\/dogadjanja\/three-new-works-of-art-at-the-memorial-centre-lipa-remembers-within-the-recognising-the-absence-artistic-programme\/\"]}]},{\"@type\":\"ImageObject\",\"inLanguage\":\"en-US\",\"@id\":\"https:\/\/ri2020.eu\/en\/dogadjanja\/three-new-works-of-art-at-the-memorial-centre-lipa-remembers-within-the-recognising-the-absence-artistic-programme\/#primaryimage\",\"url\":\"https:\/\/ri2020.eu\/wp-content\/uploads\/2018\/04\/Memorijalni-centar-Lipa-pamti.jpg\",\"contentUrl\":\"https:\/\/ri2020.eu\/wp-content\/uploads\/2018\/04\/Memorijalni-centar-Lipa-pamti.jpg\",\"width\":2048,\"height\":1504},{\"@type\":\"BreadcrumbList\",\"@id\":\"https:\/\/ri2020.eu\/en\/dogadjanja\/three-new-works-of-art-at-the-memorial-centre-lipa-remembers-within-the-recognising-the-absence-artistic-programme\/#breadcrumb\",\"itemListElement\":[{\"@type\":\"ListItem\",\"position\":1,\"name\":\"Home\",\"item\":\"https:\/\/ri2020.eu\/en\/\"},{\"@type\":\"ListItem\",\"position\":2,\"name\":\"Events\",\"item\":\"https:\/\/ri2020.eu\/en\/dogadjanja\/\"},{\"@type\":\"ListItem\",\"position\":3,\"name\":\"Three new works of art at the Memorial Centre Lipa Remembers within the \u201cRecognising the Absence\u201d artistic programme\"}]},{\"@type\":\"WebSite\",\"@id\":\"https:\/\/ri2020.eu\/en\/#website\",\"url\":\"https:\/\/ri2020.eu\/en\/\",\"name\":\"Rijeka 2020\",\"description\":\"Europska prijestolnica kulture\",\"publisher\":{\"@id\":\"https:\/\/ri2020.eu\/en\/#organization\"},\"potentialAction\":[{\"@type\":\"SearchAction\",\"target\":{\"@type\":\"EntryPoint\",\"urlTemplate\":\"https:\/\/ri2020.eu\/en\/?s={search_term_string}\"},\"query-input\":{\"@type\":\"PropertyValueSpecification\",\"valueRequired\":true,\"valueName\":\"search_term_string\"}}],\"inLanguage\":\"en-US\"},{\"@type\":\"Organization\",\"@id\":\"https:\/\/ri2020.eu\/en\/#organization\",\"name\":\"Rijeka 2020 d.o.o.\",\"url\":\"https:\/\/ri2020.eu\/en\/\",\"logo\":{\"@type\":\"ImageObject\",\"inLanguage\":\"en-US\",\"@id\":\"https:\/\/ri2020.eu\/en\/#\/schema\/logo\/image\/\",\"url\":\"https:\/\/rijeka2020.eu\/wp-content\/uploads\/2018\/07\/Ri2020-logo.png\",\"contentUrl\":\"https:\/\/rijeka2020.eu\/wp-content\/uploads\/2018\/07\/Ri2020-logo.png\",\"width\":407,\"height\":175,\"caption\":\"Rijeka 2020 d.o.o.\"},\"image\":{\"@id\":\"https:\/\/ri2020.eu\/en\/#\/schema\/logo\/image\/\"},\"sameAs\":[\"https:\/\/www.facebook.com\/rijeka2020\",\"https:\/\/x.com\/Rijeka2020\",\"https:\/\/www.instagram.com\/rijeka2020\/\",\"https:\/\/www.youtube.com\/user\/riepk2020\"]}]}<\/script>\n<!-- \/ Yoast SEO plugin. -->","yoast_head_json":{"title":"Three new works of art at the Memorial Centre Lipa Remembers within the \u201cRecognising the Absence\u201d artistic programme &#8226; Rijeka 2020","robots":{"index":"index","follow":"follow","max-snippet":"max-snippet:-1","max-image-preview":"max-image-preview:large","max-video-preview":"max-video-preview:-1"},"canonical":"https:\/\/ri2020.eu\/en\/dogadjanja\/three-new-works-of-art-at-the-memorial-centre-lipa-remembers-within-the-recognising-the-absence-artistic-programme\/","og_locale":"en_US","og_type":"article","og_title":"Three new works of art at the Memorial Centre Lipa Remembers within the \u201cRecognising the Absence\u201d artistic programme &#8226; Rijeka 2020","og_description":"The preliminary programmes of Rijeka 2020 - European Capital of Culture continue on Friday, 18 October 2019 starting at 18:30, with the presentation of three works of art installed in front of the Memorial Centre \u2018Lipa Remembers\u2019 within the \u201cRecognising the Absence\u201d artistic programme. The works by Diana Sokoli\u0107, Josip Pino Ivan\u010di\u0107 and Bojan Ko\u0161ti\u0107 will be on display at the Lipa Centre until 18 November.","og_url":"https:\/\/ri2020.eu\/en\/dogadjanja\/three-new-works-of-art-at-the-memorial-centre-lipa-remembers-within-the-recognising-the-absence-artistic-programme\/","og_site_name":"Rijeka 2020","article_publisher":"https:\/\/www.facebook.com\/rijeka2020","og_image":[{"width":2048,"height":1504,"url":"https:\/\/ri2020.eu\/wp-content\/uploads\/2018\/04\/Memorijalni-centar-Lipa-pamti.jpg","type":"image\/jpeg"}],"twitter_card":"summary_large_image","twitter_site":"@Rijeka2020","schema":{"@context":"https:\/\/schema.org","@graph":[{"@type":"WebPage","@id":"https:\/\/ri2020.eu\/en\/dogadjanja\/three-new-works-of-art-at-the-memorial-centre-lipa-remembers-within-the-recognising-the-absence-artistic-programme\/","url":"https:\/\/ri2020.eu\/en\/dogadjanja\/three-new-works-of-art-at-the-memorial-centre-lipa-remembers-within-the-recognising-the-absence-artistic-programme\/","name":"Three new works of art at the Memorial Centre Lipa Remembers within the \u201cRecognising the Absence\u201d artistic programme &#8226; Rijeka 2020","isPartOf":{"@id":"https:\/\/ri2020.eu\/en\/#website"},"primaryImageOfPage":{"@id":"https:\/\/ri2020.eu\/en\/dogadjanja\/three-new-works-of-art-at-the-memorial-centre-lipa-remembers-within-the-recognising-the-absence-artistic-programme\/#primaryimage"},"image":{"@id":"https:\/\/ri2020.eu\/en\/dogadjanja\/three-new-works-of-art-at-the-memorial-centre-lipa-remembers-within-the-recognising-the-absence-artistic-programme\/#primaryimage"},"thumbnailUrl":"https:\/\/ri2020.eu\/wp-content\/uploads\/2018\/04\/Memorijalni-centar-Lipa-pamti.jpg","datePublished":"2019-10-17T09:26:47+00:00","breadcrumb":{"@id":"https:\/\/ri2020.eu\/en\/dogadjanja\/three-new-works-of-art-at-the-memorial-centre-lipa-remembers-within-the-recognising-the-absence-artistic-programme\/#breadcrumb"},"inLanguage":"en-US","potentialAction":[{"@type":"ReadAction","target":["https:\/\/ri2020.eu\/en\/dogadjanja\/three-new-works-of-art-at-the-memorial-centre-lipa-remembers-within-the-recognising-the-absence-artistic-programme\/"]}]},{"@type":"ImageObject","inLanguage":"en-US","@id":"https:\/\/ri2020.eu\/en\/dogadjanja\/three-new-works-of-art-at-the-memorial-centre-lipa-remembers-within-the-recognising-the-absence-artistic-programme\/#primaryimage","url":"https:\/\/ri2020.eu\/wp-content\/uploads\/2018\/04\/Memorijalni-centar-Lipa-pamti.jpg","contentUrl":"https:\/\/ri2020.eu\/wp-content\/uploads\/2018\/04\/Memorijalni-centar-Lipa-pamti.jpg","width":2048,"height":1504},{"@type":"BreadcrumbList","@id":"https:\/\/ri2020.eu\/en\/dogadjanja\/three-new-works-of-art-at-the-memorial-centre-lipa-remembers-within-the-recognising-the-absence-artistic-programme\/#breadcrumb","itemListElement":[{"@type":"ListItem","position":1,"name":"Home","item":"https:\/\/ri2020.eu\/en\/"},{"@type":"ListItem","position":2,"name":"Events","item":"https:\/\/ri2020.eu\/en\/dogadjanja\/"},{"@type":"ListItem","position":3,"name":"Three new works of art at the Memorial Centre Lipa Remembers within the \u201cRecognising the Absence\u201d artistic programme"}]},{"@type":"WebSite","@id":"https:\/\/ri2020.eu\/en\/#website","url":"https:\/\/ri2020.eu\/en\/","name":"Rijeka 2020","description":"Europska prijestolnica kulture","publisher":{"@id":"https:\/\/ri2020.eu\/en\/#organization"},"potentialAction":[{"@type":"SearchAction","target":{"@type":"EntryPoint","urlTemplate":"https:\/\/ri2020.eu\/en\/?s={search_term_string}"},"query-input":{"@type":"PropertyValueSpecification","valueRequired":true,"valueName":"search_term_string"}}],"inLanguage":"en-US"},{"@type":"Organization","@id":"https:\/\/ri2020.eu\/en\/#organization","name":"Rijeka 2020 d.o.o.","url":"https:\/\/ri2020.eu\/en\/","logo":{"@type":"ImageObject","inLanguage":"en-US","@id":"https:\/\/ri2020.eu\/en\/#\/schema\/logo\/image\/","url":"https:\/\/rijeka2020.eu\/wp-content\/uploads\/2018\/07\/Ri2020-logo.png","contentUrl":"https:\/\/rijeka2020.eu\/wp-content\/uploads\/2018\/07\/Ri2020-logo.png","width":407,"height":175,"caption":"Rijeka 2020 d.o.o."},"image":{"@id":"https:\/\/ri2020.eu\/en\/#\/schema\/logo\/image\/"},"sameAs":["https:\/\/www.facebook.com\/rijeka2020","https:\/\/x.com\/Rijeka2020","https:\/\/www.instagram.com\/rijeka2020\/","https:\/\/www.youtube.com\/user\/riepk2020"]}]}},"_links":{"self":[{"href":"https:\/\/ri2020.eu\/en\/wp-json\/wp\/v2\/events\/32869","targetHints":{"allow":["GET"]}}],"collection":[{"href":"https:\/\/ri2020.eu\/en\/wp-json\/wp\/v2\/events"}],"about":[{"href":"https:\/\/ri2020.eu\/en\/wp-json\/wp\/v2\/types\/event"}],"author":[{"embeddable":true,"href":"https:\/\/ri2020.eu\/en\/wp-json\/wp\/v2\/users\/72"}],"wp:featuredmedia":[{"embeddable":true,"href":"https:\/\/ri2020.eu\/en\/wp-json\/wp\/v2\/media\/22162"}],"wp:attachment":[{"href":"https:\/\/ri2020.eu\/en\/wp-json\/wp\/v2\/media?parent=32869"}],"wp:term":[{"taxonomy":"category","embeddable":true,"href":"https:\/\/ri2020.eu\/en\/wp-json\/wp\/v2\/categories?post=32869"},{"taxonomy":"post_tag","embeddable":true,"href":"https:\/\/ri2020.eu\/en\/wp-json\/wp\/v2\/tags?post=32869"}],"curies":[{"name":"wp","href":"https:\/\/api.w.org\/{rel}","templated":true}]}}

<p>The preliminary programmes of Rijeka 2020 &#8211; European Capital of Culture continue on Friday, 18 October 2019 starting at 18:30, with the presentation of three works of art installed in front of the Memorial Centre ‘Lipa Remembers’ within the “Recognising the Absence” artistic programme. The works by Diana Sokolić, Josip Pino Ivančić and Bojan Koštić will be on display at the Lipa Centre until 18 November.</p>

<!-- This site is optimized with the Yoast SEO plugin v26.8 - https://yoast.com/product/yoast-seo-wordpress/ -->
<title>Three new works of art at the Memorial Centre Lipa Remembers within the “Recognising the Absence” artistic programme &#8226; Rijeka 2020</title>
<meta name="robots" content="index, follow, max-snippet:-1, max-image-preview:large, max-video-preview:-1" />
<link rel="canonical" href="https://ri2020.eu/en/dogadjanja/three-new-works-of-art-at-the-memorial-centre-lipa-remembers-within-the-recognising-the-absence-artistic-programme/" />
<meta property="og:locale" content="en_US" />
<meta property="og:type" content="article" />
<meta property="og:title" content="Three new works of art at the Memorial Centre Lipa Remembers within the “Recognising the Absence” artistic programme &#8226; Rijeka 2020" />
<meta property="og:description" content="The preliminary programmes of Rijeka 2020 - European Capital of Culture continue on Friday, 18 October 2019 starting at 18:30, with the presentation of three works of art installed in front of the Memorial Centre ‘Lipa Remembers’ within the “Recognising the Absence” artistic programme. The works by Diana Sokolić, Josip Pino Ivančić and Bojan Koštić will be on display at the Lipa Centre until 18 November." />
<meta property="og:url" content="https://ri2020.eu/en/dogadjanja/three-new-works-of-art-at-the-memorial-centre-lipa-remembers-within-the-recognising-the-absence-artistic-programme/" />
<meta property="og:site_name" content="Rijeka 2020" />
<meta property="article:publisher" content="https://www.facebook.com/rijeka2020" />
<meta property="og:image" content="https://ri2020.eu/wp-content/uploads/2018/04/Memorijalni-centar-Lipa-pamti.jpg" />
	<meta property="og:image:width" content="2048" />
	<meta property="og:image:height" content="1504" />
	<meta property="og:image:type" content="image/jpeg" />
<meta name="twitter:card" content="summary_large_image" />
<meta name="twitter:site" content="@Rijeka2020" />
<script type="application/ld+json" class="yoast-schema-graph">{"@context":"https://schema.org","@graph":[{"@type":"WebPage","@id":"https://ri2020.eu/en/dogadjanja/three-new-works-of-art-at-the-memorial-centre-lipa-remembers-within-the-recognising-the-absence-artistic-programme/","url":"https://ri2020.eu/en/dogadjanja/three-new-works-of-art-at-the-memorial-centre-lipa-remembers-within-the-recognising-the-absence-artistic-programme/","name":"Three new works of art at the Memorial Centre Lipa Remembers within the “Recognising the Absence” artistic programme &#8226; Rijeka 2020","isPartOf":{"@id":"https://ri2020.eu/en/#website"},"primaryImageOfPage":{"@id":"https://ri2020.eu/en/dogadjanja/three-new-works-of-art-at-the-memorial-centre-lipa-remembers-within-the-recognising-the-absence-artistic-programme/#primaryimage"},"image":{"@id":"https://ri2020.eu/en/dogadjanja/three-new-works-of-art-at-the-memorial-centre-lipa-remembers-within-the-recognising-the-absence-artistic-programme/#primaryimage"},"thumbnailUrl":"https://ri2020.eu/wp-content/uploads/2018/04/Memorijalni-centar-Lipa-pamti.jpg","datePublished":"2019-10-17T09:26:47+00:00","breadcrumb":{"@id":"https://ri2020.eu/en/dogadjanja/three-new-works-of-art-at-the-memorial-centre-lipa-remembers-within-the-recognising-the-absence-artistic-programme/#breadcrumb"},"inLanguage":"en-US","potentialAction":[{"@type":"ReadAction","target":["https://ri2020.eu/en/dogadjanja/three-new-works-of-art-at-the-memorial-centre-lipa-remembers-within-the-recognising-the-absence-artistic-programme/"]}]},{"@type":"ImageObject","inLanguage":"en-US","@id":"https://ri2020.eu/en/dogadjanja/three-new-works-of-art-at-the-memorial-centre-lipa-remembers-within-the-recognising-the-absence-artistic-programme/#primaryimage","url":"https://ri2020.eu/wp-content/uploads/2018/04/Memorijalni-centar-Lipa-pamti.jpg","contentUrl":"https://ri2020.eu/wp-content/uploads/2018/04/Memorijalni-centar-Lipa-pamti.jpg","width":2048,"height":1504},{"@type":"BreadcrumbList","@id":"https://ri2020.eu/en/dogadjanja/three-new-works-of-art-at-the-memorial-centre-lipa-remembers-within-the-recognising-the-absence-artistic-programme/#breadcrumb","itemListElement":[{"@type":"ListItem","position":1,"name":"Home","item":"https://ri2020.eu/en/"},{"@type":"ListItem","position":2,"name":"Events","item":"https://ri2020.eu/en/dogadjanja/"},{"@type":"ListItem","position":3,"name":"Three new works of art at the Memorial Centre Lipa Remembers within the “Recognising the Absence” artistic programme"}]},{"@type":"WebSite","@id":"https://ri2020.eu/en/#website","url":"https://ri2020.eu/en/","name":"Rijeka 2020","description":"Europska prijestolnica kulture","publisher":{"@id":"https://ri2020.eu/en/#organization"},"potentialAction":[{"@type":"SearchAction","target":{"@type":"EntryPoint","urlTemplate":"https://ri2020.eu/en/?s={search_term_string}"},"query-input":{"@type":"PropertyValueSpecification","valueRequired":true,"valueName":"search_term_string"}}],"inLanguage":"en-US"},{"@type":"Organization","@id":"https://ri2020.eu/en/#organization","name":"Rijeka 2020 d.o.o.","url":"https://ri2020.eu/en/","logo":{"@type":"ImageObject","inLanguage":"en-US","@id":"https://ri2020.eu/en/#/schema/logo/image/","url":"https://rijeka2020.eu/wp-content/uploads/2018/07/Ri2020-logo.png","contentUrl":"https://rijeka2020.eu/wp-content/uploads/2018/07/Ri2020-logo.png","width":407,"height":175,"caption":"Rijeka 2020 d.o.o."},"image":{"@id":"https://ri2020.eu/en/#/schema/logo/image/"},"sameAs":["https://www.facebook.com/rijeka2020","https://x.com/Rijeka2020","https://www.instagram.com/rijeka2020/","https://www.youtube.com/user/riepk2020"]}]}</script>
<!-- / Yoast SEO plugin. -->

The preliminary programmes of Rijeka 2020 - European Capital of Culture continue on Friday, 18 October 2019 starting at 18:30, with the presentation of three works of art installed in front of the Memorial Centre ‘Lipa Remembers’ within the “Recognising the Absence” artistic programme. The works by Diana Sokolić, Josip Pino Ivančić and Bojan Koštić will be on display at the Lipa Centre until 18 November.
