{"version":"1.0","provider_name":"Rijeka 2020","provider_url":"https:\/\/ri2020.eu\/en\/","title":"Public discussions on the candidacy concept proposal &#8226; Rijeka 2020","type":"rich","width":600,"height":338,"html":"<blockquote class=\"wp-embedded-content\" data-secret=\"UowMRB6ToW\"><a href=\"https:\/\/ri2020.eu\/en\/public-discussions-on-the-candidacy-concept-proposal\/\">Public discussions on the candidacy concept proposal<\/a><\/blockquote><iframe sandbox=\"allow-scripts\" security=\"restricted\" src=\"https:\/\/ri2020.eu\/en\/public-discussions-on-the-candidacy-concept-proposal\/embed\/#?secret=UowMRB6ToW\" width=\"600\" height=\"338\" title=\"&#8220;Public discussions on the candidacy concept proposal&#8221; &#8212; Rijeka 2020\" data-secret=\"UowMRB6ToW\" frameborder=\"0\" marginwidth=\"0\" marginheight=\"0\" scrolling=\"no\" class=\"wp-embedded-content\"><\/iframe><script type=\"text\/javascript\">\n\/* <![CDATA[ *\/\n\/*! This file is auto-generated *\/\n!function(d,l){\"use strict\";l.querySelector&&d.addEventListener&&\"undefined\"!=typeof URL&&(d.wp=d.wp||{},d.wp.receiveEmbedMessage||(d.wp.receiveEmbedMessage=function(e){var t=e.data;if((t||t.secret||t.message||t.value)&&!\/[^a-zA-Z0-9]\/.test(t.secret)){for(var s,r,n,a=l.querySelectorAll('iframe[data-secret=\"'+t.secret+'\"]'),o=l.querySelectorAll('blockquote[data-secret=\"'+t.secret+'\"]'),c=new RegExp(\"^https?:$\",\"i\"),i=0;i<o.length;i++)o[i].style.display=\"none\";for(i=0;i<a.length;i++)s=a[i],e.source===s.contentWindow&&(s.removeAttribute(\"style\"),\"height\"===t.message?(1e3<(r=parseInt(t.value,10))?r=1e3:~~r<200&&(r=200),s.height=r):\"link\"===t.message&&(r=new URL(s.getAttribute(\"src\")),n=new URL(t.value),c.test(n.protocol))&&n.host===r.host&&l.activeElement===s&&(d.top.location.href=t.value))}},d.addEventListener(\"message\",d.wp.receiveEmbedMessage,!1),l.addEventListener(\"DOMContentLoaded\",function(){for(var e,t,s=l.querySelectorAll(\"iframe.wp-embedded-content\"),r=0;r<s.length;r++)(t=(e=s[r]).getAttribute(\"data-secret\"))||(t=Math.random().toString(36).substring(2,12),e.src+=\"#?secret=\"+t,e.setAttribute(\"data-secret\",t)),e.contentWindow.postMessage({message:\"ready\",secret:t},\"*\")},!1)))}(window,document);\n\/* ]]> *\/\n<\/script>\n","thumbnail_url":"https:\/\/rijeka2020.eu\/wp-content\/uploads\/2014\/07\/javna-rasprava-2.jpg","thumbnail_width":600,"thumbnail_height":400,"description":"On 13 June 2014, members of the concept council (Idis Turato, Marin Bla\u017eevi\u0107, Mani Gotovac, and Slaven Tolj), Mayor Vojko Obersnel, and head of the Department of Culture Ivan \u0160arar presented the proposal of the concept of the City of Rijeka\u2019s candidacy for the European Capital of Culture 2020 on the Marina ship. After the"}

On 13 June 2014, members of the concept council (Idis Turato, Marin Blažević, Mani Gotovac, and Slaven Tolj), Mayor Vojko Obersnel, and head of the Department of Culture Ivan Šarar presented the proposal of the concept of the City of Rijeka’s candidacy for the European Capital of Culture 2020 on the Marina ship. After the
