{"version":"1.0","provider_name":"Rijeka 2020","provider_url":"https:\/\/ri2020.eu\/en\/","title":"Exhibition \u201cCultural Memory of the Spanish Civil War\u201d &#8226; Rijeka 2020","type":"rich","width":600,"height":338,"html":"<blockquote class=\"wp-embedded-content\" data-secret=\"WCHpyelpjW\"><a href=\"https:\/\/ri2020.eu\/en\/dogadjanja\/exhibition-cultural-memory-of-the-spanish-civil-war\/\">Exhibition \u201cCultural Memory of the Spanish Civil War\u201d<\/a><\/blockquote><iframe sandbox=\"allow-scripts\" security=\"restricted\" src=\"https:\/\/ri2020.eu\/en\/dogadjanja\/exhibition-cultural-memory-of-the-spanish-civil-war\/embed\/#?secret=WCHpyelpjW\" width=\"600\" height=\"338\" title=\"&#8220;Exhibition \u201cCultural Memory of the Spanish Civil War\u201d&#8221; &#8212; Rijeka 2020\" data-secret=\"WCHpyelpjW\" frameborder=\"0\" marginwidth=\"0\" marginheight=\"0\" scrolling=\"no\" class=\"wp-embedded-content\"><\/iframe><script type=\"text\/javascript\">\n\/* <![CDATA[ *\/\n\/*! This file is auto-generated *\/\n!function(d,l){\"use strict\";l.querySelector&&d.addEventListener&&\"undefined\"!=typeof URL&&(d.wp=d.wp||{},d.wp.receiveEmbedMessage||(d.wp.receiveEmbedMessage=function(e){var t=e.data;if((t||t.secret||t.message||t.value)&&!\/[^a-zA-Z0-9]\/.test(t.secret)){for(var s,r,n,a=l.querySelectorAll('iframe[data-secret=\"'+t.secret+'\"]'),o=l.querySelectorAll('blockquote[data-secret=\"'+t.secret+'\"]'),c=new RegExp(\"^https?:$\",\"i\"),i=0;i<o.length;i++)o[i].style.display=\"none\";for(i=0;i<a.length;i++)s=a[i],e.source===s.contentWindow&&(s.removeAttribute(\"style\"),\"height\"===t.message?(1e3<(r=parseInt(t.value,10))?r=1e3:~~r<200&&(r=200),s.height=r):\"link\"===t.message&&(r=new URL(s.getAttribute(\"src\")),n=new URL(t.value),c.test(n.protocol))&&n.host===r.host&&l.activeElement===s&&(d.top.location.href=t.value))}},d.addEventListener(\"message\",d.wp.receiveEmbedMessage,!1),l.addEventListener(\"DOMContentLoaded\",function(){for(var e,t,s=l.querySelectorAll(\"iframe.wp-embedded-content\"),r=0;r<s.length;r++)(t=(e=s[r]).getAttribute(\"data-secret\"))||(t=Math.random().toString(36).substring(2,12),e.src+=\"#?secret=\"+t,e.setAttribute(\"data-secret\",t)),e.contentWindow.postMessage({message:\"ready\",secret:t},\"*\")},!1)))}(window,document);\n\/* ]]> *\/\n<\/script>\n","thumbnail_url":"https:\/\/rijeka2020.eu\/wp-content\/uploads\/2020\/01\/Izlo\u017eba-Kultura-sje\u0107anja-i-\u0160panjolski-gra\u0111anski-rat_5.jpg","thumbnail_width":2048,"thumbnail_height":1365,"description":"The ten double-sided external pop-up exhibition stands, set up along the walkway leading up to the STEP RI (Science and Technology Park Rijeka), tell the story of the Spanish Civil War, which lasted from 1936 to 1939, explain the role of volunteer soldiers from Rijeka, Primorje-Gorski Kotar County, and ultimately from all of Croatia, as well as the role of cultural workers, authors, artists and a variety of activists in this storm of war."}

https://rijeka2020.eu/wp-content/uploads/2020/01/Izložba-Kultura-sjećanja-i-Španjolski-građanski-rat_5.jpg
